000
CXUS54 KHGX 072354
CF6BYY
PRELIMINARY LOCAL CLIMATOLOGICAL DATA (WS FORM: F-6)
STATION: Bay City
MONTH: JULY
YEAR: 2021
LATITUDE: 28 58 N
LONGITUDE: 95 52 W
TEMPERATURE IN F: :PCPN: SNOW: WIND :SUNSHINE: SKY :PK WND
================================================================================
1 2 3 4 5 6A 6B 7 8 9 10 11 12 13 14 15 16 17 18
12Z AVG MX 2MIN
DY MAX MIN AVG DEP HDD CDD WTR SNW DPTH SPD SPD DIR MIN PSBL S-S WX SPD DR
================================================================================
1 89 73 81 M 0 16 M 0.0 M 3.5 10 150 M M 3 1 M M
2 91 73 82 M 0 17 M 0.0 M 2.6 8 180 M M 3 M M
3 90 75 83 M 0 18 M 0.0 M 3.6 12 180 M M 2 M M
4 88 75 82 M 0 17 M 0.0 M 3.0 15 180 M M 2 1 21 180
5 85 74 80 M 0 15 0.25 0.0 0 3.5 9 150 M M 3 1 M M
6 80 73 77 M 0 12 1.61 0.0 M 5.3 15 120 M M 6 M M
7 81 73 77 M 0 12 1.81 0.0 M 8.7 14 140 M M 8 23 110
8 79 73 76 M 0 11 1.00 0.0 0 8.6 15 120 M M 9 1 21 120
9 80 75 78 M 0 13 0.60 0.0 0 7.4 12 100 M M 7 22 130
10 M M M M M M M M M M M M M M M M M
11 M M M M M M M M M M M M M M M M M
12 M M M M M M 0.00 0.0 0 M M M M M M M M
13 88 75 82 M 0 17 0.00 0.0 0 5.6 18 170 M M 3 27 170
14 89 75 82 M 0 17 0.03 0.0 0 4.7 12 140 M M 3 17 140
15 89 75 82 M 0 17 0.03 0.0 0 6.8 15 170 M M 4 18 180
16 89 77 83 M 0 18 0.00 0.0 0 7.6 14 190 M M 3 18 190
17 90 76 83 M 0 18 0.00 0.0 0 5.7 10 180 M M 2 M M
18 91 75 83 M 0 18 0.00 0.0 0 4.9 12 170 M M 2 1 17 140
19 91 77 84 M 0 19 0.35 0.0 0 3.5 8 210 M M 4 12 M M
20 87 74 81 M 0 16 0.81 0.0 0 3.3 10 180 M M 6 22 0
21 87 73 80 M 0 15 0.49 0.0 0 3.1 9 20 M M 2 22 20
22 88 75 82 M 0 17 0.04 0.0 0 4.3 16 190 M M 2 22 190
23 91 76 84 M 0 19 0.00 0.0 0 7.0 16 190 M M 3 18 180
24 91 76 84 M 0 19 0.00 0.0 0 6.2 12 220 M M 2 M M
25 92 73 83 M 0 18 0.00 0.0 0 2.4 10 180 M M 2 1 M M
26 93 73 83 M 0 18 0.00 0.0 0 1.8 7 170 M M 1 1 M M
27 90 75 83 M 0 18 0.00 0.0 0 1.8 8 170 M M 1 M M
28 91 74 83 M 0 18 0.24 0.0 0 4.0 14 150 M M 2 M M
29 90 75 83 M 0 18 0.00 0.0 0 3.5 10 150 M M 2 1 M M
30 91 76 84 M 0 19 0.00 0.0 0 4.0 12 180 M M 2 16 180
31 88 77 83 M 0 18 0.45 0.0 0 3.4 13 250 M M 2 20 160
================================================================================
SM 2469 2091 0 468 7.71 0.0 129.8 M 91
================================================================================
AV 88.2 74.7 4.6 FASTST M M 3 MAX(MPH)
MISC ----> 18 170 27 170
================================================================================
NOTES:
# LAST OF SEVERAL OCCURRENCES
COLUMN 17 PEAK WIND IN M.P.H.
PRELIMINARY LOCAL CLIMATOLOGICAL DATA (WS FORM: F-6) , PAGE 2
STATION: Bay City
MONTH: JULY
YEAR: 2021
LATITUDE: 28 58 N
LONGITUDE: 95 52 W
[TEMPERATURE DATA] [PRECIPITATION DATA] SYMBOLS USED IN COLUMN 16
AVERAGE MONTHLY: 81.4 TOTAL FOR MONTH: 7.71 1 = FOG OR MIST
DPTR FM NORMAL: 0.0 DPTR FM NORMAL: M 2 = FOG REDUCING VISIBILITY
HIGHEST: 93 ON 26 GRTST 24HR 1.81 ON 7- 7 TO 1/4 MILE OR LESS
LOWEST: 73 ON 26,25 3 = THUNDER
SNOW, ICE PELLETS, HAIL 4 = ICE PELLETS
TOTAL MONTH: 0.0 INCH 5 = HAIL
GRTST 24HR 0.0 6 = FREEZING RAIN OR DRIZZLE
GRTST DEPTH: 0 7 = DUSTSTORM OR SANDSTORM:
VSBY 1/2 MILE OR LESS
8 = SMOKE OR HAZE
[NO. OF DAYS WITH] [WEATHER - DAYS WITH] 9 = BLOWING SNOW
X = TORNADO
MAX 32 OR BELOW: 0 0.01 INCH OR MORE: 13
MAX 90 OR ABOVE: 13 0.10 INCH OR MORE: 10
MIN 32 OR BELOW: 0 0.50 INCH OR MORE: 5
MIN 0 OR BELOW: 0 1.00 INCH OR MORE: 2
[HDD (BASE 65) ]
TOTAL THIS MO. 0 CLEAR (SCALE 0-3) 19
DPTR FM NORMAL M PTCLDY (SCALE 4-7) 8
TOTAL FM JUL 1 0 CLOUDY (SCALE 8-10) 4
DPTR FM NORMAL M
[CDD (BASE 65) ]
TOTAL THIS MO. 468
DPTR FM NORMAL M [PRESSURE DATA]
TOTAL FM JAN 1 1081 HIGHEST SLP M ON M
DPTR FM NORMAL M LOWEST SLP M ON M
[REMARKS]
#FINAL-07-21#