000
CXUS54 KHGX 011410
CF6BYY
PRELIMINARY LOCAL CLIMATOLOGICAL DATA (WS FORM: F-6)
STATION: Bay City
MONTH: OCTOBER
YEAR: 2023
LATITUDE: 28 58 N
LONGITUDE: 95 52 W
TEMPERATURE IN F: :PCPN: SNOW: WIND :SUNSHINE: SKY :PK WND
================================================================================
1 2 3 4 5 6A 6B 7 8 9 10 11 12 13 14 15 16 17 18
12Z AVG MX 2MIN
DY MAX MIN AVG DEP HDD CDD WTR SNW DPTH SPD SPD DIR MIN PSBL S-S WX SPD DR
================================================================================
1 89 70 80 M 0 15 0.00 0.0 0 8.2 17 110 M M 1 23 110
2 89 68 79 M 0 14 0.00 0.0 0 9.0 18 110 M M 1 25 110
3 86 70 78 M 0 13 0.59 0.0 0 7.2 13 130 M M 8 16 120
4 80 71 76 M 0 11 0.60 0.0 0 7.5 20 140 M M 8 30 140
5 77 68 73 M 0 8 0.84 0.0 0 5.5 10 350 M M 5 1 29 20
6 83 64 74 M 0 9 0.00 0.0 0 7.8 16 50 M M 0 25 50
7 75 62 69 M 0 4 0.00 0.0 0 9.1 16 20 M M 0 24 40
8 74 51 63 M 2 0 0.00 0.0 0 4.1 10 70 M M 0 M M
9 81 53 67 M 0 2 M 0.0 0 2.6 8 170 M M 0 10 180
10 76 63 70 M 0 5 0.05 0.0 0 2.7 6 360 M M 4 M M
11 71 60 66 M 0 1 0.66 0.0 0 6.9 16 90 M M 6 20 90
12 82 58 70 M 0 5 M 0.0 0 7.1 12 120 M M 2 18 120
13 89 65 77 M 0 12 M 0.0 0 4.4 10 130 M M 5 1 M M
14 74 56 65 M 0 0 M 0.0 0 10.0 16 10 M M 2 22 20
15 71 49 60 M 5 0 0.00 0.0 0 9.1 18 360 M M 0 25 360
16 68 45 57 M 8 0 0.00 0.0 0 6.6 14 10 M M 0 21 10
17 76 41 59 M 6 0 0.00 0.0 0 3.3 9 180 M M 0 M M
18 80 47 64 M 1 0 0.00 0.0 0 4.6 13 190 M M 2 21 190
19 85 55 70 M 0 5 0.00 0.0 0 3.5 12 250 M M 1 1 M M
20 92 56 74 M 0 9 M 0.0 0 2.6 8 260 M M 3 12 M M
21 89 57 73 M 0 8 M 0.0 0 3.4 10 180 M M 3 12 M M
22 84 63 74 M 0 9 0.04 0.0 0 7.6 14 160 M M 6 1 18 150
23 85 67 76 M 0 11 M 0.0 0 9.3 18 140 M M 4 23 150
24 85 70 78 M 0 13 M 0.0 0 12.4 23 150 M M 5 29 150
25 87 72 80 M 0 15 M 0.0 0 10.8 18 150 M M 6 24 150
26 84 73 79 M 0 14 0.00 0.0 0 10.0 18 180 M M 7 8 25 170
27 83 73 78 M 0 13 0.00 0.0 0 6.8 10 170 M M 3 M M
28 84 71 78 M 0 13 0.00 0.0 0 7.7 14 150 M M 5 1 18 140
29 88 52 70 M 0 5 0.00 0.0 0 8.9 24 360 M M 6 31 360
30 51 43 47 M 18 0 0.01 M M 16.1 24 10 M M 10 37 10
31 57 40 49 M 16 0 M 0.0 0 11.3 17 10 M M 7 24 10
================================================================================
SM 2475 1853 56 214 2.79 0.0 226.1 M 110
================================================================================
AV 79.8 59.8 7.3 FASTST M M 4 MAX(MPH)
MISC ----> # 24 360 37 10
================================================================================
NOTES:
# LAST OF SEVERAL OCCURRENCES
COLUMN 17 PEAK WIND IN M.P.H.
PRELIMINARY LOCAL CLIMATOLOGICAL DATA (WS FORM: F-6) , PAGE 2
STATION: Bay City
MONTH: OCTOBER
YEAR: 2023
LATITUDE: 28 58 N
LONGITUDE: 95 52 W
[TEMPERATURE DATA] [PRECIPITATION DATA] SYMBOLS USED IN COLUMN 16
AVERAGE MONTHLY: 69.8 TOTAL FOR MONTH: 2.79 1 = FOG OR MIST
DPTR FM NORMAL: 0.0 DPTR FM NORMAL: M 2 = FOG REDUCING VISIBILITY
HIGHEST: 92 ON 20 GRTST 24HR 0.84 ON 5- 5 TO 1/4 MILE OR LESS
LOWEST: 40 ON 31 3 = THUNDER
SNOW, ICE PELLETS, HAIL 4 = ICE PELLETS
TOTAL MONTH: 0.0 INCH 5 = HAIL
GRTST 24HR 0.0 6 = FREEZING RAIN OR DRIZZLE
GRTST DEPTH: 0 7 = DUSTSTORM OR SANDSTORM:
VSBY 1/2 MILE OR LESS
8 = SMOKE OR HAZE
[NO. OF DAYS WITH] [WEATHER - DAYS WITH] 9 = BLOWING SNOW
X = TORNADO
MAX 32 OR BELOW: 0 0.01 INCH OR MORE: 7
MAX 90 OR ABOVE: 1 0.10 INCH OR MORE: 4
MIN 32 OR BELOW: 0 0.50 INCH OR MORE: 4
MIN 0 OR BELOW: 0 1.00 INCH OR MORE: 0
[HDD (BASE 65) ]
TOTAL THIS MO. 56 CLEAR (SCALE 0-3) 15
DPTR FM NORMAL M PTCLDY (SCALE 4-7) 14
TOTAL FM JUL 1 56 CLOUDY (SCALE 8-10) 2
DPTR FM NORMAL M
[CDD (BASE 65) ]
TOTAL THIS MO. 214
DPTR FM NORMAL M [PRESSURE DATA]
TOTAL FM JAN 1 3563 HIGHEST SLP M ON M
DPTR FM NORMAL M LOWEST SLP M ON M
[REMARKS]
#FINAL-10-23#