000
CXUS52 KCAE 011400
CF6CAE
PRELIMINARY LOCAL CLIMATOLOGICAL DATA (WS FORM: F-6)
STATION: COLUMBIA METRO AIRPORT SC
MONTH: OCTOBER
YEAR: 2023
LATITUDE: 33 57 N
LONGITUDE: 81 7 W
TEMPERATURE IN F: :PCPN: SNOW: WIND :SUNSHINE: SKY :PK WND
================================================================================
1 2 3 4 5 6A 6B 7 8 9 10 11 12 13 14 15 16 17 18
12Z AVG MX 2MIN
DY MAX MIN AVG DEP HDD CDD WTR SNW DPTH SPD SPD DIR MIN PSBL S-S WX SPD DR
================================================================================
1 83 62 73 2 0 8 0.00 0.0 0 5.1 15 80 M M 2 18 80
2 85 56 71 1 0 6 0.00 0.0 0 2.0 13 70 M M 2 18 70
3 86 55 71 1 0 6 0.00 0.0 0 3.5 14 70 M M 0 18 19 20
4 84 58 71 2 0 6 0.00 0.0 0 2.6 14 110 M M 1 1 19 120
5 84 54 69 0 0 4 0.00 0.0 0 3.1 12 70 M M 3 18 17 70
6 85 64 75 6 0 10 0.00 0.0 0 2.5 8 330 M M 6 1 12 260
7 80 57 69 1 0 4 T 0.0 0 7.6 18 300 M M 5 28 280
8 71 42 57 -11 8 0 0.00 0.0 0 5.0 15 260 M M 1 22 280
9 75 41 58 -9 7 0 0.00 0.0 0 3.7 16 250 M M 0 1 21 260
10 83 50 67 0 0 2 0.00 0.0 0 6.3 17 230 M M 4 24 270
11 74 60 67 0 0 2 0.07 0.0 0 1.1 7 160 M M 9 1 9 250
12 65 60 63 -3 2 0 1.29 0.0 0 5.1 14 50 M M 10 1 22 60
13 76 57 67 1 0 2 0.03 0.0 0 4.6 14 100 M M 9 1 19 80
14 78 63 71 6 0 6 0.11 0.0 0 9.3 22 250 M M 7 1 29 260
15 70 51 61 -4 4 0 0.03 0.0 0 5.5 15 320 M M 5 22 330
16 66 49 58 -7 7 0 T 0.0 0 6.9 16 280 M M 7 22 280
17 69 42 56 -8 9 0 0.00 0.0 0 3.5 13 20 M M 4 17 20
18 73 46 60 -4 5 0 0.00 0.0 0 2.2 8 130 M M 3 1 13 130
19 74 44 59 -4 6 0 0.00 0.0 0 1.8 10 160 M M 3 1 14 120
20 72 52 62 -1 3 0 0.09 0.0 0 5.6 23 310 M M 6 13 32 300
21 73 47 60 -2 5 0 0.00 0.0 0 8.3 17 260 M M 0 23 230
22 79 50 65 3 0 0 0.00 0.0 0 6.1 15 300 M M 3 22 310
23 72 42 57 -5 8 0 0.00 0.0 0 2.7 9 100 M M 2 1 14 80
24 74 39 57 -4 8 0 0.00 0.0 0 2.4 9 70 M M 1 1 12 140
25 80 43 62 1 3 0 0.00 0.0 0 1.4 9 110 M M 2 1 15 100
26 81 51 66 5 0 1 0.00 0.0 0 2.5 13 120 M M 1 1 15 120
27 82 53 68 8 0 3 0.00 0.0 0 1.5 9 300 M M 4 18 13 300
28 83 55 69 9 0 4 0.00 0.0 0 2.0 9 260 M M 2 1 13 170
29 85 58 72 12 0 7 0.00 0.0 0 4.7 15 230 M M 1 1 20 240
30 86 61 74 15 0 9 0.00 0.0 0 6.3 14 250 M M 2 1 21 230
31 67 52 60 1 5 0 T 0.0 0 7.1 16 50 M M 7 22 60
================================================================================
SM 2395 1614 80 80 1.62 0.0 132.0 M 112
================================================================================
AV 77.3 52.1 4.3 FASTST M M 4 MAX(MPH)
MISC ----> 23 310 32 300
================================================================================
NOTES:
# LAST OF SEVERAL OCCURRENCES
COLUMN 17 PEAK WIND IN M.P.H.
PRELIMINARY LOCAL CLIMATOLOGICAL DATA (WS FORM: F-6) , PAGE 2
STATION: COLUMBIA METRO AIRPORT SC
MONTH: OCTOBER
YEAR: 2023
LATITUDE: 33 57 N
LONGITUDE: 81 7 W
[TEMPERATURE DATA] [PRECIPITATION DATA] SYMBOLS USED IN COLUMN 16
AVERAGE MONTHLY: 64.7 TOTAL FOR MONTH: 1.62 1 = FOG OR MIST
DPTR FM NORMAL: 0.1 DPTR FM NORMAL: -1.51 2 = FOG REDUCING VISIBILITY
HIGHEST: 86 ON 30, 3 GRTST 24HR 1.36 ON 11-12 TO 1/4 MILE OR LESS
LOWEST: 39 ON 24 3 = THUNDER
SNOW, ICE PELLETS, HAIL 4 = ICE PELLETS
TOTAL MONTH: 0.0 INCH 5 = HAIL
GRTST 24HR 0.0 6 = FREEZING RAIN OR DRIZZLE
GRTST DEPTH: 0 7 = DUSTSTORM OR SANDSTORM:
VSBY 1/2 MILE OR LESS
8 = SMOKE OR HAZE
[NO. OF DAYS WITH] [WEATHER - DAYS WITH] 9 = BLOWING SNOW
X = TORNADO
MAX 32 OR BELOW: 0 0.01 INCH OR MORE: 6
MAX 90 OR ABOVE: 0 0.10 INCH OR MORE: 2
MIN 32 OR BELOW: 0 0.50 INCH OR MORE: 1
MIN 0 OR BELOW: 0 1.00 INCH OR MORE: 1
[HDD (BASE 65) ]
TOTAL THIS MO. 80 CLEAR (SCALE 0-3) 17
DPTR FM NORMAL -24 PTCLDY (SCALE 4-7) 11
TOTAL FM JUL 1 80 CLOUDY (SCALE 8-10) 3
DPTR FM NORMAL -30
[CDD (BASE 65) ]
TOTAL THIS MO. 80
DPTR FM NORMAL -12 [PRESSURE DATA]
TOTAL FM JAN 1 2163 HIGHEST SLP 30.40 ON 25
DPTR FM NORMAL -57 LOWEST SLP 29.59 ON 20
[REMARKS]
#FINAL-10-23#