000
CXUS51 KCLE 031735
CLMCAK
CLIMATE REPORT
NATIONAL WEATHER SERVICE CLEVELAND, OH
135 PM EDT MON APR 03 2023
...................................
...THE AKRON CANTON OH CLIMATE SUMMARY FOR THE MONTH OF MARCH 2023...
CLIMATE NORMAL PERIOD 1991 TO 2020
CLIMATE RECORD PERIOD 1887 TO 2023
WEATHER OBSERVED NORMAL DEPART LAST YEAR`S
VALUE DATE(S) VALUE FROM VALUE
NORMAL
..............................................................
TEMPERATURE (F)
RECORD
HIGH 83 03/22/2012
LOW -6 03/12/1948
HIGHEST 67 03/01
LOWEST 16 03/15
03/19
AVG. MAXIMUM 48.9 48.4 0.5 53.4
AVG. MINIMUM 30.0 29.4 0.6 32.5
MEAN 39.5 38.9 0.6 42.9
DAYS MAX >= 90 0 0.0 0.0 0
DAYS MAX <= 32 2 3.8 -1.8 3
DAYS MIN <= 32 21 20.3 0.7 14
DAYS MIN <= 0 0 0.0 0.0 0
PRECIPITATION (INCHES)
RECORD
MAXIMUM 10.46 1913
MINIMUM 0.49 1910
TOTALS 4.49 3.23 1.26 5.16
DAYS >= .01 17 14.2 2.8 21
DAYS >= .10 10 7.8 2.2 10
DAYS >= .50 3 1.9 1.1 2
DAYS >= 1.00 1 0.4 0.6 1
GREATEST
24 HR. TOTAL 1.10 03/03 TO 03/04 1.96
SNOWFALL (INCHES)
RECORDS
TOTAL 20.9 1960
TOTALS 2.9 7.6 -4.7 6.7
SINCE 7/1 21.2 45.5 -24.3 50.7
DAYS >= 1.0 1 2.7 -1.7 2
GREATEST
24 HR TOTAL 1.5 03/13 TO 03/13
DEGREE DAYS
HEATING TOTAL 784 810 -26 677
SINCE 7/1 4333 5060 -727 4562
COOLING TOTAL 0 1 -1 0
SINCE 1/1 0 1 -1 0
..............................................................
WIND (MPH)
AVERAGE WIND SPEED 11.0
HIGHEST WIND SPEED/DIRECTION 48/230 DATE 03/25
HIGHEST GUST SPEED/DIRECTION 65/230 DATE 03/25
SKY COVER
AVERAGE SKY COVER 0.69
AVERAGE RH (PERCENT) 65
WEATHER CONDITIONS. NUMBER OF DAYS WITH
THUNDERSTORM 3 MIXED PRECIP 0
HEAVY RAIN 2 RAIN 7
LIGHT RAIN 15 FREEZING RAIN 0
LT FREEZING RAIN 0 HAIL 0
HEAVY SNOW 0 SNOW 1
LIGHT SNOW 11 SLEET 0
FOG 17 FOG W/VIS <= 1/4 MILE 0
HAZE 9
- INDICATES NEGATIVE NUMBERS.
R INDICATES RECORD WAS SET OR TIED.
MM INDICATES DATA IS MISSING.
T INDICATES TRACE AMOUNT.
$$