000
CXUS55 KABQ 011118
CF6CAO
PRELIMINARY LOCAL CLIMATOLOGICAL DATA (WS FORM: F-6)
STATION: CLAYTON NM
MONTH: MAY
YEAR: 2020
LATITUDE: 36 27 N
LONGITUDE: 103 9 W
TEMPERATURE IN F: :PCPN: SNOW: WIND :SUNSHINE: SKY :PK WND
================================================================================
1 2 3 4 5 6A 6B 7 8 9 10 11 12 13 14 15 16 17 18
12Z AVG MX 2MIN
DY MAX MIN AVG DEP HDD CDD WTR SNW DPTH SPD SPD DIR MIN PSBL S-S WX SPD DR
================================================================================
1 90 54 72 15 0 7 0.00 0.0 0 11.2 22 160 M M 0 34 160
2 79 54 67 10 0 2 0.00 0.0 0 19.1 33 350 M M 0 43 360
3 83 53 68 10 0 3 0.00 0.0 0 12.8 23 140 M M 4 36 200
4 82 49 66 8 0 1 0.00 0.0 0 18.1 36 310 M M 0 44 20
5 71 45 58 0 7 0 0.00 0.0 0 10.8 26 170 M M 3 34 160
6 75 39 57 -1 8 0 0.00 0.0 0 10.8 22 120 M M 0 26 120
7 86 44 65 6 0 0 0.00 0.0 0 17.3 44 20 M M 0 8 57 20
8 58 40 49 -10 16 0 0.00 0.0 0 18.1 38 360 M M 2 46 360
9 72 38 55 -4 10 0 0.00 0.0 0 14.6 24 360 M M 0 35 10
10 65 37 51 -9 14 0 0.02 0.0 0 12.5 35 140 M M 2 40 140
11 66 37 52 -8 13 0 0.14 0.0 0 13.1 29 180 M M 8 123 33 180
12 62 36 49 -11 16 0 T 0.0 0 10.3 21 150 M M 7 12 25 170
13 84 50 67 6 0 2 0.00 0.0 0 16.4 38 210 M M 3 12 46 240
14 82 50 66 5 0 1 0.00 0.0 0 13.2 24 110 M M 0 30 140
15 75 53 64 3 1 0 T 0.0 0 14.4 22 50 M M 3 3 31 70
16 77 50 64 2 1 0 0.12 0.0 0 11.2 24 60 M M 5 13 32 360
17 81 50 66 4 0 1 0.05 0.0 0 9.2 26 100 M M 5 1 35 120
18 90 50 70 8 0 5 0.00 0.0 0 11.0 23 130 M M 0 1 30 160
19 87 51 69 7 0 4 T 0.0 0 10.3 36 120 M M 2 123 45 210
20 92 55 74 11 0 9 0.00 0.0 0 16.4 35 170 M M 0 1 45 190
21 85 50 68 5 0 3 0.00 0.0 0 12.1 23 340 M M 1 29 330
22 82 48 65 2 0 0 0.00 0.0 0 11.4 25 180 M M 0 33 170
23 88 50 69 5 0 4 0.00 0.0 0 8.2 13 150 M M 1 M M
24 81 49 65 1 0 0 0.00 0.0 0 19.9 33 350 0 0 0 47 350
25 67 45 56 -8 9 0 0.53 0.0 0 15.8 31 350 M M 5 1 38 350
26 79 44 62 -2 3 0 0.00 0.0 0 8.6 17 340 M M 1 24 30
27 83 54 69 4 0 4 0.00 0.0 0 8.6 16 90 M M 2 25 60
28 82 53 68 3 0 3 0.01 0.0 0 10.4 21 90 M M 2 25 100
29 89 55 72 7 0 7 0.00 0.0 0 15.3 28 190 M M 1 37 190
30 92 59 76 10 0 11 0.00 0.0 0 19.5 30 200 M M 1 41 170
31 89 59 74 8 0 9 0.00 0.0 0 18.5 30 160 M M 1 36 180
================================================================================
SM 2474 1501 98 76 0.87 0.0 419.1 0 59
================================================================================
AV 79.8 48.4 13.5 FASTST 0 0 2 MAX(MPH)
MISC ----> # 44 20 # 57 20
================================================================================
NOTES:
# LAST OF SEVERAL OCCURRENCES
COLUMN 17 PEAK WIND IN M.P.H.
PRELIMINARY LOCAL CLIMATOLOGICAL DATA (WS FORM: F-6) , PAGE 2
STATION: CLAYTON NM
MONTH: MAY
YEAR: 2020
LATITUDE: 36 27 N
LONGITUDE: 103 9 W
[TEMPERATURE DATA] [PRECIPITATION DATA] SYMBOLS USED IN COLUMN 16
AVERAGE MONTHLY: 64.1 TOTAL FOR MONTH: 0.87 1 = FOG OR MIST
DPTR FM NORMAL: 2.6 DPTR FM NORMAL: -1.09 2 = FOG REDUCING VISIBILITY
HIGHEST: 92 ON 30,20 GRTST 24HR 0.53 ON 25-25 TO 1/4 MILE OR LESS
LOWEST: 36 ON 12 3 = THUNDER
SNOW, ICE PELLETS, HAIL 4 = ICE PELLETS
TOTAL MONTH: 0.0 INCH 5 = HAIL
GRTST 24HR 0.0 6 = FREEZING RAIN OR DRIZZLE
GRTST DEPTH: 0 7 = DUSTSTORM OR SANDSTORM:
VSBY 1/2 MILE OR LESS
8 = SMOKE OR HAZE
[NO. OF DAYS WITH] [WEATHER - DAYS WITH] 9 = BLOWING SNOW
X = TORNADO
MAX 32 OR BELOW: 0 0.01 INCH OR MORE: 6
MAX 90 OR ABOVE: 4 0.10 INCH OR MORE: 3
MIN 32 OR BELOW: 0 0.50 INCH OR MORE: 1
MIN 0 OR BELOW: 0 1.00 INCH OR MORE: 0
[HDD (BASE 65) ]
TOTAL THIS MO. 98 CLEAR (SCALE 0-3) 25
DPTR FM NORMAL -57 PTCLDY (SCALE 4-7) 6
TOTAL FM JUL 1 4729 CLOUDY (SCALE 8-10) 0
DPTR FM NORMAL -132
[CDD (BASE 65) ]
TOTAL THIS MO. 76
DPTR FM NORMAL 31 [PRESSURE DATA]
TOTAL FM JAN 1 82 HIGHEST SLP 30.18 ON 29
DPTR FM NORMAL 31 LOWEST SLP 29.81 ON 26
[REMARKS]
#FINAL-05-20#