000
CXUS51 KCAR 010600
CF6CAR
PRELIMINARY LOCAL CLIMATOLOGICAL DATA (WS FORM: F-6)
STATION: CARIBOU ME
MONTH: MAY
YEAR: 2020
LATITUDE: 46 52 N
LONGITUDE: 68 1 W
TEMPERATURE IN F: :PCPN: SNOW: WIND :SUNSHINE: SKY :PK WND
================================================================================
1 2 3 4 5 6A 6B 7 8 9 10 11 12 13 14 15 16 17 18
12Z AVG MX 2MIN
DY MAX MIN AVG DEP HDD CDD WTR SNW DPTH SPD SPD DIR MIN PSBL S-S WX SPD DR
================================================================================
1 53 40 47 1 18 0 0.49 0.0 0 11.7 23 170 M M 10 1 31 180
2 56 34 45 -1 20 0 T 0.0 0 11.6 24 330 M M 5 35 320
3 57 33 45 -2 20 0 0.02 0.0 0 5.9 16 170 M M 5 23 140
4 49 34 42 -5 23 0 0.14 0.1 0 7.5 17 360 M M 10 12 20 10
5 42 32 37 -11 28 0 0.03 T 0 10.5 23 10 M M 8 28 360
6 58 30 44 -4 21 0 0.00 0.0 0 6.8 17 330 M M 2 26 340
7 57 30 44 -4 21 0 0.00 0.0 0 4.4 14 310 M M 3 19 320
8 50 29 40 -9 25 0 0.08 T 0 7.1 21 250 M M 5 1 29 240
9 34 30 32 -17 33 0 0.47 5.5 0 12.6 26 340 M M 10 12 35 340
10 43 29 36 -14 29 0 T T 4 11.0 23 260 M M 8 34 240
11 58 37 48 -2 17 0 0.02 0.0 T 7.3 15 230 M M 8 23 270
12 41 29 35 -15 30 0 0.23 0.3 0 10.9 21 330 M M 10 16 30 330
13 50 30 40 -11 25 0 0.00 0.0 0 14.0 25 310 M M 2 35 310
14 58 34 46 -5 19 0 0.00 0.0 0 13.2 30 330 M M 0 41 310
15 61 32 47 -4 18 0 0.01 0.0 0 2.5 13 230 M M 7 16 250
16 66 44 55 3 10 0 0.41 0.0 0 5.2 15 300 M M 7 1 19 290
17 65 40 53 1 12 0 0.00 0.0 0 9.5 20 330 M M 2 28 320
18 63 36 50 -2 15 0 0.00 0.0 0 7.6 16 20 M M 4 23 30
19 66 35 51 -2 14 0 0.00 0.0 0 6.9 17 360 M M 0 21 360
20 76 34 55 2 10 0 0.00 0.0 0 4.3 10 250 M M 0 14 250
21 83 47 65 12 0 0 0.00 0.0 0 9.5 20 240 M M 0 29 230
22 74 50 62 8 3 0 T 0.0 0 12.2 23 320 M M 1 33 320
23 63 40 52 -2 13 0 0.00 0.0 0 6.9 16 20 M M 0 21 10
24 72 35 54 0 11 0 0.00 0.0 0 6.5 16 180 M M 0 23 180
25 75 42 59 5 6 0 0.00 0.0 0 10.5 20 170 M M 1 26 200
26 88 59 74 19 0 9 0.00 0.0 0 6.0 14 250 M M 7 19 250
27 87 63 75 20 0 10 0.33 0.0 0 3.5 13 200 M M 4 123 23 290
28 91 63 77 22 0 12 0.00 0.0 0 8.3 16 190 M M 1 3 26 220
29 90 69 80 24 0 15 0.03 0.0 0 12.0 22 250 M M 3 3 35 250
30 74 51 63 7 2 0 0.04 0.0 0 8.8 25 250 M M 6 37 250
31 54 37 46 -10 19 0 0.08 0.0 0 8.6 20 310 M M 9 1 31 330
================================================================================
SM 1954 1228 462 46 2.38 5.9 263.3 M 138
================================================================================
AV 63.0 39.6 8.5 FASTST M M 4 MAX(MPH)
MISC ----> # 30 330 # 41 310
================================================================================
NOTES:
# LAST OF SEVERAL OCCURRENCES
COLUMN 17 PEAK WIND IN M.P.H.
PRELIMINARY LOCAL CLIMATOLOGICAL DATA (WS FORM: F-6) , PAGE 2
STATION: CARIBOU ME
MONTH: MAY
YEAR: 2020
LATITUDE: 46 52 N
LONGITUDE: 68 1 W
[TEMPERATURE DATA] [PRECIPITATION DATA] SYMBOLS USED IN COLUMN 16
AVERAGE MONTHLY: 51.3 TOTAL FOR MONTH: 2.38 1 = FOG OR MIST
DPTR FM NORMAL: -0.2 DPTR FM NORMAL: -0.95 2 = FOG REDUCING VISIBILITY
HIGHEST: 91 ON 28 GRTST 24HR 0.49 ON 1- 1 TO 1/4 MILE OR LESS
LOWEST: 29 ON 12,10 3 = THUNDER
SNOW, ICE PELLETS, HAIL 4 = ICE PELLETS
TOTAL MONTH: 5.9 INCHES 5 = HAIL
GRTST 24HR 5.5 ON 9- 9 6 = FREEZING RAIN OR DRIZZLE
GRTST DEPTH: 4 ON 10 7 = DUSTSTORM OR SANDSTORM:
VSBY 1/2 MILE OR LESS
8 = SMOKE OR HAZE
[NO. OF DAYS WITH] [WEATHER - DAYS WITH] 9 = BLOWING SNOW
X = TORNADO
MAX 32 OR BELOW: 0 0.01 INCH OR MORE: 14
MAX 90 OR ABOVE: 2 0.10 INCH OR MORE: 6
MIN 32 OR BELOW: 9 0.50 INCH OR MORE: 0
MIN 0 OR BELOW: 0 1.00 INCH OR MORE: 0
[HDD (BASE 65) ]
TOTAL THIS MO. 462 CLEAR (SCALE 0-3) 13
DPTR FM NORMAL 39 PTCLDY (SCALE 4-7) 12
TOTAL FM JUL 1 8815 CLOUDY (SCALE 8-10) 6
DPTR FM NORMAL -374
[CDD (BASE 65) ]
TOTAL THIS MO. 46
DPTR FM NORMAL 41 [PRESSURE DATA]
TOTAL FM JAN 1 46 HIGHEST SLP 30.48 ON 19
DPTR FM NORMAL 41 LOWEST SLP 29.25 ON 9
[REMARKS]
#FINAL-05-20#