000
CXUS56 KMTR 011100
CF6CCR
PRELIMINARY LOCAL CLIMATOLOGICAL DATA (WS FORM: F-6)
STATION: CONCORD AIRPORT
MONTH: NOVEMBER
YEAR: 2021
LATITUDE: 37 58 N
LONGITUDE: 122 3 W
TEMPERATURE IN F: :PCPN: SNOW: WIND :SUNSHINE: SKY :PK WND
================================================================================
1 2 3 4 5 6A 6B 7 8 9 10 11 12 13 14 15 16 17 18
12Z AVG MX 2MIN
DY MAX MIN AVG DEP HDD CDD WTR SNW DPTH SPD SPD DIR MIN PSBL S-S WX SPD DR
================================================================================
1 66 57 62 1 3 0 0.16 M M 4.5 20 180 M M 9 1 24 180
2 69 55 62 2 3 0 0.05 M M 2.7 8 350 M M 6 18 11 20
3 74 50 62 2 3 0 0.00 M M 4.2 12 160 M M 0 13 160
4 69 52 61 1 4 0 T M M 7.2 16 210 M M 4 1 20 220
5 65 48 57 -2 8 0 0.00 M M 6.5 17 270 M M 0 21 300
6 63 52 58 -1 7 0 0.00 M M 6.2 17 280 M M 4 21 310
7 63 42 53 -5 12 0 0.00 M M 3.4 10 260 M M 0 15 300
8 62 42 52 -6 13 0 0.35 M M 3.7 12 140 M M 3 1 18 140
9 66 51 59 1 6 0 0.10 M M 5.1 14 190 M M 9 18 19 190
10 67 53 60 3 5 0 0.00 M M 1.9 10 350 M M 5 12 360
11 71 50 61 4 4 0 0.00 M M 1.9 8 10 M M 0 12 360
12 64 49 57 0 8 0 0.00 M M 2.8 10 360 M M 4 128 12 310
13 64 50 57 1 8 0 0.00 M M 2.2 12 330 M M 6 128 14 340
14 59 51 55 -1 10 0 0.00 M M 4.8 13 360 M M 8 128 17 20
15 59 51 55 -1 10 0 0.00 M M 2.6 7 350 M M 7 18 9 340
16 65 48 57 2 8 0 0.00 M M 1.6 13 140 M M 5 1 15 140
17 64 43 54 -1 11 0 0.00 M M 2.7 12 20 M M 0 1 15 80
18 59 44 52 -3 13 0 T M M 2.2 9 350 M M 5 128 11 350
19 62 49 56 2 9 0 0.03 M M 2.4 9 50 M M 9 18 14 40
20 68 45 57 3 8 0 0.00 M M 1.4 7 160 M M 4 128 9 30
21 67 41 54 0 11 0 0.00 M M 3.6 13 60 M M 0 16 70
22 66 38 52 -1 13 0 0.00 M M 3.0 10 360 M M 0 18 14 10
23 64 42 53 0 12 0 0.00 M M 2.6 10 330 M M 0 18 12 60
24 67 37 52 -1 13 0 0.00 M M 3.7 12 50 M M 0 1 19 30
25 61 37 49 -4 16 0 0.00 M M 3.5 10 350 M M 0 18 13 30
26 67 41 54 2 11 0 0.00 M M 3.0 9 320 M M 0 18 12 360
27 67 42 55 3 10 0 0.00 M M 2.6 7 360 M M 0 10 290
28 68 43 56 4 9 0 0.00 M M 2.3 9 80 M M 0 18 13 20
29 70 44 57 5 8 0 0.00 M M 3.2 9 350 M M 0 18 12 360
30 67 43 55 4 10 0 0.00 M M 1.7 9 30 M M 0 1 11 70
================================================================================
SM 1963 1390 266 0 0.69 M 99.2 M 88
================================================================================
AV 65.4 46.3 3.3 FASTST M M 3 MAX(MPH)
MISC ----> 20 180 24 180
================================================================================
NOTES:
# LAST OF SEVERAL OCCURRENCES
COLUMN 17 PEAK WIND IN M.P.H.
PRELIMINARY LOCAL CLIMATOLOGICAL DATA (WS FORM: F-6) , PAGE 2
STATION: CONCORD AIRPORT
MONTH: NOVEMBER
YEAR: 2021
LATITUDE: 37 58 N
LONGITUDE: 122 3 W
[TEMPERATURE DATA] [PRECIPITATION DATA] SYMBOLS USED IN COLUMN 16
AVERAGE MONTHLY: 55.9 TOTAL FOR MONTH: 0.69 1 = FOG OR MIST
DPTR FM NORMAL: 0.3 DPTR FM NORMAL: -0.92 2 = FOG REDUCING VISIBILITY
HIGHEST: 74 ON 3 GRTST 24HR 0.45 ON 8- 9 TO 1/4 MILE OR LESS
LOWEST: 37 ON 25,24 3 = THUNDER
SNOW, ICE PELLETS, HAIL 4 = ICE PELLETS
TOTAL MONTH: M 5 = HAIL
GRTST 24HR M ON M 6 = FREEZING RAIN OR DRIZZLE
GRTST DEPTH: M ON M 7 = DUSTSTORM OR SANDSTORM:
VSBY 1/2 MILE OR LESS
8 = SMOKE OR HAZE
[NO. OF DAYS WITH] [WEATHER - DAYS WITH] 9 = BLOWING SNOW
X = TORNADO
MAX 32 OR BELOW: 0 0.01 INCH OR MORE: 5
MAX 90 OR ABOVE: 0 0.10 INCH OR MORE: 3
MIN 32 OR BELOW: 0 0.50 INCH OR MORE: 0
MIN 0 OR BELOW: 0 1.00 INCH OR MORE: 0
[HDD (BASE 65) ]
TOTAL THIS MO. 266 CLEAR (SCALE 0-3) 16
DPTR FM NORMAL -16 PTCLDY (SCALE 4-7) 11
TOTAL FM JUL 1 342 CLOUDY (SCALE 8-10) 3
DPTR FM NORMAL -11
[CDD (BASE 65) ]
TOTAL THIS MO. 0
DPTR FM NORMAL -2 [PRESSURE DATA]
TOTAL FM JAN 1 1238 HIGHEST SLP 30.37 ON 25
DPTR FM NORMAL 161 LOWEST SLP 29.91 ON 8
[REMARKS]
#FINAL-11-21#