000
CXUS55 KCYS 041554
CF6CDR
PRELIMINARY LOCAL CLIMATOLOGICAL DATA (WS FORM: F-6)
STATION: CHADRON NEBRASKA AIRPORT
MONTH: APRIL
YEAR: 2022
LATITUDE: 42 50 N
LONGITUDE: 103 6 W
TEMPERATURE IN F: :PCPN: SNOW: WIND :SUNSHINE: SKY :PK WND
================================================================================
1 2 3 4 5 6A 6B 7 8 9 10 11 12 13 14 15 16 17 18
12Z AVG MX 2MIN
DY MAX MIN AVG DEP HDD CDD WTR SNW DPTH SPD SPD DIR MIN PSBL S-S WX SPD DR
================================================================================
1 52 29 41 -2 24 0 0.06 M M 7.9 23 10 M M 7 1 29 330
2 64 23 44 1 21 0 0.00 M M 7.6 33 290 M M 0 46 290
3 57 23 40 -3 25 0 0.00 M M 17.8 37 290 M M 0 53 290
4 73 23 48 5 17 0 0.00 M M 13.7 41 260 M M 2 55 250
5 56 35 46 2 19 0 T M M 22.6 40 300 M M 5 56 300
6 48 36 42 -2 23 0 0.00 M M 27.9 43 310 M M 6 62 310
7 54 33 44 0 21 0 0.00 M M 21.4 35 300 M M 3 58 300
8 60 17 39 -5 26 0 0.00 M M 5.7 23 180 M M 0 30 170
9 75 35 55 11 10 0 0.35 M M 13.0 29 10 M M 3 1 38 10
10 44 26 35 -9 30 0 0.20 M M 8.7 28 310 M M 7 12 40 300
11 59 24 42 -3 23 0 T M M 9.4 26 180 M M 4 39 180
12 51 17 34 -11 31 0 0.00 M M 19.1 37 310 M M 1 50 310
13 32 14 23 -22 42 0 0.00 M M 23.6 36 300 M M 1 51 320
14 43 14 29 -16 36 0 0.00 M M 14.3 28 290 M M 0 36 280
15 35 20 28 -17 37 0 T M M 8.6 16 40 M M 10 22 40
16 52 25 39 -7 26 0 0.00 M M 15.3 41 170 M M 5 54 160
17 56 31 44 -2 21 0 T M M 19.4 36 190 M M 4 48 180
18 59 23 41 -5 24 0 0.00 M M 8.6 29 150 M M 3 39 170
19 83 40 62 16 3 0 0.00 M M 18.5 33 180 M M 2 45 180
20 67 30 49 2 16 0 T M M 10.2 28 290 M M 4 40 270
21 78 23 51 4 14 0 0.00 M M 22.3 46 160 M M 0 59 160
22 79 47 63 16 2 0 0.24 M M 16.1 43 170 M M 3 138 57 170
23 47 32 40 -7 25 0 0.58 M M 24.9 44 300 M M 10 1238 66 300
24 47 30 39 -9 26 0 0.00 M M 24.3 41 300 M M 4 61 300
25 57 26 42 -6 23 0 0.00 M M 5.2 14 220 M M 0 19 300
26 72 30 51 3 14 0 0.00 M M 6.3 14 230 M M 0 19 190
27 61 33 47 -2 18 0 0.00 M M 5.7 22 40 M M 0 8 28 50
28 68 32 50 1 15 0 0.04 M M 10.0 43 80 M M 1 63 90
29 56 41 49 0 16 0 0.64 M M 10.4 32 90 M M 8 1 45 110
30 57 32 45 -5 20 0 0.03 M M 19.2 33 300 M M 6 49 310
================================================================================
SM 1742 844 648 0 2.14 M 437.7 M 99
================================================================================
AV 58.1 28.1 14.6 FASTST M M 3 MAX(MPH)
MISC ----> 46 160 66 300
================================================================================
NOTES:
# LAST OF SEVERAL OCCURRENCES
COLUMN 17 PEAK WIND IN M.P.H.
PRELIMINARY LOCAL CLIMATOLOGICAL DATA (WS FORM: F-6) , PAGE 2
STATION: CHADRON NEBRASKA AIRPORT
MONTH: APRIL
YEAR: 2022
LATITUDE: 42 50 N
LONGITUDE: 103 6 W
[TEMPERATURE DATA] [PRECIPITATION DATA] SYMBOLS USED IN COLUMN 16
AVERAGE MONTHLY: 43.1 TOTAL FOR MONTH: 2.14 1 = FOG OR MIST
DPTR FM NORMAL: -2.7 DPTR FM NORMAL: 0.18 2 = FOG REDUCING VISIBILITY
HIGHEST: 83 ON 19 GRTST 24HR 0.82 ON 22-23 TO 1/4 MILE OR LESS
LOWEST: 14 ON 14,13 3 = THUNDER
SNOW, ICE PELLETS, HAIL 4 = ICE PELLETS
TOTAL MONTH: M 5 = HAIL
GRTST 24HR M ON M 6 = FREEZING RAIN OR DRIZZLE
GRTST DEPTH: M ON M 7 = DUSTSTORM OR SANDSTORM:
VSBY 1/2 MILE OR LESS
8 = SMOKE OR HAZE
[NO. OF DAYS WITH] [WEATHER - DAYS WITH] 9 = BLOWING SNOW
X = TORNADO
MAX 32 OR BELOW: 1 0.01 INCH OR MORE: 8
MAX 90 OR ABOVE: 0 0.10 INCH OR MORE: 5
MIN 32 OR BELOW: 22 0.50 INCH OR MORE: 2
MIN 0 OR BELOW: 0 1.00 INCH OR MORE: 0
[HDD (BASE 65) ]
TOTAL THIS MO. 648 CLEAR (SCALE 0-3) 16
DPTR FM NORMAL 71 PTCLDY (SCALE 4-7) 12
TOTAL FM JUL 1 6016 CLOUDY (SCALE 8-10) 2
DPTR FM NORMAL -461
[CDD (BASE 65) ]
TOTAL THIS MO. 0
DPTR FM NORMAL -1 [PRESSURE DATA]
TOTAL FM JAN 1 0 HIGHEST SLP 30.48 ON 18
DPTR FM NORMAL -1 LOWEST SLP 29.13 ON 12
[REMARKS]
#FINAL-04-22#