000
CXUS55 KCYS 021642
CF6CDR
PRELIMINARY LOCAL CLIMATOLOGICAL DATA (WS FORM: F-6)
STATION: CHADRON NEBRASKA AIRPORT
MONTH: JANUARY
YEAR: 2024
LATITUDE: 42 50 N
LONGITUDE: 103 6 W
TEMPERATURE IN F: :PCPN: SNOW: WIND :SUNSHINE: SKY :PK WND
================================================================================
1 2 3 4 5 6A 6B 7 8 9 10 11 12 13 14 15 16 17 18
12Z AVG MX 2MIN
DY MAX MIN AVG DEP HDD CDD WTR SNW DPTH SPD SPD DIR MIN PSBL S-S WX SPD DR
================================================================================
1 40 2 21 -4 44 0 0.00 M M 3.3 9 240 M M 0 11 240
2 37 5 21 -4 44 0 0.00 M M 3.1 9 250 M M 0 10 250
3 21 2 12 -13 53 0 0.00 M M 4.0 9 80 M M 4 128 12 60
4 33 9 21 -4 44 0 0.00 M M 8.0 20 170 M M 3 128 24 170
5 37 12 25 0 40 0 0.00 M M 9.5 22 300 M M 7 1 29 300
6 37 9 23 -2 42 0 0.00 M M 11.3 24 290 M M 1 33 300
7 29 4 17 -8 48 0 0.01 M M 5.0 16 40 M M 4 1 21 40
8 21 -7 7 -18 58 0 0.04 M M 6.3 14 20 M M 7 18 19 10
9 37 -9 14 -11 51 0 0.00 M M 5.4 16 260 M M 3 20 260
10 37 17 27 2 38 0 T M M 11.5 25 290 M M 7 1 32 290
11 19 -14 3 -22 62 0 0.13 M M 8.0 25 40 M M 9 18 32 40
12 -1 -18 -9 -34 74 0 T M M 6.5 22 40 M M 8 18 29 40
13 -11 -26 -18 -44 83 0 T M M 14.9 37 280 M M 5 8 45 270
14 -5 -22 -13 -39 78 0 T M M 5.1 12 250 M M 4 8 14 270
15 -4 -13 -8 -34 73 0 T M M 14.3 32 300 M M 1 8 44 300
16 24 -18 3 -23 62 0 0.00 M M 6.8 23 270 M M 2 8 33 260
17 31 7 19 -7 46 0 0.00 M M 4.3 12 250 M M 4 14 250
18 18 0 9 -17 56 0 0.05 M M 13.5 29 10 M M 5 1289 39 10
19 15 -11 2 -24 63 0 0.00 M M 7.7 23 280 M M 0 32 280
20 28 -11 9 -17 56 0 0.00 M M 9.7 22 180 M M 0 26 180
21 45 24 35 9 30 0 0.00 M M 6.4 18 210 M M 1 23 210
22 43 17 30 4 35 0 0.00 M M 1.7 8 230 M M 1 12 9 230
23 43 16 30 4 35 0 0.00 M M 2.3 12 190 M M 7 128 14 170
24 44 22 33 7 32 0 0.00 M M 3.1 12 240 M M 4 1 14 230
25 44 16 30 4 35 0 0.00 M M 3.1 8 240 M M 1 1 9 240
26 42 16 29 3 36 0 0.00 M M 3.7 10 240 M M 2 11 240
27 43 13 28 2 37 0 0.00 M M 4.1 10 160 M M 0 12 250
28 54 25 40 14 25 0 0.00 M M 7.2 14 240 M M 0 19 250
29 54 30 42 16 23 0 0.00 M M 7.1 17 280 M M 2 24 280
30 57 27 42 16 23 0 0.00 M M 5.9 12 250 M M 0 13 240
31 62 25 44 18 21 0 0.00 M M 5.7 12 240 M M 0 13 240
================================================================================
SM 974 149 1447 0 0.23 M 208.5 M 92
================================================================================
AV 31.4 4.8 6.7 FASTST M M 3 MAX(MPH)
MISC ----> 37 280 45 270
================================================================================
NOTES:
# LAST OF SEVERAL OCCURRENCES
COLUMN 17 PEAK WIND IN M.P.H.
PRELIMINARY LOCAL CLIMATOLOGICAL DATA (WS FORM: F-6) , PAGE 2
STATION: CHADRON NEBRASKA AIRPORT
MONTH: JANUARY
YEAR: 2024
LATITUDE: 42 50 N
LONGITUDE: 103 6 W
[TEMPERATURE DATA] [PRECIPITATION DATA] SYMBOLS USED IN COLUMN 16
AVERAGE MONTHLY: 18.1 TOTAL FOR MONTH: 0.23 1 = FOG OR MIST
DPTR FM NORMAL: -7.4 DPTR FM NORMAL: 0.08 2 = FOG REDUCING VISIBILITY
HIGHEST: 62 ON 31 GRTST 24HR 0.13 ON 11-11 TO 1/4 MILE OR LESS
LOWEST: -26 ON 13 3 = THUNDER
SNOW, ICE PELLETS, HAIL 4 = ICE PELLETS
TOTAL MONTH: M 5 = HAIL
GRTST 24HR M ON M 6 = FREEZING RAIN OR DRIZZLE
GRTST DEPTH: M ON M 7 = DUSTSTORM OR SANDSTORM:
VSBY 1/2 MILE OR LESS
8 = SMOKE OR HAZE
[NO. OF DAYS WITH] [WEATHER - DAYS WITH] 9 = BLOWING SNOW
X = TORNADO
MAX 32 OR BELOW: 13 0.01 INCH OR MORE: 4
MAX 90 OR ABOVE: 0 0.10 INCH OR MORE: 1
MIN 32 OR BELOW: 31 0.50 INCH OR MORE: 0
MIN 0 OR BELOW: 11 1.00 INCH OR MORE: 0
[HDD (BASE 65) ]
TOTAL THIS MO. 1447 CLEAR (SCALE 0-3) 17
DPTR FM NORMAL 223 PTCLDY (SCALE 4-7) 12
TOTAL FM JUL 1 3910 CLOUDY (SCALE 8-10) 2
DPTR FM NORMAL -110
[CDD (BASE 65) ]
TOTAL THIS MO. 0
DPTR FM NORMAL 0 [PRESSURE DATA]
TOTAL FM JAN 1 0 HIGHEST SLP 30.74 ON 19
DPTR FM NORMAL 0 LOWEST SLP 29.43 ON 10
[REMARKS]
#FINAL-01-24#
PRECIPITATION VALUES ARE FROM COOP BACKUP STATION (CHADRON 3SW)
JANUARY 12... RECORD LOW MAXIMUM TEMPERATURE TIED: -1F (PREVIOUS IN 1997)
JANUARY 13... RECORD LOW TEMPERATURE TIED: -26F (PREVIOUS IN 1916)
JANUARY 13... RECORD LOW MAXIMUM TEMPERATURE: -11F (PREVIOUS: 2F IN 1997). THIS
ALSO BREAKS THE PREVIOUS MONTHLY RECORD LOW MAXIMUM TEMPERATURE OF -9F SET ON
1/11/1918.
JANUARY 14... RECORD LOW TEMPERATURE: -22F (PREVIOUS: -18F IN 2005)
JANUARY 14... RECORD LOW MAXIMUM TEMPERATURE: -5F (PREVIOUS: 3F IN 1972)
JANUARY 15... RECORD LOW MAXIMUM TEMPRATURE: -4F (PREVIOUS: -1F IN 1930)