038
CXUS55 KCYS 091552
CF6CDR
PRELIMINARY LOCAL CLIMATOLOGICAL DATA (WS FORM: F-6) ...CORRECTED...
STATION: CHADRON NEBRASKA AIRPORT
MONTH: MAY
YEAR: 2020
LATITUDE: 42 50 N
LONGITUDE: 103 6 W
TEMPERATURE IN F: :PCPN: SNOW: WIND :SUNSHINE: SKY :PK WND
================================================================================
1 2 3 4 5 6A 6B 7 8 9 10 11 12 13 14 15 16 17 18
12Z AVG MX 2MIN
DY MAX MIN AVG DEP HDD CDD WTR SNW DPTH SPD SPD DIR MIN PSBL S-S WX SPD DR
================================================================================
1 76 48 62 12 3 0 0.26 M M 10.0 21 300 M M 3 1 27 280
2 62 50 56 5 9 0 0.18 M M 7.7 20 180 M M 9 1 23 180
3 76 42 59 8 6 0 0.00 M M 5.4 18 210 M M 2 23 200
4 59 35 47 -5 18 0 0.42 M M 9.8 23 40 M M 7 1 30 20
5 66 33 50 -2 15 0 0.00 M M 9.2 24 20 M M 3 37 290
6 64 28 46 -6 19 0 0.00 M M 9.7 35 160 M M 1 44 160
7 62 35 49 -4 16 0 0.02 M M 18.2 41 170 M M 5 1 52 170
8 61 31 46 -7 19 0 0.00 M M 8.0 17 190 M M 2 21 170
9 60 25 43 -11 22 0 T M M 15.7 37 300 M M 5 48 310
10 53 22 38 -16 27 0 0.00 M M 9.1 20 50 M M 6 26 50
11 41 34 38 -16 27 0 0.01 M M 9.2 18 140 M M 10 1 22 140
12 52 38 45 -10 20 0 T M M 15.4 30 160 M M 9 38 150
13 70 44 57 2 8 0 T M M 7.8 18 180 M M 4 24 190
14 71 38 55 0 10 0 T M M 6.6 21 40 M M 1 26 40
15 76 49 63 7 2 0 0.01 M M 10.0 22 10 M M 5 3 28 200
16 66 36 51 -5 14 0 0.01 M M 10.6 29 10 M M 9 13 37 10
17 70 32 51 -5 14 0 0.00 M M 6.8 24 150 M M 2 12 30 150
18 78 49 64 7 1 0 0.00 M M 14.1 24 150 M M 0 31 150
19 85 57 71 14 0 6 0.00 M M 15.5 33 180 M M 0 41 180
20 82 53 68 11 0 3 0.28 M M 18.7 43 160 M M 2 13 51 150
21 78 43 61 3 4 0 0.00 M M 7.3 20 190 M M 1 28 180
22 83 41 62 4 3 0 0.00 M M 9.2 23 170 M M 1 3 32 160
23 78 50 64 6 1 0 0.07 M M 12.1 33 240 M M 3 3 44 250
24 65 46 56 -3 9 0 0.00 M M 13.5 23 300 M M 6 32 310
25 67 40 54 -5 11 0 0.00 M M 6.1 18 310 M M 3 24 330
26 81 35 58 -1 7 0 0.00 M M 4.3 13 320 M M 0 20 330
27 85 42 64 4 1 0 0.05 M M 6.6 29 20 M M 2 3 41 10
28 72 47 60 0 5 0 T M M 5.8 17 50 M M 6 1 23 40
29 83 46 65 5 0 0 0.00 M M 7.5 16 110 M M 2 27 150
30 80 54 67 6 0 2 0.00 M M 12.5 22 60 M M 2 29 70
31 94 54 74 13 0 9 0.00 M M 9.5 18 190 M M 0 28 230
================================================================================
SM 2196 1277 291 20 1.31 M 311.9 M 111
================================================================================
AV 70.8 41.2 10.1 FASTST M M 4 MAX(MPH)
MISC ----> # 43 160 # 52 170
================================================================================
NOTES:
# LAST OF SEVERAL OCCURRENCES
COLUMN 17 PEAK WIND IN M.P.H.
PRELIMINARY LOCAL CLIMATOLOGICAL DATA (WS FORM: F-6) , PAGE 2
STATION: CHADRON NEBRASKA AIRPORT
MONTH: MAY
YEAR: 2020
LATITUDE: 42 50 N
LONGITUDE: 103 6 W
[TEMPERATURE DATA] [PRECIPITATION DATA] SYMBOLS USED IN COLUMN 16
AVERAGE MONTHLY: 56.0 TOTAL FOR MONTH: 1.31 1 = FOG OR MIST
DPTR FM NORMAL: 0.2 DPTR FM NORMAL: -1.45 2 = FOG REDUCING VISIBILITY
HIGHEST: 94 ON 31 GRTST 24HR 0.42 ON 4- 4 TO 1/4 MILE OR LESS
LOWEST: 22 ON 10 3 = THUNDER
SNOW, ICE PELLETS, HAIL 4 = ICE PELLETS
TOTAL MONTH: M 5 = HAIL
GRTST 24HR M ON M 6 = FREEZING RAIN OR DRIZZLE
GRTST DEPTH: M ON M 7 = DUSTSTORM OR SANDSTORM:
VSBY 1/2 MILE OR LESS
8 = SMOKE OR HAZE
[NO. OF DAYS WITH] [WEATHER - DAYS WITH] 9 = BLOWING SNOW
X = TORNADO
MAX 32 OR BELOW: 0 0.01 INCH OR MORE: 10
MAX 90 OR ABOVE: 1 0.10 INCH OR MORE: 4
MIN 32 OR BELOW: 5 0.50 INCH OR MORE: 0
MIN 0 OR BELOW: 0 1.00 INCH OR MORE: 0
[HDD (BASE 65) ]
TOTAL THIS MO. 291 CLEAR (SCALE 0-3) 15
DPTR FM NORMAL -11 PTCLDY (SCALE 4-7) 12
TOTAL FM JUL 1 6956 CLOUDY (SCALE 8-10) 4
DPTR FM NORMAL -109
[CDD (BASE 65) ]
TOTAL THIS MO. 20
DPTR FM NORMAL 2 [PRESSURE DATA]
TOTAL FM JAN 1 21 HIGHEST SLP 30.47 ON 10
DPTR FM NORMAL 1 LOWEST SLP 29.53 ON 20
[REMARKS]
MAY 10TH...RECORD LOW 22 DEGREES (PREVIOUS 24 DEGREES IN 1990).
#FINAL-05-20#