135
CXUS54 KLUB 010730
CF6CDS
PRELIMINARY LOCAL CLIMATOLOGICAL DATA (WS FORM: F-6)
STATION: CHILDRESS
MONTH: MARCH
YEAR: 2021
LATITUDE: 34 25 N
LONGITUDE: 100 17 W
TEMPERATURE IN F: :PCPN: SNOW: WIND :SUNSHINE: SKY :PK WND
================================================================================
1 2 3 4 5 6A 6B 7 8 9 10 11 12 13 14 15 16 17 18
12Z AVG MX 2MIN
DY MAX MIN AVG DEP HDD CDD WTR SNW DPTH SPD SPD DIR MIN PSBL S-S WX SPD DR
================================================================================
1 52 33 43 -6 22 0 0.00 0.0 0 8.6 17 20 M M 3 24 20
2 66 24 45 -4 20 0 0.00 0.0 0 9.3 18 200 M M 0 27 210
3 76 33 55 5 10 0 0.00 0.0 0 12.6 21 170 M M 0 29 200
4 79 32 56 6 9 0 T 0.0 0 11.0 29 170 M M 1 37 160
5 58 39 49 -1 16 0 T 0.0 0 15.0 32 20 M M 3 39 30
6 65 33 49 -1 16 0 0.00 0.0 0 7.6 16 170 M M 0 1 21 170
7 68 36 52 1 13 0 0.00 0.0 0 13.6 28 200 M M 0 32 190
8 72 37 55 4 10 0 0.00 0.0 0 15.9 28 180 M M 0 34 170
9 78 48 63 12 2 0 0.00 0.0 0 18.8 33 180 M M 0 41 180
10 85 55 70 18 0 5 0.00 0.0 0 18.6 31 230 M M 0 40 220
11 66 45 56 4 9 0 0.00 0.0 0 8.9 17 360 M M 3 8 20 10
12 72 47 60 8 5 0 0.03 0.0 0 8.0 23 130 M M 6 138 34 120
13 72 51 62 9 3 0 1.41 0.0 0 16.7 36 140 M M 10 13 44 140
14 64 43 54 1 11 0 0.00 0.0 0 16.8 33 230 M M 4 41 220
15 66 40 53 0 12 0 0.00 0.0 0 11.3 21 310 M M 0 26 310
16 80 47 64 10 1 0 0.09 0.0 0 9.7 25 170 M M 1 38 30 160
17 66 38 52 -2 13 0 0.01 0.0 0 23.0 44 350 M M 7 57 350
18 58 36 47 -7 18 0 0.00 0.0 0 13.9 26 340 M M 0 33 350
19 61 31 46 -8 19 0 0.00 0.0 0 4.9 10 120 M M 0 13 110
20 71 38 55 0 10 0 0.00 0.0 0 10.6 20 170 M M 0 28 170
21 74 44 59 4 6 0 0.00 0.0 0 15.0 24 190 M M 0 29 200
22 59 42 51 -4 14 0 0.90 0.0 0 15.6 30 310 M M 6 123 37 310
23 65 42 54 -2 11 0 0.00 0.0 0 13.0 29 310 M M 0 35 320
24 54 42 48 -8 17 0 0.00 0.0 0 12.3 24 20 M M 5 29 20
25 66 39 53 -3 12 0 0.00 0.0 0 10.5 20 300 M M 3 23 320
26 78 42 60 4 5 0 0.00 0.0 0 11.1 26 190 M M 0 33 180
27 73 45 59 2 6 0 0.00 0.0 0 13.8 26 10 M M 0 32 10
28 70 39 55 -2 10 0 0.00 0.0 0 7.6 16 170 M M 0 20 180
29 82 48 65 8 0 0 0.00 0.0 0 18.8 32 210 M M 0 8 40 220
30 64 47 56 -2 9 0 0.00 0.0 0 14.1 32 360 M M 0 36 360
31 63 38 51 -7 14 0 0.00 0.0 0 7.8 15 50 M M 2 20 50
================================================================================
SM 2123 1254 323 5 2.44 0.0 394.4 M 54
================================================================================
AV 68.5 40.5 12.7 FASTST M M 2 MAX(MPH)
MISC ----> 44 350 57 350
================================================================================
NOTES:
# LAST OF SEVERAL OCCURRENCES
COLUMN 17 PEAK WIND IN M.P.H.
PRELIMINARY LOCAL CLIMATOLOGICAL DATA (WS FORM: F-6) , PAGE 2
STATION: CHILDRESS
MONTH: MARCH
YEAR: 2021
LATITUDE: 34 25 N
LONGITUDE: 100 17 W
[TEMPERATURE DATA] [PRECIPITATION DATA] SYMBOLS USED IN COLUMN 16
AVERAGE MONTHLY: 54.5 TOTAL FOR MONTH: 2.44 1 = FOG OR MIST
DPTR FM NORMAL: 1.0 DPTR FM NORMAL: 0.91 2 = FOG REDUCING VISIBILITY
HIGHEST: 85 ON 10 GRTST 24HR 1.41 ON 12-13 TO 1/4 MILE OR LESS
LOWEST: 24 ON 2 3 = THUNDER
SNOW, ICE PELLETS, HAIL 4 = ICE PELLETS
TOTAL MONTH: 0.0 INCH 5 = HAIL
GRTST 24HR 0.0 6 = FREEZING RAIN OR DRIZZLE
GRTST DEPTH: 0 7 = DUSTSTORM OR SANDSTORM:
VSBY 1/2 MILE OR LESS
8 = SMOKE OR HAZE
[NO. OF DAYS WITH] [WEATHER - DAYS WITH] 9 = BLOWING SNOW
X = TORNADO
MAX 32 OR BELOW: 0 0.01 INCH OR MORE: 5
MAX 90 OR ABOVE: 0 0.10 INCH OR MORE: 2
MIN 32 OR BELOW: 3 0.50 INCH OR MORE: 2
MIN 0 OR BELOW: 0 1.00 INCH OR MORE: 1
[HDD (BASE 65) ]
TOTAL THIS MO. 323 CLEAR (SCALE 0-3) 24
DPTR FM NORMAL -52 PTCLDY (SCALE 4-7) 6
TOTAL FM JUL 1 3062 CLOUDY (SCALE 8-10) 1
DPTR FM NORMAL 127
[CDD (BASE 65) ]
TOTAL THIS MO. 5
DPTR FM NORMAL -13 [PRESSURE DATA]
TOTAL FM JAN 1 5 HIGHEST SLP M ON M
DPTR FM NORMAL -14 LOWEST SLP 29.48 ON 16
[REMARKS]
#FINAL-03-21#