000
CXUS54 KLUB 030847
CF6CDS
PRELIMINARY LOCAL CLIMATOLOGICAL DATA (WS FORM: F-6)
STATION: CHILDRESS
MONTH: FEBRUARY
YEAR: 2021
LATITUDE: 34 25 N
LONGITUDE: 100 17 W
TEMPERATURE IN F: :PCPN: SNOW: WIND :SUNSHINE: SKY :PK WND
================================================================================
1 2 3 4 5 6A 6B 7 8 9 10 11 12 13 14 15 16 17 18
12Z AVG MX 2MIN
DY MAX MIN AVG DEP HDD CDD WTR SNW DPTH SPD SPD DIR MIN PSBL S-S WX SPD DR
================================================================================
1 63 30 47 4 18 0 0.00 0.0 0 7.3 15 170 M M 0 19 170
2 69 37 53 10 12 0 0.00 0.0 0 10.7 21 190 M M 0 26 180
3 79 31 55 12 10 0 0.00 0.0 0 7.8 17 280 M M 0 8 21 280
4 65 35 50 7 15 0 0.00 0.0 0 15.5 37 360 M M 1 44 360
5 60 29 45 2 20 0 0.00 0.0 0 9.3 20 200 M M 0 26 220
6 61 29 45 2 20 0 0.00 0.0 0 14.1 32 360 M M 1 40 360
7 54 29 42 -1 23 0 0.00 0.0 0 8.1 16 100 M M 6 128 24 100
8 37 24 31 -13 34 0 T 0.0 0 11.3 21 10 M M 8 16 25 30
9 27 21 24 -20 41 0 0.00 0.0 0 7.8 15 10 M M 10 1 18 30
10 24 20 22 -22 43 0 T 0.0 0 9.7 16 20 M M 10 16 21 20
11 33 17 25 -19 40 0 0.00 0.0 0 10.4 18 360 M M 5 23 360
12 26 14 20 -24 45 0 T T T 11.6 17 10 M M 8 23 10
13 24 12 18 -27 47 0 T T 0 10.8 18 60 M M 9 24 60
14 14 4 9 -36 56 0 0.11 2.5 2 17.4 25 20 M M 10 189 33 30
15 12 -4 4 -41 61 0 T T 3 13.8 16 10 M M 3 8 M M
16 12 -4 4 -41 61 0 0.40 3.5 2 M 20 360 M M 10 128 22 360
17 20 3 12 -34 53 0 T T 5 M M M M M 6 18 M M
18 27 0 14 -32 51 0 T T 4 M M M M M 6 1 M M
19 42 6 24 -22 41 0 0.00 0.0 3 12.5 18 190 M M 0 18 22 190
20 59 19 39 -7 26 0 0.00 0.0 1 9.1 24 180 M M 0 31 180
21 59 32 46 -1 19 0 0.00 0.0 0 13.5 25 320 M M 0 32 340
22 69 29 49 2 16 0 0.00 0.0 0 8.3 18 280 M M 0 24 290
23 80 32 56 9 9 0 0.00 0.0 0 11.7 35 230 M M 0 39 210
24 61 39 50 3 15 0 0.00 0.0 0 14.7 32 360 M M 0 39 350
25 47 31 39 -9 26 0 0.00 0.0 0 8.6 15 50 M M 7 20 30
26 66 27 47 -1 18 0 0.00 0.0 0 8.3 18 200 M M 1 23 190
27 74 33 54 6 11 0 0.00 0.0 0 11.7 24 180 M M 0 32 170
28 60 41 51 2 14 0 0.00 0.0 0 15.4 25 360 M M 0 30 360
================================================================================
SM 1324 616 845 0 0.51 6.0 279.4 M 101
================================================================================
AV 47.3 22.0 11.2 FASTST M M 4 MAX(MPH)
MISC ----> 37 360 44 360
================================================================================
NOTES:
# LAST OF SEVERAL OCCURRENCES
COLUMN 17 PEAK WIND IN M.P.H.
PRELIMINARY LOCAL CLIMATOLOGICAL DATA (WS FORM: F-6) , PAGE 2
STATION: CHILDRESS
MONTH: FEBRUARY
YEAR: 2021
LATITUDE: 34 25 N
LONGITUDE: 100 17 W
[TEMPERATURE DATA] [PRECIPITATION DATA] SYMBOLS USED IN COLUMN 16
AVERAGE MONTHLY: 34.6 TOTAL FOR MONTH: 0.51 1 = FOG OR MIST
DPTR FM NORMAL: -10.5 DPTR FM NORMAL: -0.54 2 = FOG REDUCING VISIBILITY
HIGHEST: 80 ON 23 GRTST 24HR 0.40 ON 16-16 TO 1/4 MILE OR LESS
LOWEST: -4 ON 16,15 3 = THUNDER
SNOW, ICE PELLETS, HAIL 4 = ICE PELLETS
TOTAL MONTH: 6.0 INCHES 5 = HAIL
GRTST 24HR 3.5 ON 16-16 6 = FREEZING RAIN OR DRIZZLE
GRTST DEPTH: 5 ON 17 7 = DUSTSTORM OR SANDSTORM:
VSBY 1/2 MILE OR LESS
8 = SMOKE OR HAZE
[NO. OF DAYS WITH] [WEATHER - DAYS WITH] 9 = BLOWING SNOW
X = TORNADO
MAX 32 OR BELOW: 9 0.01 INCH OR MORE: 2
MAX 90 OR ABOVE: 0 0.10 INCH OR MORE: 2
MIN 32 OR BELOW: 23 0.50 INCH OR MORE: 0
MIN 0 OR BELOW: 3 1.00 INCH OR MORE: 0
[HDD (BASE 65) ]
TOTAL THIS MO. 845 CLEAR (SCALE 0-3) 16
DPTR FM NORMAL 288 PTCLDY (SCALE 4-7) 7
TOTAL FM JUL 1 2739 CLOUDY (SCALE 8-10) 5
DPTR FM NORMAL 179
[CDD (BASE 65) ]
TOTAL THIS MO. 0
DPTR FM NORMAL -1 [PRESSURE DATA]
TOTAL FM JAN 1 0 HIGHEST SLP 30.58 ON 18
DPTR FM NORMAL 0 LOWEST SLP 29.54 ON 4
[REMARKS]
#FINAL-02-21#