000
CXUS56 KEKA 011330
CF6CEC
PRELIMINARY LOCAL CLIMATOLOGICAL DATA (WS FORM: F-6)
STATION: CRESCENT CITY CA
MONTH: DECEMBER
YEAR: 2021
LATITUDE: 41 46 N
LONGITUDE: 124 14 W
TEMPERATURE IN F: :PCPN: SNOW: WIND :SUNSHINE: SKY :PK WND
================================================================================
1 2 3 4 5 6A 6B 7 8 9 10 11 12 13 14 15 16 17 18
12Z AVG MX 2MIN
DY MAX MIN AVG DEP HDD CDD WTR SNW DPTH SPD SPD DIR MIN PSBL S-S WX SPD DR
================================================================================
1 63 46 55 6 10 0 0.00 M M 4.1 10 330 M M 2 28 15 350
2 53 47 50 1 15 0 0.00 M M 4.0 10 340 M M 9 2 17 330
3 50 42 46 -3 19 0 0.00 M M 4.0 12 180 M M 10 2 15 170
4 51 43 47 -2 18 0 0.00 M M 3.3 12 160 M M 9 18 17 140
5 53 41 47 -2 18 0 0.00 M M 2.9 8 330 M M 7 18 12 330
6 52 46 49 0 16 0 0.38 M M 5.0 14 100 M M 9 18 19 100
7 57 42 50 1 15 0 0.00 M M 4.6 15 310 M M 4 28 21 310
8 54 43 49 1 16 0 0.03 M M 10.1 21 340 M M 6 1 35 350
9 51 37 44 -4 21 0 T M M 5.8 14 350 M M 4 18 23 350
10 51 37 44 -4 21 0 0.00 M M 5.0 17 150 M M 2 8 25 150
11 51 48 50 2 15 0 1.30 M M 24.2 33 180 M M 9 18 50 160
12 52 46 49 1 16 0 0.37 M M 11.3 31 180 M M 9 18 42 180
13 51 37 44 -4 21 0 0.56 M M 13.9 35 190 M M 7 138 54 260
14 48 36 42 -6 23 0 0.21 M M 9.0 20 190 M M 6 18 28 160
15 50 43 47 -1 18 0 0.79 M M 20.2 36 160 M M 10 1 53 150
16 51 40 46 -2 19 0 0.43 M M 10.0 23 160 M M 8 18 34 170
17 50 39 45 -3 20 0 0.00 M M 4.7 8 110 M M 4 12 90
18 51 39 45 -3 20 0 T M M 11.5 21 180 M M 8 27 180
19 56 49 53 5 12 0 0.87 M M 13.6 24 160 M M 10 18 37 170
20 58 49 54 6 11 0 0.07 M M 9.6 23 180 M M 7 8 32 170
21 56 47 52 4 13 0 0.30 M M 7.6 23 150 M M 9 1 34 120
22 54 49 52 4 13 0 0.33 M M 15.0 31 180 M M 10 1 40 180
23 53 43 48 0 17 0 0.24 M M 8.7 20 180 M M 10 18 25 190
24 50 42 46 -2 19 0 0.58 M M 14.7 32 190 M M 9 18 44 280
25 47 37 42 -6 23 0 0.27 M M 8.9 23 280 M M 7 18 32 280
26 44 37 41 -7 24 0 0.71 M M 11.3 29 280 M M 9 18 39 290
27 43 35 39 -9 26 0 0.16 T M 7.8 23 310 M M 9 18 31 310
28 46 36 41 -7 24 0 0.38 M M 13.0 22 150 M M 10 1 31 160
29 49 35 42 -6 23 0 0.08 M M 6.6 20 330 M M 3 18 29 350
30 45 35 40 -8 25 0 0.20 M M 7.3 23 190 M M 8 18 30 190
31 48 33 41 -7 24 0 0.12 M M 6.1 16 340 M M 5 18 25 330
================================================================================
SM 1588 1279 575 0 8.38 T 283.8 M 229
================================================================================
AV 51.2 41.3 9.2 FASTST M M 7 MAX(MPH)
MISC ----> 36 160 54 260
================================================================================
NOTES:
# LAST OF SEVERAL OCCURRENCES
COLUMN 17 PEAK WIND IN M.P.H.
PRELIMINARY LOCAL CLIMATOLOGICAL DATA (WS FORM: F-6) , PAGE 2
STATION: CRESCENT CITY CA
MONTH: DECEMBER
YEAR: 2021
LATITUDE: 41 46 N
LONGITUDE: 124 14 W
[TEMPERATURE DATA] [PRECIPITATION DATA] SYMBOLS USED IN COLUMN 16
AVERAGE MONTHLY: 46.2 TOTAL FOR MONTH: 8.38 1 = FOG OR MIST
DPTR FM NORMAL: -2.1 DPTR FM NORMAL: -2.76 2 = FOG REDUCING VISIBILITY
HIGHEST: 63 ON 1 GRTST 24HR 1.56 ON 11-12 TO 1/4 MILE OR LESS
LOWEST: 33 ON 31 3 = THUNDER
SNOW, ICE PELLETS, HAIL 4 = ICE PELLETS
TOTAL MONTH: T 5 = HAIL
GRTST 24HR T ON 27-27 6 = FREEZING RAIN OR DRIZZLE
GRTST DEPTH: M ON M 7 = DUSTSTORM OR SANDSTORM:
VSBY 1/2 MILE OR LESS
8 = SMOKE OR HAZE
[NO. OF DAYS WITH] [WEATHER - DAYS WITH] 9 = BLOWING SNOW
X = TORNADO
MAX 32 OR BELOW: 0 0.01 INCH OR MORE: 21
MAX 90 OR ABOVE: 0 0.10 INCH OR MORE: 18
MIN 32 OR BELOW: 0 0.50 INCH OR MORE: 6
MIN 0 OR BELOW: 0 1.00 INCH OR MORE: 1
[HDD (BASE 65) ]
TOTAL THIS MO. 575 CLEAR (SCALE 0-3) 3
DPTR FM NORMAL 57 PTCLDY (SCALE 4-7) 12
TOTAL FM JUL 1 2000 CLOUDY (SCALE 8-10) 16
DPTR FM NORMAL 74
[CDD (BASE 65) ]
TOTAL THIS MO. 0
DPTR FM NORMAL 0 [PRESSURE DATA]
TOTAL FM JAN 1 3 HIGHEST SLP 30.46 ON 5
DPTR FM NORMAL 0 LOWEST SLP 29.43 ON 13
[REMARKS]
#FINAL-12-21#