000
CXUS55 KGJT 011010
CF6CEZ
PRELIMINARY LOCAL CLIMATOLOGICAL DATA (WS FORM: F-6)
STATION: CORTEZ CO
MONTH: FEBRUARY
YEAR: 2022
LATITUDE: 37 17 N
LONGITUDE: 108 38 W
TEMPERATURE IN F: :PCPN: SNOW: WIND :SUNSHINE: SKY :PK WND
================================================================================
1 2 3 4 5 6A 6B 7 8 9 10 11 12 13 14 15 16 17 18
12Z AVG MX 2MIN
DY MAX MIN AVG DEP HDD CDD WTR SNW DPTH SPD SPD DIR MIN PSBL S-S WX SPD DR
================================================================================
1 43 20 32 2 33 0 0.00 M M 4.3 15 200 M M 6 18 200
2 35 17 26 -4 39 0 0.02 M M 9.9 23 350 M M 5 1 35 320
3 32 2 17 -13 48 0 0.00 M M 6.4 21 340 M M 0 30 330
4 36 0 18 -12 47 0 0.00 M M 4.3 12 210 M M 0 15 210
5 42 4 23 -7 42 0 0.00 M M 7.3 22 280 M M 0 29 280
6 49 9 29 -2 36 0 0.00 M M 7.1 20 360 M M 0 31 340
7 46 7 27 -4 38 0 0.00 M M 5.7 15 200 M M 0 19 200
8 58 13 36 5 29 0 0.00 M M 8.0 24 330 M M 0 34 350
9 55 13 34 3 31 0 0.00 M M 8.0 20 290 M M 0 26 270
10 58 18 38 6 27 0 0.00 M M 8.3 20 280 M M 0 25 280
11 61 18 40 8 25 0 0.00 M M 9.4 20 330 M M 0 28 320
12 51 16 34 2 31 0 0.00 M M 6.5 18 280 M M 0 27 280
13 55 13 34 2 31 0 0.00 M M 6.1 14 290 M M 0 18 290
14 57 12 35 2 30 0 0.00 M M 4.6 14 200 M M 0 19 220
15 58 19 39 6 26 0 0.00 M M 7.3 20 200 M M 0 28 200
16 48 25 37 4 28 0 0.08 M M 7.0 28 270 M M 8 18 36 260
17 46 17 32 -1 33 0 T M M 9.3 21 330 M M 3 1 27 310
18 50 13 32 -2 33 0 0.00 M M 7.5 17 280 M M 0 23 280
19 52 12 32 -2 33 0 0.00 M M 5.1 15 220 M M 0 19 210
20 57 12 35 1 30 0 0.00 M M 5.7 20 200 M M 0 1 25 200
21 45 32 39 5 26 0 0.05 M M 13.5 37 200 M M 6 18 47 270
22 41 28 35 0 30 0 0.19 M M 5.4 23 190 M M 10 1 31 200
23 38 22 30 -5 35 0 0.22 M M 8.9 28 220 M M 10 12 38 220
24 32 7 20 -15 45 0 0.04 M M 6.2 15 190 M M 6 18 20 200
25 38 5 22 -14 43 0 0.00 M M 5.4 12 280 M M 0 15 300
26 39 6 23 -13 42 0 0.00 M M 6.5 16 280 M M 0 23 290
27 45 9 27 -9 38 0 0.00 M M 4.4 9 100 M M 0 12 90
28 53 17 35 -1 30 0 0.00 M M 4.5 12 270 M M 0 14 270
================================================================================
SM 1320 386 959 0 0.60 M 192.6 M 54
================================================================================
AV 47.1 13.8 6.9 FASTST M M 2 MAX(MPH)
MISC ----> 37 200 47 270
================================================================================
NOTES:
# LAST OF SEVERAL OCCURRENCES
COLUMN 17 PEAK WIND IN M.P.H.
PRELIMINARY LOCAL CLIMATOLOGICAL DATA (WS FORM: F-6) , PAGE 2
STATION: CORTEZ CO
MONTH: FEBRUARY
YEAR: 2022
LATITUDE: 37 17 N
LONGITUDE: 108 38 W
[TEMPERATURE DATA] [PRECIPITATION DATA] SYMBOLS USED IN COLUMN 16
AVERAGE MONTHLY: 30.5 TOTAL FOR MONTH: 0.60 1 = FOG OR MIST
DPTR FM NORMAL: -2.3 DPTR FM NORMAL: -0.41 2 = FOG REDUCING VISIBILITY
HIGHEST: 61 ON 11 GRTST 24HR 0.24 ON 21-22 TO 1/4 MILE OR LESS
LOWEST: 0 ON 4 3 = THUNDER
SNOW, ICE PELLETS, HAIL 4 = ICE PELLETS
TOTAL MONTH: M 5 = HAIL
GRTST 24HR M ON M 6 = FREEZING RAIN OR DRIZZLE
GRTST DEPTH: M ON M 7 = DUSTSTORM OR SANDSTORM:
VSBY 1/2 MILE OR LESS
8 = SMOKE OR HAZE
[NO. OF DAYS WITH] [WEATHER - DAYS WITH] 9 = BLOWING SNOW
X = TORNADO
MAX 32 OR BELOW: 2 0.01 INCH OR MORE: 6
MAX 90 OR ABOVE: 0 0.10 INCH OR MORE: 2
MIN 32 OR BELOW: 28 0.50 INCH OR MORE: 0
MIN 0 OR BELOW: 1 1.00 INCH OR MORE: 0
[HDD (BASE 65) ]
TOTAL THIS MO. 959 CLEAR (SCALE 0-3) 21
DPTR FM NORMAL 59 PTCLDY (SCALE 4-7) 5
TOTAL FM JUL 1 4351 CLOUDY (SCALE 8-10) 2
DPTR FM NORMAL -298
[CDD (BASE 65) ]
TOTAL THIS MO. 0
DPTR FM NORMAL 0 [PRESSURE DATA]
TOTAL FM JAN 1 0 HIGHEST SLP 30.71 ON 4
DPTR FM NORMAL 0 LOWEST SLP 29.48 ON 21
[REMARKS]
#FINAL-02-22#