000
CXUS53 KPAH 010730
CF6CGI
PRELIMINARY LOCAL CLIMATOLOGICAL DATA (WS FORM: F-6)
STATION: CAPE GIRARDEAU MO
MONTH: JUNE
YEAR: 2023
LATITUDE: 37 13 N
LONGITUDE: 89 35 W
TEMPERATURE IN F: :PCPN: SNOW: WIND :SUNSHINE: SKY :PK WND
================================================================================
1 2 3 4 5 6A 6B 7 8 9 10 11 12 13 14 15 16 17 18
12Z AVG MX 2MIN
DY MAX MIN AVG DEP HDD CDD WTR SNW DPTH SPD SPD DIR MIN PSBL S-S WX SPD DR
================================================================================
1 90 63 77 4 0 12 T M M 3.2 12 210 M M 1 3 17 200
2 92 64 78 5 0 13 0.00 M M 4.1 16 70 M M 1 12 20 20
3 93 59 76 3 0 11 0.00 M M 4.9 18 40 M M 1 25 330
4 94 61 78 4 0 13 0.09 M M 3.0 20 120 M M 1 3 27 130
5 87 59 73 -1 0 8 0.00 M M 5.0 15 10 M M 0 18 21 30
6 88 54 71 -3 0 6 0.00 M M 3.5 12 30 M M 0 19 30
7 81 57 69 -5 0 4 0.03 M M 3.5 22 10 M M 2 18 31 20
8 84 54 69 -6 0 4 0.00 M M 4.2 15 20 M M 3 128 24 340
9 85 49 67 -8 0 2 0.00 M M 2.5 14 90 M M 1 18 18 90
10 87 51 69 -6 0 4 0.00 M M 5.1 15 210 M M 2 18 22 200
11 78 66 72 -4 0 7 1.11 M M 10.8 25 300 M M 8 18 35 290
12 76 55 66 -10 0 1 0.00 M M 6.4 17 20 M M 5 25 20
13 80 51 66 -10 0 1 0.00 M M 4.7 17 250 M M 0 1 23 270
14 86 55 71 -5 0 6 0.00 M M 2.6 9 210 M M 0 1 13 200
15 90 59 75 -1 0 10 0.00 M M 1.9 7 180 M M 1 128 14 340
16 92 62 77 0 0 12 0.00 M M 3.4 14 40 M M 2 1 17 40
17 86 63 75 -2 0 10 0.00 M M 5.4 10 90 M M 0 8 16 100
18 83 65 74 -3 0 9 0.13 M M 6.0 17 240 M M 5 138 23 250
19 87 64 76 -1 0 11 0.00 M M 6.3 15 350 M M 6 128 20 330
20 90 63 77 0 0 12 0.00 M M 8.0 20 20 M M 2 1 29 40
21 86 68 77 -1 0 12 0.00 M M 9.6 21 70 M M 3 29 70
22 87 64 76 -2 0 11 0.00 M M 7.6 21 30 M M 2 30 20
23 93 62 78 0 0 13 0.00 M M 3.9 17 360 M M 2 24 80
24 92 64 78 0 0 13 0.00 M M 5.8 16 210 M M 1 25 250
25 98 73 86 8 0 21 0.00 M M 9.9 18 250 M M 2 27 200
26 92 64 78 0 0 13 0.00 M M 9.1 21 310 M M 0 29 270
27 93 61 77 -1 0 12 0.00 M M 4.2 14 300 M M 1 19 300
28 90 64 77 -2 0 12 0.00 M M 7.3 15 220 M M 1 22 220
29 95 76 86 7 0 21 0.00 M M 8.5 17 180 M M 2 8 27 180
30 99 75 87 8 0 22 0.00 M M 6.2 15 190 M M 0 38 24 210
================================================================================
SM 2654 1845 0 306 1.36 M 166.6 M 55
================================================================================
AV 88.5 61.5 5.6 FASTST M M 2 MAX(MPH)
MISC ----> 25 300 35 290
================================================================================
NOTES:
# LAST OF SEVERAL OCCURRENCES
COLUMN 17 PEAK WIND IN M.P.H.
PRELIMINARY LOCAL CLIMATOLOGICAL DATA (WS FORM: F-6) , PAGE 2
STATION: CAPE GIRARDEAU MO
MONTH: JUNE
YEAR: 2023
LATITUDE: 37 13 N
LONGITUDE: 89 35 W
[TEMPERATURE DATA] [PRECIPITATION DATA] SYMBOLS USED IN COLUMN 16
AVERAGE MONTHLY: 75.0 TOTAL FOR MONTH: 1.36 1 = FOG OR MIST
DPTR FM NORMAL: -1.2 DPTR FM NORMAL: -2.44 2 = FOG REDUCING VISIBILITY
HIGHEST: 99 ON 30 GRTST 24HR 1.11 ON 11-11 TO 1/4 MILE OR LESS
LOWEST: 49 ON 9 3 = THUNDER
SNOW, ICE PELLETS, HAIL 4 = ICE PELLETS
TOTAL MONTH: M 5 = HAIL
GRTST 24HR M ON M 6 = FREEZING RAIN OR DRIZZLE
GRTST DEPTH: M ON M 7 = DUSTSTORM OR SANDSTORM:
VSBY 1/2 MILE OR LESS
8 = SMOKE OR HAZE
[NO. OF DAYS WITH] [WEATHER - DAYS WITH] 9 = BLOWING SNOW
X = TORNADO
MAX 32 OR BELOW: 0 0.01 INCH OR MORE: 4
MAX 90 OR ABOVE: 15 0.10 INCH OR MORE: 2
MIN 32 OR BELOW: 0 0.50 INCH OR MORE: 1
MIN 0 OR BELOW: 0 1.00 INCH OR MORE: 1
[HDD (BASE 65) ]
TOTAL THIS MO. 0 CLEAR (SCALE 0-3) 25
DPTR FM NORMAL -2 PTCLDY (SCALE 4-7) 4
TOTAL FM JUL 1 3744 CLOUDY (SCALE 8-10) 1
DPTR FM NORMAL -432
[CDD (BASE 65) ]
TOTAL THIS MO. 306
DPTR FM NORMAL -34 [PRESSURE DATA]
TOTAL FM JAN 1 493 HIGHEST SLP M ON M
DPTR FM NORMAL -27 LOWEST SLP 29.61 ON 11
[REMARKS]
#FINAL-06-23#