000
CXUS55 KPAH 010700
CF6CGI
PRELIMINARY LOCAL CLIMATOLOGICAL DATA (WS FORM: F-6)
STATION: CAPE GIRARDEAU MO
MONTH: JUNE
YEAR: 2021
LATITUDE: 37 13 N
LONGITUDE: 89 35 W
TEMPERATURE IN F: :PCPN: SNOW: WIND :SUNSHINE: SKY :PK WND
================================================================================
1 2 3 4 5 6A 6B 7 8 9 10 11 12 13 14 15 16 17 18
12Z AVG MX 2MIN
DY MAX MIN AVG DEP HDD CDD WTR SNW DPTH SPD SPD DIR MIN PSBL S-S WX SPD DR
================================================================================
1 67 60 64 -9 1 0 0.92 M M 4.9 15 90 M M 7 1 20 80
2 74 63 69 -4 0 4 0.59 M M 4.6 12 360 M M 10 1 15 360
3 81 60 71 -2 0 6 0.42 M M 4.6 21 340 M M 5 13 29 340
4 84 58 71 -3 0 6 0.00 M M 2.4 10 140 M M 3 12 14 140
5 87 60 74 0 0 9 T M M 4.4 14 210 M M 2 12 20 190
6 83 70 77 3 0 12 T M M 7.9 17 150 M M 7 24 140
7 80 70 75 1 0 10 0.70 M M 6.8 16 190 M M 8 13 22 180
8 78 70 74 -1 0 9 0.47 M M 5.9 17 230 M M 6 1 24 240
9 85 72 79 4 0 14 0.01 M M 4.4 12 200 M M 9 16 210
10 89 72 81 6 0 16 0.22 M M 2.3 21 50 M M 5 13 27 60
11 93 70 82 6 0 17 0.00 M M 2.7 12 140 M M 1 13 19 110
12 96 71 84 8 0 19 0.00 M M 2.7 16 290 M M 0 13 19 290
13 93 68 81 5 0 16 0.00 M M 6.5 17 10 M M 1 1 22 340
14 95 64 80 4 0 15 0.00 M M 5.3 14 30 M M 0 8 19 250
15 89 64 77 1 0 12 0.00 M M 4.8 16 30 M M 0 30 40
16 92 64 78 1 0 13 0.00 M M 3.3 13 320 M M 3 19 330
17 93 65 79 2 0 14 0.00 M M 4.2 12 250 M M 0 1 16 210
18 94 75 85 8 0 20 0.00 M M 8.6 17 220 M M 0 25 240
19 91 69 80 3 0 15 0.00 M M 6.6 15 200 M M 2 21 220
20 93 73 83 6 0 18 0.00 M M 10.0 18 220 M M 1 28 240
21 83 58 71 -7 0 6 0.24 M M 9.2 21 350 M M 4 138 33 350
22 80 53 67 -11 0 2 0.00 M M 6.0 17 20 M M 0 24 20
23 84 55 70 -8 0 5 0.00 M M 6.1 16 130 M M 0 8 23 130
24 87 68 78 0 0 13 0.00 M M 9.6 17 150 M M 3 24 170
25 91 80 86 8 0 21 T M M 12.8 20 170 M M 2 33 210
26 89 76 83 5 0 18 0.03 M M 12.9 22 190 M M 3 33 220
27 91 75 83 5 0 18 T M M 9.4 17 240 M M 4 25 190
28 92 72 82 3 0 17 T M M 5.6 17 140 M M 1 3 23 140
29 94 72 83 4 0 18 0.00 M M 3.9 20 120 M M 2 3 27 130
30 93 70 82 3 0 17 0.50 M M 4.2 26 240 M M 2 13 39 240
================================================================================
SM 2621 2017 1 380 4.10 M 182.6 M 91
================================================================================
AV 87.4 67.2 6.1 FASTST M M 3 MAX(MPH)
MISC ----> 26 240 39 240
================================================================================
NOTES:
# LAST OF SEVERAL OCCURRENCES
COLUMN 17 PEAK WIND IN M.P.H.
PRELIMINARY LOCAL CLIMATOLOGICAL DATA (WS FORM: F-6) , PAGE 2
STATION: CAPE GIRARDEAU MO
MONTH: JUNE
YEAR: 2021
LATITUDE: 37 13 N
LONGITUDE: 89 35 W
[TEMPERATURE DATA] [PRECIPITATION DATA] SYMBOLS USED IN COLUMN 16
AVERAGE MONTHLY: 77.3 TOTAL FOR MONTH: 4.10 1 = FOG OR MIST
DPTR FM NORMAL: 1.1 DPTR FM NORMAL: 0.30 2 = FOG REDUCING VISIBILITY
HIGHEST: 96 ON 12 GRTST 24HR 1.45 ON 1- 2 TO 1/4 MILE OR LESS
LOWEST: 53 ON 22 3 = THUNDER
SNOW, ICE PELLETS, HAIL 4 = ICE PELLETS
TOTAL MONTH: M 5 = HAIL
GRTST 24HR M ON M 6 = FREEZING RAIN OR DRIZZLE
GRTST DEPTH: M ON M 7 = DUSTSTORM OR SANDSTORM:
VSBY 1/2 MILE OR LESS
8 = SMOKE OR HAZE
[NO. OF DAYS WITH] [WEATHER - DAYS WITH] 9 = BLOWING SNOW
X = TORNADO
MAX 32 OR BELOW: 0 0.01 INCH OR MORE: 10
MAX 90 OR ABOVE: 14 0.10 INCH OR MORE: 8
MIN 32 OR BELOW: 0 0.50 INCH OR MORE: 4
MIN 0 OR BELOW: 0 1.00 INCH OR MORE: 0
[HDD (BASE 65) ]
TOTAL THIS MO. 1 CLEAR (SCALE 0-3) 18
DPTR FM NORMAL -1 PTCLDY (SCALE 4-7) 9
TOTAL FM JUL 1 4212 CLOUDY (SCALE 8-10) 3
DPTR FM NORMAL 36
[CDD (BASE 65) ]
TOTAL THIS MO. 380
DPTR FM NORMAL 40 [PRESSURE DATA]
TOTAL FM JAN 1 514 HIGHEST SLP M ON M
DPTR FM NORMAL -6 LOWEST SLP 29.67 ON 20
[REMARKS]
#FINAL-06-21#