000
CXUS55 KOHX 011110
CF6CKV
PRELIMINARY LOCAL CLIMATOLOGICAL DATA (WS FORM: F-6)
STATION: CLARKSVILLE
MONTH: MARCH
YEAR: 2022
LATITUDE: 36 37 N
LONGITUDE: 87 25 W
TEMPERATURE IN F: :PCPN: SNOW: WIND :SUNSHINE: SKY :PK WND
================================================================================
1 2 3 4 5 6A 6B 7 8 9 10 11 12 13 14 15 16 17 18
12Z AVG MX 2MIN
DY MAX MIN AVG DEP HDD CDD WTR SNW DPTH SPD SPD DIR MIN PSBL S-S WX SPD DR
================================================================================
1 72 30 51 7 14 0 0.00 M M 7.2 20 260 M M 0 28 240
2 78 41 60 15 5 0 0.00 M M 5.2 13 210 M M 0 20 210
3 74 45 60 15 5 0 0.00 M M 7.0 15 360 M M 0 20 30
4 74 39 57 12 8 0 0.00 M M 4.6 10 90 M M 0 14 80
5 75 53 64 18 1 0 T M M 14.1 30 200 M M 5 47 210
6 74 63 69 23 0 4 0.20 M M 13.6 30 200 M M 8 13 46 200
7 73 38 56 10 9 0 0.83 M M 15.6 32 190 M M 8 13 46 220
8 45 37 41 -5 24 0 0.06 M M 7.1 14 50 M M 9 1 18 20
9 54 35 45 -2 20 0 0.07 M M 7.5 14 340 M M 4 18 18 360
10 59 34 47 0 18 0 0.00 M M 3.8 12 70 M M 0 16 10
11 51 27 39 -8 26 0 0.08 M M 10.5 26 340 M M 5 128 35 10
12 32 20 26 -22 39 0 T M M 12.8 26 330 M M 2 1 35 340
13 59 23 41 -7 24 0 0.00 M M 11.5 22 220 M M 3 32 230
14 68 36 52 4 13 0 T M M 9.3 22 200 M M 1 28 200
15 68 43 56 7 9 0 0.00 M M 4.7 12 140 M M 3 16 180
16 68 47 58 9 7 0 0.03 M M 5.5 13 130 M M 5 128 17 130
17 74 45 60 11 5 0 0.00 M M 3.8 10 130 M M 5 12 13 180
18 69 53 61 11 4 0 0.11 M M 12.4 24 190 M M 6 1 36 250
19 55 39 47 -3 18 0 0.00 M M 9.2 21 260 M M 7 31 260
20 70 30 50 0 15 0 0.00 M M 2.0 8 80 M M 0 128 10 110
21 75 40 58 8 7 0 0.00 M M 6.9 16 130 M M 0 23 130
22 74 54 64 13 1 0 1.29 M M 10.6 35 160 M M 8 13 53 180
23 62 47 55 4 10 0 0.07 M M 12.3 30 210 M M 9 43 220
24 58 39 49 -2 16 0 0.00 M M 8.9 23 250 M M 3 35 260
25 52 42 47 -5 18 0 0.00 M M 9.0 20 270 M M 7 28 290
26 60 36 48 -4 17 0 0.00 M M 12.6 30 300 M M 0 42 330
27 52 30 41 -11 24 0 0.00 M M 6.6 16 330 M M 0 21 330
28 54 39 47 -6 18 0 0.00 M M 6.0 12 50 M M 5 17 80
29 77 42 60 7 5 0 0.00 M M 9.5 16 190 M M 5 22 170
30 81 58 70 17 0 5 1.09 M M 15.2 33 180 M M 4 13 57 160
31 62 42 52 -2 13 0 0.05 M M 11.6 26 280 M M 10 39 280
================================================================================
SM 1999 1247 393 9 3.88 M 276.6 M 122
================================================================================
AV 64.5 40.2 8.9 FASTST M M 4 MAX(MPH)
MISC ----> 35 160 57 160
================================================================================
NOTES:
# LAST OF SEVERAL OCCURRENCES
COLUMN 17 PEAK WIND IN M.P.H.
PRELIMINARY LOCAL CLIMATOLOGICAL DATA (WS FORM: F-6) , PAGE 2
STATION: CLARKSVILLE
MONTH: MARCH
YEAR: 2022
LATITUDE: 36 37 N
LONGITUDE: 87 25 W
[TEMPERATURE DATA] [PRECIPITATION DATA] SYMBOLS USED IN COLUMN 16
AVERAGE MONTHLY: 52.4 TOTAL FOR MONTH: 3.88 1 = FOG OR MIST
DPTR FM NORMAL: 3.5 DPTR FM NORMAL: -0.44 2 = FOG REDUCING VISIBILITY
HIGHEST: 81 ON 30 GRTST 24HR 1.29 ON 22-22 TO 1/4 MILE OR LESS
LOWEST: 20 ON 12 3 = THUNDER
SNOW, ICE PELLETS, HAIL 4 = ICE PELLETS
TOTAL MONTH: M 5 = HAIL
GRTST 24HR M ON M 6 = FREEZING RAIN OR DRIZZLE
GRTST DEPTH: M ON M 7 = DUSTSTORM OR SANDSTORM:
VSBY 1/2 MILE OR LESS
8 = SMOKE OR HAZE
[NO. OF DAYS WITH] [WEATHER - DAYS WITH] 9 = BLOWING SNOW
X = TORNADO
MAX 32 OR BELOW: 1 0.01 INCH OR MORE: 11
MAX 90 OR ABOVE: 0 0.10 INCH OR MORE: 5
MIN 32 OR BELOW: 6 0.50 INCH OR MORE: 3
MIN 0 OR BELOW: 0 1.00 INCH OR MORE: 2
[HDD (BASE 65) ]
TOTAL THIS MO. 393 CLEAR (SCALE 0-3) 13
DPTR FM NORMAL -111 PTCLDY (SCALE 4-7) 13
TOTAL FM JUL 1 3109 CLOUDY (SCALE 8-10) 5
DPTR FM NORMAL -478
[CDD (BASE 65) ]
TOTAL THIS MO. 9
DPTR FM NORMAL 3 [PRESSURE DATA]
TOTAL FM JAN 1 10 HIGHEST SLP 30.38 ON 12
DPTR FM NORMAL 3 LOWEST SLP 29.35 ON 30
[REMARKS]
#FINAL-03-22#