000
CXUS54 KHGX 251632
CF6CLL
PRELIMINARY LOCAL CLIMATOLOGICAL DATA (WS FORM: F-6)
STATION: COLLEGE STATION
MONTH: AUGUST
YEAR: 2020
LATITUDE: 30 34 N
LONGITUDE: 96 22 W
TEMPERATURE IN F: :PCPN: SNOW: WIND :SUNSHINE: SKY :PK WND
================================================================================
1 2 3 4 5 6A 6B 7 8 9 10 11 12 13 14 15 16 17 18
12Z AVG MX 2MIN
DY MAX MIN AVG DEP HDD CDD WTR SNW DPTH SPD SPD DIR MIN PSBL S-S WX SPD DR
================================================================================
1 95 72 84 -2 0 19 0.31 0.0 0 3.0 18 160 M M 1 13 21 140
2 93 74 84 -2 0 19 0.01 0.0 0 4.3 23 330 M M 1 3 34 340
3 97 71 84 -2 0 19 T 0.0 0 2.8 18 300 M M 1 23 310
4 97 76 87 1 0 22 0.00 0.0 0 5.1 13 130 M M 1 3 16 110
5 96 76 86 0 0 21 0.00 0.0 0 6.6 16 160 M M 1 22 160
6 95 74 85 -1 0 20 0.00 0.0 0 8.4 17 150 M M 1 26 130
7 96 75 86 0 0 21 0.00 0.0 0 7.8 16 140 M M 1 22 140
8 96 76 86 0 0 21 0.00 0.0 0 7.2 18 150 M M 1 24 150
9 97 77 87 1 0 22 0.00 0.0 0 10.3 22 160 M M 1 27 160
10 98 77 88 2 0 23 0.00 0.0 0 10.4 20 140 M M 1 25 190
11 98 77 88 2 0 23 0.00 0.0 0 9.7 16 170 M M 2 22 170
12 99 77 88 2 0 23 0.00 0.0 0 8.7 17 160 M M 1 23 170
13 99 79 89 3 0 24 0.00 0.0 0 7.5 17 160 M M 2 20 190
14 100 78 89 3 0 24 0.00 0.0 0 10.3 18 230 M M 1 23 230
15 101 78 90 4 0 25 0.00 0.0 0 8.1 14 170 M M 1 17 240
16 102 78 90 4 0 25 0.00 0.0 0 5.8 28 10 M M 0 35 20
17 95 71 83 -3 0 18 0.04 0.0 0 6.1 30 40 M M 2 13 38 50
18 101 73 87 1 0 22 0.00 0.0 0 5.2 16 40 M M 1 20 20
19 98 72 85 -1 0 20 0.00 0.0 0 6.9 18 30 M M 0 24 30
20 98 72 85 -1 0 20 0.00 0.0 0 6.2 14 40 M M 0 18 40
21 99 72 86 0 0 21 0.00 0.0 0 5.3 23 140 M M 2 32 120
22 92 74 83 -2 0 18 0.03 0.0 0 4.7 13 200 M M 3 13 17 210
23 97 72 85 0 0 20 0.00 0.0 0 4.4 16 120 M M 1 8 21 110
24 98 74 86 1 0 21 0.00 0.0 0 6.1 15 50 M M 1 20 60
25 100 77 89 4 0 24 0.00 0.0 0 9.2 20 80 M M 1 25 80
26 95 78 87 2 0 22 0.10 0.0 0 8.6 24 80 M M 5 13 30 60
27 98 75 87 2 0 22 0.00 0.0 0 5.8 15 20 M M 2 21 20
28 103 75 89 4 0 24 0.09 0.0 0 9.9 26 110 M M 4 138 36 110
29 99 76 88 4 0 23 0.00 0.0 0 8.3 15 200 M M 2 1 21 170
30 99 79 89 5 0 24 0.00 0.0 0 8.8 18 170 M M 3 24 150
31 100 80 90 6 0 25 0.00 0.0 0 12.7 22 150 M M 4 1 27 160
================================================================================
SM 3031 2335 0 675 0.58 0.0 224.2 M 48
================================================================================
AV 97.8 75.3 7.2 FASTST M M 2 MAX(MPH)
MISC ----> 30 40 38 50
================================================================================
NOTES:
# LAST OF SEVERAL OCCURRENCES
COLUMN 17 PEAK WIND IN M.P.H.
PRELIMINARY LOCAL CLIMATOLOGICAL DATA (WS FORM: F-6) , PAGE 2
STATION: COLLEGE STATION
MONTH: AUGUST
YEAR: 2020
LATITUDE: 30 34 N
LONGITUDE: 96 22 W
[TEMPERATURE DATA] [PRECIPITATION DATA] SYMBOLS USED IN COLUMN 16
AVERAGE MONTHLY: 86.5 TOTAL FOR MONTH: 0.58 1 = FOG OR MIST
DPTR FM NORMAL: 0.8 DPTR FM NORMAL: -2.52 2 = FOG REDUCING VISIBILITY
HIGHEST: 103 ON 28 GRTST 24HR 0.31 ON 1- 1 TO 1/4 MILE OR LESS
LOWEST: 71 ON 3,17 3 = THUNDER
SNOW, ICE PELLETS, HAIL 4 = ICE PELLETS
TOTAL MONTH: 0.0 INCH 5 = HAIL
GRTST 24HR 0.0 6 = FREEZING RAIN OR DRIZZLE
GRTST DEPTH: 0 7 = DUSTSTORM OR SANDSTORM:
VSBY 1/2 MILE OR LESS
8 = SMOKE OR HAZE
[NO. OF DAYS WITH] [WEATHER - DAYS WITH] 9 = BLOWING SNOW
X = TORNADO
MAX 32 OR BELOW: 0 0.01 INCH OR MORE: 6
MAX 90 OR ABOVE: 31 0.10 INCH OR MORE: 2
MIN 32 OR BELOW: 0 0.50 INCH OR MORE: 0
MIN 0 OR BELOW: 0 1.00 INCH OR MORE: 0
[HDD (BASE 65) ]
TOTAL THIS MO. 0 CLEAR (SCALE 0-3) 27
DPTR FM NORMAL 0 PTCLDY (SCALE 4-7) 4
TOTAL FM JUL 1 0 CLOUDY (SCALE 8-10) 0
DPTR FM NORMAL 0
[CDD (BASE 65) ]
TOTAL THIS MO. 675
DPTR FM NORMAL 35 [PRESSURE DATA]
TOTAL FM JAN 1 2629 HIGHEST SLP M ON M
DPTR FM NORMAL 227 LOWEST SLP 29.69 ON 30
[REMARKS]
#FINAL-08-20#