000
CXUS56 KLOX 011255
CF6CMA
PRELIMINARY LOCAL CLIMATOLOGICAL DATA (WS FORM: F-6)
STATION: CAMARILLO AIRPORT CA
MONTH: FEBRUARY
YEAR: 2023
LATITUDE: 34 12 N
LONGITUDE: 119 6 W
TEMPERATURE IN F: :PCPN: SNOW: WIND :SUNSHINE: SKY :PK WND
================================================================================
1 2 3 4 5 6A 6B 7 8 9 10 11 12 13 14 15 16 17 18
12Z AVG MX 2MIN
DY MAX MIN AVG DEP HDD CDD WTR SNW DPTH SPD SPD DIR MIN PSBL S-S WX SPD DR
================================================================================
1 71 38 55 -2 10 0 0.00 M M 8.7 20 70 M M 0 34 50
2 66 36 51 -6 14 0 0.00 M M 3.7 13 260 M M 0 17 260
3 69 42 56 -1 9 0 0.00 M M 4.1 18 280 M M 0 22 280
4 68 38 53 -4 12 0 0.00 M M 3.0 13 240 M M 1 1 16 230
5 64 45 55 -2 10 0 0.02 M M 11.9 37 270 M M 2 1 48 270
6 63 38 51 -6 14 0 0.00 M M 5.8 14 270 M M 0 17 270
7 72 40 56 -1 9 0 0.00 M M 8.7 21 40 M M 0 46 70
8 71 39 55 -2 10 0 0.00 M M 4.7 14 270 M M 0 20 270
9 80 42 61 4 4 0 0.00 M M 12.3 22 60 M M 0 45 60
10 77 48 63 7 2 0 T M M 7.9 20 80 M M 1 32 60
11 60 41 51 -5 14 0 0.00 M M 8.2 30 260 M M 1 1 41 270
12 60 38 49 -7 16 0 0.00 M M 4.6 16 270 M M 0 20 270
13 63 38 51 -5 14 0 0.00 M M 5.9 15 210 M M 3 21 220
14 61 44 53 -3 12 0 0.00 M M 10.0 37 270 M M 4 50 270
15 60 34 47 -9 18 0 0.00 M M 6.6 17 270 M M 0 21 270
16 65 34 50 -6 15 0 0.00 M M 9.0 28 70 M M 0 52 70
17 69 47 58 2 7 0 0.00 M M 12.7 22 50 M M 0 43 60
18 70 38 54 -2 11 0 0.00 M M 6.1 16 210 M M 0 28 230
19 66 34 50 -6 15 0 0.00 M M 5.4 15 240 M M 0 20 230
20 69 37 53 -3 12 0 0.00 M M 3.4 14 260 M M 0 21 180
21 61 39 50 -6 15 0 0.00 M M 12.8 44 260 M M 2 8 61 270
22 56 43 50 -7 15 0 0.00 M M 22.7 45 260 M M 1 8 57 260
23 53 41 47 -10 18 0 0.29 M M 6.1 17 220 M M 8 18 30 240
24 56 45 51 -6 14 0 1.43 M M 15.0 31 270 M M 10 18 57 150
25 53 38 46 -11 19 0 0.51 M M 5.6 20 60 M M 8 1 40 60
26 56 35 46 -11 19 0 0.00 M M 4.2 15 240 M M 4 21 220
27 56 47 52 -5 13 0 0.29 M M 6.3 17 260 M M 9 1 35 270
28 58 43 51 -6 14 0 0.16 M M 6.2 17 270 M M 7 1 33 260
================================================================================
SM 1793 1122 355 0 2.70 M 221.6 M 61
================================================================================
AV 64.0 40.1 7.9 FASTST M M 2 MAX(MPH)
MISC ----> 45 260 61 270
================================================================================
NOTES:
# LAST OF SEVERAL OCCURRENCES
COLUMN 17 PEAK WIND IN M.P.H.
PRELIMINARY LOCAL CLIMATOLOGICAL DATA (WS FORM: F-6) , PAGE 2
STATION: CAMARILLO AIRPORT CA
MONTH: FEBRUARY
YEAR: 2023
LATITUDE: 34 12 N
LONGITUDE: 119 6 W
[TEMPERATURE DATA] [PRECIPITATION DATA] SYMBOLS USED IN COLUMN 16
AVERAGE MONTHLY: 52.1 TOTAL FOR MONTH: 2.70 1 = FOG OR MIST
DPTR FM NORMAL: -4.5 DPTR FM NORMAL: -0.20 2 = FOG REDUCING VISIBILITY
HIGHEST: 80 ON 9 GRTST 24HR 1.44 ON 23-24 TO 1/4 MILE OR LESS
LOWEST: 34 ON 19,16 3 = THUNDER
SNOW, ICE PELLETS, HAIL 4 = ICE PELLETS
TOTAL MONTH: M 5 = HAIL
GRTST 24HR M ON M 6 = FREEZING RAIN OR DRIZZLE
GRTST DEPTH: M ON M 7 = DUSTSTORM OR SANDSTORM:
VSBY 1/2 MILE OR LESS
8 = SMOKE OR HAZE
[NO. OF DAYS WITH] [WEATHER - DAYS WITH] 9 = BLOWING SNOW
X = TORNADO
MAX 32 OR BELOW: 0 0.01 INCH OR MORE: 6
MAX 90 OR ABOVE: 0 0.10 INCH OR MORE: 5
MIN 32 OR BELOW: 0 0.50 INCH OR MORE: 2
MIN 0 OR BELOW: 0 1.00 INCH OR MORE: 1
[HDD (BASE 65) ]
TOTAL THIS MO. 355 CLEAR (SCALE 0-3) 21
DPTR FM NORMAL 112 PTCLDY (SCALE 4-7) 4
TOTAL FM JUL 1 1305 CLOUDY (SCALE 8-10) 3
DPTR FM NORMAL 263
[CDD (BASE 65) ]
TOTAL THIS MO. 0
DPTR FM NORMAL -8 [PRESSURE DATA]
TOTAL FM JAN 1 0 HIGHEST SLP 30.37 ON 2
DPTR FM NORMAL -11 LOWEST SLP 29.65 ON 21
[REMARKS]
#FINAL-02-23#