000
CXUS53 KILX 011306
CLMCMI
CLIMATE REPORT
NATIONAL WEATHER SERVICE LINCOLN IL
806 AM CDT WED NOV 01 2023
...................................
...THE CHAMPAIGN IL AIRPORT CLIMATE SUMMARY FOR THE MONTH OF OCTOBER 2023...
CLIMATE NORMAL PERIOD 1991 TO 2020
CLIMATE RECORD PERIOD 9999 TO 9999
WEATHER OBSERVED NORMAL DEPART LAST YEAR`S
VALUE DATE(S) VALUE FROM VALUE
NORMAL
..............................................................
TEMPERATURE (F)
RECORD
HIGH MM MM
LOW 23 10/31/2023
HIGHEST 89 10/02 MM MM 80
10/03
LOWEST 23R 10/31 MM MM 27
AVG. MAXIMUM 67.4 66.9 0.5 66.6
AVG. MINIMUM 45.4 43.1 2.3 40.9
MEAN 56.4 55.0 1.4 53.8
DAYS MAX >= 90 0 0.3 -0.3 0
DAYS MAX <= 32 0 0.0 0.0 0
DAYS MIN <= 32 2 4.7 -2.7 6
DAYS MIN <= 0 0 0.0 0.0 0
PRECIPITATION (INCHES)
RECORD
MAXIMUM 6.63 2021
MINIMUM 1.93 2020
TOTALS 4.76 3.03 1.73 2.35
DAILY AVG. 0.15 0.10 0.05 0.08
DAYS >= .01 10 9.7 0.3 8
DAYS >= .10 9 5.5 3.5 6
DAYS >= .50 4 2.3 1.7 1
DAYS >= 1.00 2 0.7 1.3 1
GREATEST
24 HR. TOTAL 1.27 10/13 TO 10/13 1.39
DEGREE DAYS
HEATING TOTAL 297 336 -39 352
SINCE 7/1 309 408 -99 MM
COOLING TOTAL 38 26 12 10
SINCE 1/1 1073 1053 20 MM
..............................................................
WIND (MPH)
AVERAGE WIND SPEED 10.0
HIGHEST WIND SPEED/DIRECTION 30/300 DATE 10/21
HIGHEST GUST SPEED/DIRECTION 44/310 DATE 10/21
AVERAGE RH (PERCENT) 70
WEATHER CONDITIONS. NUMBER OF DAYS WITH
THUNDERSTORM 3 MIXED PRECIP 0
HEAVY RAIN 6 RAIN 7
LIGHT RAIN 16 FREEZING RAIN 0
LT FREEZING RAIN 0 HAIL 0
HEAVY SNOW 0 SNOW 0
LIGHT SNOW 0 SLEET 0
FOG 11 FOG W/VIS <= 1/4 MILE 2
HAZE 2
- INDICATES NEGATIVE NUMBERS.
R INDICATES RECORD WAS SET OR TIED.
MM INDICATES DATA IS MISSING.
T INDICATES TRACE AMOUNT.
$$