000
CXUS54 KMAF 011338
CF6CNM
PRELIMINARY LOCAL CLIMATOLOGICAL DATA (WS FORM: F-6)
STATION: CARLSBAD
MONTH: APRIL
YEAR: 2023
LATITUDE: 32 20 N
LONGITUDE: 104 15 W
TEMPERATURE IN F: :PCPN: SNOW: WIND :SUNSHINE: SKY :PK WND
================================================================================
1 2 3 4 5 6A 6B 7 8 9 10 11 12 13 14 15 16 17 18
12Z AVG MX 2MIN
DY MAX MIN AVG DEP HDD CDD WTR SNW DPTH SPD SPD DIR MIN PSBL S-S WX SPD DR
================================================================================
1 77 39 58 -2 7 0 0.00 M M 8.8 21 170 M M 0 30 170
2 85 39 62 2 3 0 0.00 M M 12.7 33 270 M M 0 45 280
3 86 46 66 5 0 1 0.00 M M 15.7 37 250 M M 0 51 250
4 82 47 65 4 0 0 0.00 M M 25.5 46 230 M M 3 58 230
5 63 35 49 -12 16 0 0.00 M M 9.8 23 360 M M 0 30 360
6 68 38 53 -9 12 0 0.00 M M 8.0 17 120 M M 0 26 90
7 67 32 50 -12 15 0 0.00 M M 4.7 14 130 M M 0 20 120
8 76 36 56 -6 9 0 0.00 M M 8.8 17 140 M M 0 26 130
9 83 46 65 3 0 0 0.00 M M 5.8 14 110 M M 0 3 20 90
10 81 55 68 6 0 3 0.00 M M 7.5 18 110 M M 2 28 110
11 86 51 69 6 0 4 0.00 M M 9.2 18 140 M M 0 25 130
12 89 48 69 6 0 4 0.00 M M 11.1 24 140 M M 0 34 150
13 89 52 71 8 0 6 0.00 M M 9.6 25 240 M M 0 32 260
14 82 57 70 7 0 5 0.00 M M 17.0 37 260 M M 0 54 260
15 80 50 65 1 0 0 0.00 M M 9.3 16 10 M M 0 27 350
16 71 41 56 -8 9 0 0.00 M M 9.3 18 150 M M 0 29 180
17 83 46 65 1 0 0 0.00 M M 11.6 25 150 M M 0 37 150
18 88 49 69 5 0 4 0.00 M M 14.0 29 270 M M 0 41 250
19 88 59 74 10 0 9 0.00 M M 15.8 30 260 M M 0 38 260
20 77 54 66 1 0 1 0.00 M M 7.4 24 330 M M 0 35 330
21 82 47 65 0 0 0 0.00 M M 11.6 31 250 M M 0 42 240
22 77 46 62 -3 3 0 0.00 M M 15.1 31 340 M M 1 8 39 340
23 56 44 50 -15 15 0 0.00 M M 10.6 18 140 M M 9 25 140
24 71 46 59 -7 6 0 0.00 M M 11.8 18 160 M M 5 1 26 140
25 87 47 67 1 0 2 0.00 M M 10.3 38 340 M M 1 47 350
26 78 51 65 -1 0 0 0.00 M M 15.5 28 360 M M 0 36 10
27 85 42 64 -2 1 0 0.00 M M 11.8 29 250 M M 0 38 280
28 72 41 57 -10 8 0 0.00 M M 18.6 33 330 M M 4 42 340
29 78 34 56 -11 9 0 0.00 M M 5.1 13 210 M M 0 16 360
30 95 42 69 2 0 4 0.00 M M 9.5 23 240 M M 0 33 240
================================================================================
SM 2382 1360 113 43 0.00 M 341.5 M 25
================================================================================
AV 79.4 45.3 11.4 FASTST M M 1 MAX(MPH)
MISC ----> 46 230 58 230
================================================================================
NOTES:
# LAST OF SEVERAL OCCURRENCES
COLUMN 17 PEAK WIND IN M.P.H.
PRELIMINARY LOCAL CLIMATOLOGICAL DATA (WS FORM: F-6) , PAGE 2
STATION: CARLSBAD
MONTH: APRIL
YEAR: 2023
LATITUDE: 32 20 N
LONGITUDE: 104 15 W
[TEMPERATURE DATA] [PRECIPITATION DATA] SYMBOLS USED IN COLUMN 16
AVERAGE MONTHLY: 62.4 TOTAL FOR MONTH: 0.00 1 = FOG OR MIST
DPTR FM NORMAL: -1.3 DPTR FM NORMAL: -0.45 2 = FOG REDUCING VISIBILITY
HIGHEST: 95 ON 30 GRTST 24HR 0.00 ON 1- 1 TO 1/4 MILE OR LESS
LOWEST: 32 ON 7 3 = THUNDER
SNOW, ICE PELLETS, HAIL 4 = ICE PELLETS
TOTAL MONTH: M 5 = HAIL
GRTST 24HR M ON M 6 = FREEZING RAIN OR DRIZZLE
GRTST DEPTH: M ON M 7 = DUSTSTORM OR SANDSTORM:
VSBY 1/2 MILE OR LESS
8 = SMOKE OR HAZE
[NO. OF DAYS WITH] [WEATHER - DAYS WITH] 9 = BLOWING SNOW
X = TORNADO
MAX 32 OR BELOW: 0 0.01 INCH OR MORE: 0
MAX 90 OR ABOVE: 1 0.10 INCH OR MORE: 0
MIN 32 OR BELOW: 1 0.50 INCH OR MORE: 0
MIN 0 OR BELOW: 0 1.00 INCH OR MORE: 0
[HDD (BASE 65) ]
TOTAL THIS MO. 113 CLEAR (SCALE 0-3) 27
DPTR FM NORMAL 4 PTCLDY (SCALE 4-7) 2
TOTAL FM JUL 1 2682 CLOUDY (SCALE 8-10) 1
DPTR FM NORMAL -53
[CDD (BASE 65) ]
TOTAL THIS MO. 43
DPTR FM NORMAL -26 [PRESSURE DATA]
TOTAL FM JAN 1 58 HIGHEST SLP 30.30 ON 16
DPTR FM NORMAL -23 LOWEST SLP 29.38 ON 4
[REMARKS]
#FINAL-04-23#