000
CXUS53 KICT 032356
CF6CNU
PRELIMINARY LOCAL CLIMATOLOGICAL DATA (WS FORM: F-6)
STATION: CHANUTE KS
MONTH: NOVEMBER
YEAR: 2022
LATITUDE: 37 40 N
LONGITUDE: 95 29 W
TEMPERATURE IN F: :PCPN: SNOW: WIND :SUNSHINE: SKY :PK WND
================================================================================
1 2 3 4 5 6A 6B 7 8 9 10 11 12 13 14 15 16 17 18
12Z AVG MX 2MIN
DY MAX MIN AVG DEP HDD CDD WTR SNW DPTH SPD SPD DIR MIN PSBL S-S WX SPD DR
================================================================================
1 81 41 61 8 4 0 0.00 M M 8.2 18 160 M M 0 24 170
2 77 54 66 13 0 1 0.00 M M 13.6 24 190 M M 0 33 180
3 79 59 69 17 0 4 0.00 M M 16.6 28 200 M M 9 38 190
4 76 41 59 7 6 0 1.80 M M 14.9 30 180 M M 9 13 43 190
5 61 39 50 -1 15 0 0.04 M M 14.7 24 270 M M 3 1 34 280
6 70 41 56 5 9 0 0.00 M M 8.2 16 160 M M 0 22 30
7 66 50 58 7 7 0 0.00 M M 11.9 22 70 M M 3 33 70
8 66 56 61 11 4 0 0.04 M M 9.1 13 110 M M 8 1 18 110
9 75 63 69 19 0 4 0.00 M M 13.2 22 170 M M 5 1 31 180
10 75 42 59 10 6 0 0.62 M M 16.4 29 190 M M 8 13 36 200
11 42 30 36 -13 29 0 T M M 13.5 26 350 M M 3 1 35 360
12 38 21 30 -18 35 0 0.00 M M 7.9 16 340 M M 0 21 330
13 46 17 32 -16 33 0 0.00 M M 7.2 14 120 M M 0 17 120
14 42 32 37 -11 28 0 0.07 M M 5.7 13 350 M M 9 1 16 340
15 46 23 35 -12 30 0 0.01 M M 8.3 18 300 M M 5 18 24 280
16 39 20 30 -17 35 0 0.00 M M 9.0 21 300 M M 2 27 310
17 49 22 36 -10 29 0 0.00 M M 8.3 16 350 M M 6 23 360
18 34 18 26 -20 39 0 0.00 M M 9.4 17 330 M M 2 25 340
19 42 17 30 -16 35 0 0.00 M M 8.8 21 300 M M 0 30 320
20 49 14 32 -13 33 0 0.00 M M 8.5 17 200 M M 0 26 200
21 60 31 46 1 19 0 0.00 M M 10.5 17 200 M M 0 22 200
22 63 33 48 4 17 0 0.00 M M 8.5 17 200 M M 0 1 24 210
23 58 36 47 3 18 0 0.00 M M 10.0 21 160 M M 5 25 170
24 60 42 51 7 14 0 0.02 M M 6.3 14 10 M M 8 1 22 360
25 59 28 44 1 21 0 T M M 5.1 14 10 M M 0 21 10
26 53 27 40 -3 25 0 0.70 M M 6.2 16 50 M M 5 1 22 40
27 50 28 39 -3 26 0 0.12 M M 9.7 20 320 M M 6 1 27 310
28 59 25 42 0 23 0 0.00 M M 8.5 22 150 M M 0 27 180
29 62 29 46 4 19 0 0.00 M M 18.5 26 190 M M 3 38 190
30 41 21 31 -10 34 0 0.00 M M 5.7 18 330 M M 0 24 320
================================================================================
SM 1718 1000 593 9 3.42 M 302.4 M 99
================================================================================
AV 57.3 33.3 10.1 FASTST M M 3 MAX(MPH)
MISC ----> 30 180 43 190
================================================================================
NOTES:
# LAST OF SEVERAL OCCURRENCES
COLUMN 17 PEAK WIND IN M.P.H.
PRELIMINARY LOCAL CLIMATOLOGICAL DATA (WS FORM: F-6) , PAGE 2
STATION: CHANUTE KS
MONTH: NOVEMBER
YEAR: 2022
LATITUDE: 37 40 N
LONGITUDE: 95 29 W
[TEMPERATURE DATA] [PRECIPITATION DATA] SYMBOLS USED IN COLUMN 16
AVERAGE MONTHLY: 45.3 TOTAL FOR MONTH: 3.42 1 = FOG OR MIST
DPTR FM NORMAL: -1.8 DPTR FM NORMAL: 1.06 2 = FOG REDUCING VISIBILITY
HIGHEST: 81 ON 1 GRTST 24HR 1.84 ON 4- 5 TO 1/4 MILE OR LESS
LOWEST: 14 ON 20 3 = THUNDER
SNOW, ICE PELLETS, HAIL 4 = ICE PELLETS
TOTAL MONTH: M 5 = HAIL
GRTST 24HR M ON M 6 = FREEZING RAIN OR DRIZZLE
GRTST DEPTH: M ON M 7 = DUSTSTORM OR SANDSTORM:
VSBY 1/2 MILE OR LESS
8 = SMOKE OR HAZE
[NO. OF DAYS WITH] [WEATHER - DAYS WITH] 9 = BLOWING SNOW
X = TORNADO
MAX 32 OR BELOW: 0 0.01 INCH OR MORE: 9
MAX 90 OR ABOVE: 0 0.10 INCH OR MORE: 4
MIN 32 OR BELOW: 17 0.50 INCH OR MORE: 3
MIN 0 OR BELOW: 0 1.00 INCH OR MORE: 1
[HDD (BASE 65) ]
TOTAL THIS MO. 593 CLEAR (SCALE 0-3) 14
DPTR FM NORMAL 52 PTCLDY (SCALE 4-7) 12
TOTAL FM JUL 1 765 CLOUDY (SCALE 8-10) 4
DPTR FM NORMAL -31
[CDD (BASE 65) ]
TOTAL THIS MO. 9
DPTR FM NORMAL 5 [PRESSURE DATA]
TOTAL FM JAN 1 2195 HIGHEST SLP 30.57 ON 18
DPTR FM NORMAL 485 LOWEST SLP 29.45 ON 29
[REMARKS]
#FINAL-11-22#