000
CXUS55 KGJT 011010
CF6CNY
PRELIMINARY LOCAL CLIMATOLOGICAL DATA (WS FORM: F-6)
STATION: CANYONLANDS AIRPORT UT
MONTH: FEBRUARY
YEAR: 2023
LATITUDE: 38 46 N
LONGITUDE: 109 45 W
TEMPERATURE IN F: :PCPN: SNOW: WIND :SUNSHINE: SKY :PK WND
================================================================================
1 2 3 4 5 6A 6B 7 8 9 10 11 12 13 14 15 16 17 18
12Z AVG MX 2MIN
DY MAX MIN AVG DEP HDD CDD WTR SNW DPTH SPD SPD DIR MIN PSBL S-S WX SPD DR
================================================================================
1 32 16 24 -8 41 0 0.00 M M 2.3 10 310 M M 0 12 300
2 34 15 25 -7 40 0 0.00 M M 3.3 13 320 M M 0 14 320
3 34 17 26 -6 39 0 0.00 M M 4.0 12 320 M M 0 14 320
4 39 21 30 -2 35 0 0.00 M M 3.1 10 330 M M 0 12 330
5 45 25 35 2 30 0 T M M 6.9 26 300 M M 1 33 290
6 44 27 36 3 29 0 0.00 M M 5.8 14 310 M M 1 20 310
7 42 23 33 0 32 0 0.00 M M 5.0 14 310 M M 0 16 310
8 45 23 34 0 31 0 0.00 M M 5.7 20 310 M M 0 26 320
9 38 20 29 -5 36 0 0.00 M M 4.7 14 40 M M 0 22 80
10 40 21 31 -3 34 0 0.00 M M 4.2 12 100 M M 0 15 130
11 40 19 30 -5 35 0 0.00 M M 2.6 14 310 M M 0 16 310
12 46 21 34 -1 31 0 0.00 M M 2.5 10 320 M M 0 12 340
13 39 22 31 -4 34 0 T M M 5.0 22 200 M M 4 8 27 200
14 35 27 31 -5 34 0 T M M 8.4 22 30 M M 10 18 30 30
15 29 16 23 -13 42 0 0.05 M M 6.0 18 270 M M 10 18 25 30
16 32 2 17 -19 48 0 0.00 M M 3.6 13 70 M M 0 16 70
17 33 14 24 -12 41 0 0.00 M M 4.9 13 120 M M 0 16 90
18 39 17 28 -9 37 0 0.00 M M 2.8 10 300 M M 0 13 360
19 48 20 34 -3 31 0 0.00 M M 3.5 12 310 M M 0 13 320
20 46 22 34 -4 31 0 0.00 M M 3.4 10 330 M M 0 13 310
21 56 23 40 2 25 0 T M M 10.4 33 170 M M 3 52 160
22 47 26 37 -1 28 0 0.27 M M 19.3 37 220 M M 6 138 51 230
23 37 21 29 -10 36 0 T M M 9.2 31 220 M M 6 18 42 220
24 39 25 32 -7 33 0 0.07 M M 7.9 21 190 M M 3 1 26 180
25 46 25 36 -3 29 0 0.00 M M 3.7 10 330 M M 2 13 280
26 45 29 37 -3 28 0 T M M 8.3 26 250 M M 4 31 250
27 44 30 37 -3 28 0 0.00 M M 12.6 24 190 M M 5 34 200
28 41 30 36 -5 29 0 T M M 14.3 36 270 M M 3 18 46 280
================================================================================
SM 1135 597 947 0 0.39 M 173.4 M 58
================================================================================
AV 40.5 21.3 6.2 FASTST M M 2 MAX(MPH)
MISC ----> 37 220 52 160
================================================================================
NOTES:
# LAST OF SEVERAL OCCURRENCES
COLUMN 17 PEAK WIND IN M.P.H.
PRELIMINARY LOCAL CLIMATOLOGICAL DATA (WS FORM: F-6) , PAGE 2
STATION: CANYONLANDS AIRPORT UT
MONTH: FEBRUARY
YEAR: 2023
LATITUDE: 38 46 N
LONGITUDE: 109 45 W
[TEMPERATURE DATA] [PRECIPITATION DATA] SYMBOLS USED IN COLUMN 16
AVERAGE MONTHLY: 30.9 TOTAL FOR MONTH: 0.39 1 = FOG OR MIST
DPTR FM NORMAL: -4.9 DPTR FM NORMAL: -0.02 2 = FOG REDUCING VISIBILITY
HIGHEST: 56 ON 21 GRTST 24HR 0.27 ON 21-22 TO 1/4 MILE OR LESS
LOWEST: 2 ON 16 3 = THUNDER
SNOW, ICE PELLETS, HAIL 4 = ICE PELLETS
TOTAL MONTH: M 5 = HAIL
GRTST 24HR M ON M 6 = FREEZING RAIN OR DRIZZLE
GRTST DEPTH: M ON M 7 = DUSTSTORM OR SANDSTORM:
VSBY 1/2 MILE OR LESS
8 = SMOKE OR HAZE
[NO. OF DAYS WITH] [WEATHER - DAYS WITH] 9 = BLOWING SNOW
X = TORNADO
MAX 32 OR BELOW: 3 0.01 INCH OR MORE: 3
MAX 90 OR ABOVE: 0 0.10 INCH OR MORE: 1
MIN 32 OR BELOW: 28 0.50 INCH OR MORE: 0
MIN 0 OR BELOW: 0 1.00 INCH OR MORE: 0
[HDD (BASE 65) ]
TOTAL THIS MO. 947 CLEAR (SCALE 0-3) 20
DPTR FM NORMAL 131 PTCLDY (SCALE 4-7) 6
TOTAL FM JUL 1 4275 CLOUDY (SCALE 8-10) 2
DPTR FM NORMAL 3
[CDD (BASE 65) ]
TOTAL THIS MO. 0
DPTR FM NORMAL 0 [PRESSURE DATA]
TOTAL FM JAN 1 0 HIGHEST SLP 30.64 ON 3
DPTR FM NORMAL 0 LOWEST SLP 28.92 ON 22
[REMARKS]
#FINAL-02-23#