000
CXUS55 KRIW 011110
CF6COD
PRELIMINARY LOCAL CLIMATOLOGICAL DATA (WS FORM: F-6)
STATION: CODY WY
MONTH: NOVEMBER
YEAR: 2022
LATITUDE: 44 31 N
LONGITUDE: 109 1 W
TEMPERATURE IN F: :PCPN: SNOW: WIND :SUNSHINE: SKY :PK WND
================================================================================
1 2 3 4 5 6A 6B 7 8 9 10 11 12 13 14 15 16 17 18
12Z AVG MX 2MIN
DY MAX MIN AVG DEP HDD CDD WTR SNW DPTH SPD SPD DIR MIN PSBL S-S WX SPD DR
================================================================================
1 66 41 54 12 11 0 0.00 M M 11.8 24 200 M M 0 20 240
2 49 34 42 1 23 0 0.00 M M 11.5 21 270 M M 3 39 260
3 36 23 30 -11 35 0 T M M 8.2 13 350 M M 8 M M
4 43 23 33 -7 32 0 0.00 M M 20.3 27 250 M M 3 50 250
5 51 34 43 3 22 0 0.05 M M 16.3 25 260 M M 4 44 250
6 38 22 30 -10 35 0 0.00 M M 8.6 17 120 M M 1 30 260
7 45 20 33 -6 32 0 T M M 5.5 18 30 M M 6 24 30
8 23 10 17 -22 48 0 T M M 11.2 20 20 M M 10 1 24 30
9 10 6 8 -30 57 0 T M M 9.2 14 40 M M 10 1 M M
10 22 -1 11 -27 54 0 T M M 2.3 10 40 M M 6 1 M M
11 32 -3 15 -22 50 0 0.00 M M 2.4 6 50 M M 0 M M
12 34 5 20 -17 45 0 0.00 M M 2.9 8 190 M M 0 M M
13 32 11 22 -14 43 0 T M M 5.8 16 350 M M 5 22 10
14 34 10 22 -14 43 0 T M M 3.7 12 40 M M 8 1 M M
15 37 18 28 -7 37 0 T M M 3.0 9 90 M M 7 1 M M
16 36 20 28 -7 37 0 T M M 4.5 22 10 M M 7 1 29 20
17 20 -6 7 -27 58 0 T M M 8.4 20 10 M M 8 1 24 10
18 30 -9 11 -23 54 0 0.00 M M 2.9 7 50 M M 0 M M
19 36 -2 17 -16 48 0 0.00 M M 3.2 14 290 M M 0 18 290
20 33 9 21 -12 44 0 0.00 M M 2.5 8 170 M M 0 M M
21 46 13 30 -2 35 0 0.00 M M 3.5 9 20 M M 0 M M
22 52 17 35 3 30 0 0.00 M M 7.8 16 230 M M 0 30 220
23 45 28 37 5 28 0 T M M 9.4 20 260 M M 7 1 33 250
24 39 16 28 -3 37 0 0.00 M M 3.2 8 40 M M 0 M M
25 58 17 38 7 27 0 0.00 M M 4.4 15 260 M M 0 23 260
26 49 23 36 6 29 0 T M M 6.1 14 320 M M 6 1 21 300
27 42 25 34 4 31 0 T M M 13.9 24 220 M M 3 46 260
28 26 4 15 -14 50 0 0.04 M M 5.4 17 10 M M 9 12 23 10
29 23 -3 10 -19 55 0 T M M 4.0 12 30 M M 8 1 M M
30 35 -3 16 -13 49 0 0.00 M M 7.0 18 170 M M 0 21 150
================================================================================
SM 1122 402 1179 0 0.09 M 209.0 M 119
================================================================================
AV 37.4 13.4 7.0 FASTST M M 4 MAX(MPH)
MISC ----> 27 250 50 250
================================================================================
NOTES:
# LAST OF SEVERAL OCCURRENCES
COLUMN 17 PEAK WIND IN M.P.H.
PRELIMINARY LOCAL CLIMATOLOGICAL DATA (WS FORM: F-6) , PAGE 2
STATION: CODY WY
MONTH: NOVEMBER
YEAR: 2022
LATITUDE: 44 31 N
LONGITUDE: 109 1 W
[TEMPERATURE DATA] [PRECIPITATION DATA] SYMBOLS USED IN COLUMN 16
AVERAGE MONTHLY: 25.4 TOTAL FOR MONTH: 0.09 1 = FOG OR MIST
DPTR FM NORMAL: -9.7 DPTR FM NORMAL: M 2 = FOG REDUCING VISIBILITY
HIGHEST: 66 ON 1 GRTST 24HR 0.05 ON 5- 5 TO 1/4 MILE OR LESS
LOWEST: -9 ON 18 3 = THUNDER
SNOW, ICE PELLETS, HAIL 4 = ICE PELLETS
TOTAL MONTH: M 5 = HAIL
GRTST 24HR M ON M 6 = FREEZING RAIN OR DRIZZLE
GRTST DEPTH: M ON M 7 = DUSTSTORM OR SANDSTORM:
VSBY 1/2 MILE OR LESS
8 = SMOKE OR HAZE
[NO. OF DAYS WITH] [WEATHER - DAYS WITH] 9 = BLOWING SNOW
X = TORNADO
MAX 32 OR BELOW: 9 0.01 INCH OR MORE: 2
MAX 90 OR ABOVE: 0 0.10 INCH OR MORE: 0
MIN 32 OR BELOW: 27 0.50 INCH OR MORE: 0
MIN 0 OR BELOW: 7 1.00 INCH OR MORE: 0
[HDD (BASE 65) ]
TOTAL THIS MO. 1179 CLEAR (SCALE 0-3) 15
DPTR FM NORMAL 282 PTCLDY (SCALE 4-7) 11
TOTAL FM JUL 1 1802 CLOUDY (SCALE 8-10) 4
DPTR FM NORMAL 438
[CDD (BASE 65) ]
TOTAL THIS MO. 0
DPTR FM NORMAL 0 [PRESSURE DATA]
TOTAL FM JAN 1 613 HIGHEST SLP M ON M
DPTR FM NORMAL 613 LOWEST SLP M ON M
[REMARKS]
#FINAL-11-22#