017
CXUS51 KGYX 030017
CF6CON
PRELIMINARY LOCAL CLIMATOLOGICAL DATA (WS FORM: F-6)
STATION: CONCORD NH
MONTH: JANUARY
YEAR: 2021
LATITUDE: 43 12 N
LONGITUDE: 71 30 W
TEMPERATURE IN F: :PCPN: SNOW: WIND :SUNSHINE: SKY :PK WND
================================================================================
1 2 3 4 5 6A 6B 7 8 9 10 11 12 13 14 15 16 17 18
12Z AVG MX 2MIN
DY MAX MIN AVG DEP HDD CDD WTR SNW DPTH SPD SPD DIR MIN PSBL S-S WX SPD DR
================================================================================
1 36 20 28 6 37 0 0.04 0.3 2 3.3 10 330 M M 2 1 14 320
2 38 28 33 11 32 0 0.53 1.1 3 8.5 25 320 M M 8 16 32 320
3 31 18 25 4 40 0 0.01 0.4 2 2.4 8 80 M M 6 1 11 80
4 39 24 32 11 33 0 0.00 0.0 2 4.1 14 30 M M 7 17 30
5 33 26 30 9 35 0 T 0.1 2 5.2 13 20 M M 9 1 18 30
6 33 27 30 9 35 0 T 0.2 3 9.5 20 300 M M 4 1 25 310
7 36 25 31 10 34 0 T T 3 12.4 21 310 M M 3 26 300
8 36 21 29 8 36 0 0.00 0.0 3 12.2 22 330 M M 0 29 330
9 34 15 25 5 40 0 0.00 0.0 3 7.7 15 330 M M 4 20 310
10 38 16 27 7 38 0 0.00 0.0 3 6.0 14 320 M M 1 20 310
11 32 11 22 2 43 0 0.00 0.0 2 0.8 9 290 M M 4 12 280
12 41 15 28 8 37 0 0.00 0.0 2 3.0 14 300 M M 6 19 290
13 38 23 31 11 34 0 0.00 0.0 2 1.9 6 210 M M 9 8 220
14 37 23 30 10 35 0 0.00 0.0 2 0.5 6 310 M M 8 7 60
15 43 26 35 15 30 0 0.00 0.0 2 2.4 12 100 M M 6 1 16 120
16 47 33 40 20 25 0 1.13 T 2 9.0 32 70 M M 10 1 46 80
17 41 34 38 18 27 0 0.00 0.0 1 11.9 24 270 M M 8 36 270
18 41 25 33 13 32 0 T T 1 10.2 20 260 M M 6 29 280
19 35 20 28 8 37 0 0.00 0.0 1 5.5 18 300 M M 4 25 310
20 36 17 27 7 38 0 T 0.3 T 6.7 23 320 M M 5 1 29 330
21 25 15 20 0 45 0 0.01 0.4 1 2.9 12 330 M M 7 14 340
22 43 14 29 9 36 0 T T 1 3.9 14 320 M M 6 19 320
23 29 12 21 1 44 0 T T 1 15.6 29 300 M M 2 38 320
24 28 12 20 0 45 0 T T 1 19.6 33 300 M M 0 44 300
25 32 12 22 2 43 0 0.00 0.0 1 11.7 22 320 M M 0 27 290
26 33 9 21 0 44 0 0.09 1.1 T 3.0 9 190 M M 5 1 12 190
27 38 26 32 11 33 0 0.08 0.8 2 4.9 9 320 M M 10 1 12 320
28 31 13 22 1 43 0 0.00 0.0 2 12.0 23 320 M M 8 33 300
29 17 4 11 -10 54 0 0.00 0.0 2 17.1 26 320 M M 2 36 330
30 19 6 13 -8 52 0 0.00 0.0 2 11.9 21 320 M M 1 31 300
31 25 -3 11 -10 54 0 0.00 0.0 2 1.1 8 330 M M 0 10 330
================================================================================
SM 1065 567 1191 0 1.89 4.7 226.9 M 151
================================================================================
AV 34.4 18.3 7.3 FASTST M M 5 MAX(MPH)
MISC ----> 33 300 46 80
================================================================================
NOTES:
# LAST OF SEVERAL OCCURRENCES
COLUMN 17 PEAK WIND IN M.P.H.
PRELIMINARY LOCAL CLIMATOLOGICAL DATA (WS FORM: F-6) , PAGE 2
STATION: CONCORD NH
MONTH: JANUARY
YEAR: 2021
LATITUDE: 43 12 N
LONGITUDE: 71 30 W
[TEMPERATURE DATA] [PRECIPITATION DATA] SYMBOLS USED IN COLUMN 16
AVERAGE MONTHLY: 26.3 TOTAL FOR MONTH: 1.89 1 = FOG OR MIST
DPTR FM NORMAL: 5.7 DPTR FM NORMAL: -0.81 2 = FOG REDUCING VISIBILITY
HIGHEST: 47 ON 16 GRTST 24HR 1.15 ON 16-17 TO 1/4 MILE OR LESS
LOWEST: -3 ON 31 3 = THUNDER
SNOW, ICE PELLETS, HAIL 4 = ICE PELLETS
TOTAL MONTH: 4.7 INCHES 5 = HAIL
GRTST 24HR 1.1 ON 2- 2 6 = FREEZING RAIN OR DRIZZLE
GRTST DEPTH: 3 ON 10, 8 7 = DUSTSTORM OR SANDSTORM:
VSBY 1/2 MILE OR LESS
8 = SMOKE OR HAZE
[NO. OF DAYS WITH] [WEATHER - DAYS WITH] 9 = BLOWING SNOW
X = TORNADO
MAX 32 OR BELOW: 10 0.01 INCH OR MORE: 7
MAX 90 OR ABOVE: 0 0.10 INCH OR MORE: 2
MIN 32 OR BELOW: 29 0.50 INCH OR MORE: 2
MIN 0 OR BELOW: 1 1.00 INCH OR MORE: 1
[HDD (BASE 65) ]
TOTAL THIS MO. 1191 CLEAR (SCALE 0-3) 10
DPTR FM NORMAL -185 PTCLDY (SCALE 4-7) 15
TOTAL FM JUL 1 3633 CLOUDY (SCALE 8-10) 6
DPTR FM NORMAL -491
[CDD (BASE 65) ]
TOTAL THIS MO. 0
DPTR FM NORMAL 0 [PRESSURE DATA]
TOTAL FM JAN 1 0 HIGHEST SLP 30.54 ON 1
DPTR FM NORMAL 0 LOWEST SLP 29.16 ON 17
[REMARKS]
#FINAL-01-21#