000
CXUS55 KPUB 021921
CF6COS
PRELIMINARY LOCAL CLIMATOLOGICAL DATA (WS FORM: F-6)
STATION: COLORADO SPRINGS CO
MONTH: JUNE
YEAR: 2022
LATITUDE: 38 49 N
LONGITUDE: 104 43 W
TEMPERATURE IN F: :PCPN: SNOW: WIND :SUNSHINE: SKY :PK WND
================================================================================
1 2 3 4 5 6A 6B 7 8 9 10 11 12 13 14 15 16 17 18
12Z AVG MX 2MIN
DY MAX MIN AVG DEP HDD CDD WTR SNW DPTH SPD SPD DIR MIN PSBL S-S WX SPD DR
================================================================================
1 54 42 48 -15 17 0 0.32 0.0 0 11.9 22 150 M M 9 1 29 170
2 64 47 56 -7 9 0 0.01 0.0 0 7.6 17 160 M M 8 1 21 160
3 68 50 59 -5 6 0 0.05 0.0 0 6.7 22 20 M M 8 13 26 350
4 84 46 65 1 0 0 0.00 0.0 0 7.4 25 120 M M 5 44 120
5 81 56 69 5 0 4 0.00 0.0 0 7.3 21 340 M M 7 26 10
6 78 53 66 1 0 1 0.07 0.0 0 9.1 32 10 M M 5 3 41 10
7 82 53 68 3 0 3 T 0.0 0 11.8 35 340 M M 5 3 47 330
8 74 55 65 0 0 0 0.00 0.0 0 11.6 24 160 M M 5 33 180
9 85 53 69 3 0 4 0.01 0.0 0 5.6 20 200 M M 6 13 31 150
10 88 57 73 7 0 8 0.00 0.0 0 8.7 22 340 M M 5 28 350
11 96 58 77 11 0 12 T 0.0 0 7.8 23 160 M M 3 3 32 180
12 95 61 78 12 0 13 0.00 0.0 0 8.8 40 260 M M 5 49 260
13 95 63 79 12 0 14 0.00 0.0 0 16.8 30 210 M M 2 38 230
14 86 53 70 3 0 5 0.00 0.0 0 13.8 30 160 M M 3 38 150
15 85 53 69 2 0 4 0.00 0.0 0 13.1 28 160 M M 1 37 160
16 91 53 72 4 0 7 0.00 0.0 0 9.0 24 150 M M 1 33 170
17 94 63 79 11 0 14 0.00 0.0 0 12.6 31 200 M M 4 41 200
18 91 60 76 8 0 11 T 0.0 0 14.6 43 220 M M 6 58 210
19 84 61 73 5 0 8 0.00 0.0 0 17.7 33 200 M M 7 43 200
20 86 59 73 5 0 8 0.00 0.0 0 13.2 31 210 M M 7 41 220
21 71 52 62 -7 3 0 0.00 0.0 0 10.2 20 140 M M 7 28 320
22 79 47 63 -6 2 0 0.00 0.0 0 7.9 20 170 M M 5 23 170
23 92 53 73 4 0 8 0.00 0.0 0 7.7 24 260 M M 6 36 270
24 89 64 77 7 0 12 T 0.0 0 11.0 30 300 M M 6 41 300
25 76 56 66 -4 0 1 0.62 0.0 0 12.6 35 350 M M 8 13 45 360
26 63 44 54 -16 11 0 0.21 0.0 0 10.9 17 170 M M 9 1 22 160
27 75 54 65 -5 0 0 0.00 0.0 0 7.1 20 150 M M 7 25 170
28 87 53 70 0 0 5 0.00 0.0 0 8.7 21 170 M M 3 34 150
29 92 54 73 2 0 8 T 0.0 0 9.6 29 330 M M 5 3 37 330
30 90 61 76 5 0 11 0.08 0.0 0 10.1 28 340 M M 8 3 39 340
================================================================================
SM 2475 1634 48 161 1.37 0.0 310.9 M 166
================================================================================
AV 82.5 54.5 10.4 FASTST M M 6 MAX(MPH)
MISC ----> 43 220 58 210
================================================================================
NOTES:
COLUMN 17 PEAK WIND IN M.P.H.
PRELIMINARY LOCAL CLIMATOLOGICAL DATA (WS FORM: F-6) , PAGE 2
STATION: COLORADO SPRINGS CO
MONTH: JUNE
YEAR: 2022
LATITUDE: 38 49 N
LONGITUDE: 104 43 W
[TEMPERATURE DATA] [PRECIPITATION DATA] SYMBOLS USED IN COLUMN 16
AVERAGE MONTHLY: 68.5 TOTAL FOR MONTH: 1.37 1 = FOG OR MIST
DPTR FM NORMAL: 1.3 DPTR FM NORMAL: -0.90 2 = FOG REDUCING VISIBILITY
HIGHEST: 96 ON 11 GRTST 24HR 0.83 ON 25-26 TO 1/4 MILE OR LESS
LOWEST: 42 ON 1 3 = THUNDER
SNOW, ICE PELLETS, HAIL 4 = ICE PELLETS
TOTAL MONTH: 0.0 INCH 5 = HAIL
GRTST 24HR 0.0 6 = FREEZING RAIN OR DRIZZLE
GRTST DEPTH: 0 7 = DUSTSTORM OR SANDSTORM:
VSBY 1/2 MILE OR LESS
8 = SMOKE OR HAZE
[NO. OF DAYS WITH] [WEATHER - DAYS WITH] 9 = BLOWING SNOW
X = TORNADO
MAX 32 OR BELOW: 0 0.01 INCH OR MORE: 8
MAX 90 OR ABOVE: 9 0.10 INCH OR MORE: 3
MIN 32 OR BELOW: 0 0.50 INCH OR MORE: 1
MIN 0 OR BELOW: 0 1.00 INCH OR MORE: 0
[HDD (BASE 65) ]
TOTAL THIS MO. 48 CLEAR (SCALE 0-3) 6
DPTR FM NORMAL -5 PTCLDY (SCALE 4-7) 18
TOTAL FM JUL 1 5085 CLOUDY (SCALE 8-10) 6
DPTR FM NORMAL -807
[CDD (BASE 65) ]
TOTAL THIS MO. 161
DPTR FM NORMAL 42 [PRESSURE DATA]
TOTAL FM JAN 1 207 HIGHEST SLP 30.47 ON 26
DPTR FM NORMAL 70 LOWEST SLP 29.33 ON 13
[REMARKS]
#FINAL-06-22#