000
CXUS54 KCRP 011636
CF6COT
PRELIMINARY LOCAL CLIMATOLOGICAL DATA (WS FORM: F-6)
STATION: COTULLA
MONTH: NOVEMBER
YEAR: 2022
LATITUDE: 28 27 N
LONGITUDE: 99 13 W
TEMPERATURE IN F: :PCPN: SNOW: WIND :SUNSHINE: SKY :PK WND
================================================================================
1 2 3 4 5 6A 6B 7 8 9 10 11 12 13 14 15 16 17 18
12Z AVG MX 2MIN
DY MAX MIN AVG DEP HDD CDD WTR SNW DPTH SPD SPD DIR MIN PSBL S-S WX SPD DR
================================================================================
1 75 66 71 2 0 6 T 0.0 0 7.3 15 110 M M 9 18 19 110
2 76 61 69 0 0 4 0.00 0.0 0 6.3 12 120 M M 9 18 17 90
3 89 70 80 12 0 15 0.00 0.0 0 12.1 24 130 M M 8 128 35 130
4 95 71 83 15 0 18 0.00 0.0 0 9.7 22 340 M M 4 30 360
5 84 58 71 3 0 6 0.00 0.0 0 4.8 13 150 M M 3 19 150
6 89 56 73 6 0 8 0.00 0.0 0 5.6 14 130 M M 3 20 130
7 91 76 84 17 0 19 T 0.0 0 11.4 18 130 M M 7 1 25 110
8 89 72 81 15 0 16 0.00 0.0 0 9.1 15 120 M M 4 1 21 120
9 89 72 81 15 0 16 0.01 0.0 0 10.4 20 140 M M 6 1 29 140
10 88 69 79 13 0 14 0.00 0.0 0 8.5 14 130 M M 5 1 20 140
11 80 51 66 1 0 1 T 0.0 0 10.2 23 10 M M 8 31 20
12 67 47 57 -8 8 0 0.00 0.0 0 8.2 16 350 M M 3 23 360
13 66 40 53 -12 12 0 0.00 0.0 0 8.1 17 140 M M 2 22 130
14 70 50 60 -4 5 0 0.09 0.0 0 5.7 15 330 M M 7 128 20 320
15 63 45 54 -10 11 0 0.00 0.0 0 5.8 12 10 M M 3 12 17 350
16 56 43 50 -14 15 0 0.00 0.0 0 6.1 15 50 M M 8 21 60
17 60 50 55 -8 10 0 0.00 0.0 0 5.1 12 130 M M 10 16 120
18 61 53 57 -6 8 0 0.00 0.0 0 7.9 15 70 M M 10 23 80
19 54 46 50 -13 15 0 0.47 0.0 0 9.0 17 40 M M 10 138 24 20
20 51 44 48 -14 17 0 0.02 0.0 0 5.3 10 350 M M 10 14 20
21 50 43 47 -15 18 0 0.15 0.0 0 3.9 8 20 M M 10 18 12 20
22 55 49 52 -10 13 0 0.04 0.0 0 3.3 8 60 M M 10 18 10 60
23 58 52 55 -7 10 0 0.15 0.0 0 2.9 6 80 M M 10 18 8 70
24 68 58 63 2 2 0 0.03 0.0 0 4.6 20 80 M M 10 1 27 90
25 64 52 58 -3 7 0 0.53 0.0 0 7.6 17 320 M M 10 13 24 310
26 70 46 58 -3 7 0 0.11 0.0 0 7.8 16 290 M M 2 13 26 270
27 85 44 65 5 0 0 0.00 0.0 0 3.7 9 50 M M 0 13 320
28 77 46 62 2 3 0 0.00 0.0 0 7.3 16 150 M M 3 27 160
29 88 62 75 15 0 10 T 0.0 0 4.3 12 210 M M 5 1 16 220
30 67 50 59 -1 6 0 0.00 0.0 0 10.0 24 40 M M 2 35 50
================================================================================
SM 2175 1642 167 133 1.60 0.0 212.0 M 191
================================================================================
AV 72.5 54.7 7.1 FASTST M M 6 MAX(MPH)
MISC ----> # 24 130 # 35 130
================================================================================
NOTES:
# LAST OF SEVERAL OCCURRENCES
COLUMN 17 PEAK WIND IN M.P.H.
PRELIMINARY LOCAL CLIMATOLOGICAL DATA (WS FORM: F-6) , PAGE 2
STATION: COTULLA
MONTH: NOVEMBER
YEAR: 2022
LATITUDE: 28 27 N
LONGITUDE: 99 13 W
[TEMPERATURE DATA] [PRECIPITATION DATA] SYMBOLS USED IN COLUMN 16
AVERAGE MONTHLY: 63.6 TOTAL FOR MONTH: 1.60 1 = FOG OR MIST
DPTR FM NORMAL: -0.4 DPTR FM NORMAL: 0.45 2 = FOG REDUCING VISIBILITY
HIGHEST: 95 ON 4 GRTST 24HR 0.62 ON 25-26 TO 1/4 MILE OR LESS
LOWEST: 40 ON 13 3 = THUNDER
SNOW, ICE PELLETS, HAIL 4 = ICE PELLETS
TOTAL MONTH: 0.0 INCH 5 = HAIL
GRTST 24HR 0.0 6 = FREEZING RAIN OR DRIZZLE
GRTST DEPTH: 0 7 = DUSTSTORM OR SANDSTORM:
VSBY 1/2 MILE OR LESS
8 = SMOKE OR HAZE
[NO. OF DAYS WITH] [WEATHER - DAYS WITH] 9 = BLOWING SNOW
X = TORNADO
MAX 32 OR BELOW: 0 0.01 INCH OR MORE: 10
MAX 90 OR ABOVE: 2 0.10 INCH OR MORE: 5
MIN 32 OR BELOW: 0 0.50 INCH OR MORE: 1
MIN 0 OR BELOW: 0 1.00 INCH OR MORE: 0
[HDD (BASE 65) ]
TOTAL THIS MO. 167 CLEAR (SCALE 0-3) 9
DPTR FM NORMAL 42 PTCLDY (SCALE 4-7) 10
TOTAL FM JUL 1 168 CLOUDY (SCALE 8-10) 11
DPTR FM NORMAL 25
[CDD (BASE 65) ]
TOTAL THIS MO. 133
DPTR FM NORMAL 36 [PRESSURE DATA]
TOTAL FM JAN 1 4716 HIGHEST SLP 30.49 ON 20
DPTR FM NORMAL 794 LOWEST SLP 29.68 ON 4
[REMARKS]
#FINAL-11-22#