000
CXUS55 KRIW 011110
CF6CPR
PRELIMINARY LOCAL CLIMATOLOGICAL DATA (WS FORM: F-6)
STATION: CASPER WY
MONTH: FEBRUARY
YEAR: 2023
LATITUDE: 42 55 N
LONGITUDE: 106 28 W
TEMPERATURE IN F: :PCPN: SNOW: WIND :SUNSHINE: SKY :PK WND
================================================================================
1 2 3 4 5 6A 6B 7 8 9 10 11 12 13 14 15 16 17 18
12Z AVG MX 2MIN
DY MAX MIN AVG DEP HDD CDD WTR SNW DPTH SPD SPD DIR MIN PSBL S-S WX SPD DR
================================================================================
1 25 12 19 -6 46 0 0.00 0.0 5 25.4 37 210 M M 1 89 47 220
2 31 21 26 1 39 0 0.00 0.0 5 23.0 31 210 M M 0 40 210
3 38 25 32 7 33 0 0.00 0.0 5 24.9 39 220 M M 0 9 48 220
4 34 24 29 4 36 0 0.00 0.0 4 21.2 32 220 M M 0 41 220
5 42 26 34 9 31 0 0.00 0.0 4 21.1 39 230 M M 1 52 220
6 35 19 27 2 38 0 0.04 0.4 4 12.3 22 230 M M 6 1 27 220
7 32 20 26 1 39 0 0.00 0.0 3 21.2 36 200 M M 0 41 210
8 34 13 24 -1 41 0 0.02 0.7 2 18.9 32 210 M M 3 12 42 220
9 24 10 17 -8 48 0 T 0.1 3 9.4 24 210 M M 5 1 30 210
10 31 16 24 -1 41 0 0.00 0.0 2 26.6 39 210 M M 0 9 51 200
11 40 19 30 4 35 0 0.00 0.0 1 14.6 32 210 M M 0 48 220
12 34 17 26 0 39 0 0.00 0.0 1 17.0 28 230 M M 0 37 220
13 39 23 31 5 34 0 0.00 0.0 1 22.7 33 210 M M 0 46 210
14 30 9 20 -6 45 0 0.10 3.7 T 14.8 31 10 M M 6 129 38 10
15 12 -7 3 -23 62 0 T T 3 9.3 21 50 M M 5 18 25 20
16 18 -7 6 -20 59 0 0.00 0.0 3 18.2 30 210 M M 2 40 210
17 30 18 24 -2 41 0 0.00 0.0 2 26.4 37 230 M M 0 9 47 230
18 33 21 27 0 38 0 0.00 0.0 T 20.0 30 210 M M 3 38 220
19 32 17 25 -2 40 0 0.00 0.0 T 18.0 35 240 M M 3 44 230
20 41 22 32 5 33 0 0.00 0.0 0 19.0 41 220 M M 3 54 210
21 38 3 21 -7 44 0 0.28 4.6 0 27.4 45 220 M M 7 12 58 220
22 3 -17 -7 -35 72 0 0.24 6.8 6 18.6 29 30 M M 10 128 36 30
23 -5 -26 -15 -43 80 0 0.00 0.0 6 5.3 12 70 M M 3 1 15 80
24 23 -22 1 -27 64 0 0.00 0.0 5 12.6 29 220 M M 1 43 210
25 35 20 28 -1 37 0 0.00 0.0 4 22.4 33 210 M M 0 9 42 210
26 43 20 32 3 33 0 0.00 0.0 3 20.5 35 230 M M 0 44 230
27 34 25 30 0 35 0 0.00 0.0 3 22.0 40 210 M M 1 9 55 210
28 32 14 23 -7 42 0 0.01 0.1 2 22.8 37 210 M M 3 1 46 250
================================================================================
SM 838 335 1225 0 0.69 16.4 535.6 M 63
================================================================================
AV 29.9 12.0 19.1 FASTST M M 2 MAX(MPH)
MISC ----> 45 220 58 220
================================================================================
NOTES:
# LAST OF SEVERAL OCCURRENCES
COLUMN 17 PEAK WIND IN M.P.H.
PRELIMINARY LOCAL CLIMATOLOGICAL DATA (WS FORM: F-6) , PAGE 2
STATION: CASPER WY
MONTH: FEBRUARY
YEAR: 2023
LATITUDE: 42 55 N
LONGITUDE: 106 28 W
[TEMPERATURE DATA] [PRECIPITATION DATA] SYMBOLS USED IN COLUMN 16
AVERAGE MONTHLY: 20.9 TOTAL FOR MONTH: 0.69 1 = FOG OR MIST
DPTR FM NORMAL: -5.7 DPTR FM NORMAL: 0.13 2 = FOG REDUCING VISIBILITY
HIGHEST: 43 ON 26 GRTST 24HR 0.49 ON 21-22 TO 1/4 MILE OR LESS
LOWEST: -26 ON 23 3 = THUNDER
SNOW, ICE PELLETS, HAIL 4 = ICE PELLETS
TOTAL MONTH: 16.4 INCHES 5 = HAIL
GRTST 24HR 6.8 ON 22-22 6 = FREEZING RAIN OR DRIZZLE
GRTST DEPTH: 6 ON 23,22 7 = DUSTSTORM OR SANDSTORM:
VSBY 1/2 MILE OR LESS
8 = SMOKE OR HAZE
[NO. OF DAYS WITH] [WEATHER - DAYS WITH] 9 = BLOWING SNOW
X = TORNADO
MAX 32 OR BELOW: 14 0.01 INCH OR MORE: 6
MAX 90 OR ABOVE: 0 0.10 INCH OR MORE: 3
MIN 32 OR BELOW: 28 0.50 INCH OR MORE: 0
MIN 0 OR BELOW: 5 1.00 INCH OR MORE: 0
[HDD (BASE 65) ]
TOTAL THIS MO. 1225 CLEAR (SCALE 0-3) 21
DPTR FM NORMAL 150 PTCLDY (SCALE 4-7) 6
TOTAL FM JUL 1 5701 CLOUDY (SCALE 8-10) 1
DPTR FM NORMAL 338
[CDD (BASE 65) ]
TOTAL THIS MO. 0
DPTR FM NORMAL 0 [PRESSURE DATA]
TOTAL FM JAN 1 0 HIGHEST SLP 30.60 ON 9
DPTR FM NORMAL 0 LOWEST SLP 29.25 ON 21
[REMARKS]
#FINAL-02-23#