000
CXUS52 KJAX 021310
CF6CRG
PRELIMINARY LOCAL CLIMATOLOGICAL DATA (WS FORM: F-6)
STATION: CRAIG EXEC ARPT
MONTH: JULY
YEAR: 2022
LATITUDE: 30 19 N
LONGITUDE: 81 31 W
TEMPERATURE IN F: :PCPN: SNOW: WIND :SUNSHINE: SKY :PK WND
================================================================================
1 2 3 4 5 6A 6B 7 8 9 10 11 12 13 14 15 16 17 18
12Z AVG MX 2MIN
DY MAX MIN AVG DEP HDD CDD WTR SNW DPTH SPD SPD DIR MIN PSBL S-S WX SPD DR
================================================================================
1 91 75 83 1 0 18 1.89 0.0 0 4.6 25 110 M M 3 13 44 110
2 92 74 83 1 0 18 0.48 0.0 0 5.0 22 170 M M 4 13 28 160
3 90 75 83 1 0 18 0.43 0.0 0 4.9 16 250 M M 2 13 23 260
4 94 76 85 3 0 20 0.00 0.0 0 6.5 15 160 M M 1 22 150
5 92 78 85 3 0 20 0.11 0.0 0 7.2 15 150 M M 2 13 20 130
6 94 76 85 3 0 20 0.00 0.0 0 6.2 15 150 M M 1 20 140
7 97 75 86 4 0 21 1.12 0.0 0 4.6 18 20 M M 2 13 28 20
8 93 76 85 3 0 20 0.59 0.0 0 4.5 21 20 M M 2 13 28 40
9 92 77 85 3 0 20 T 0.0 0 6.3 17 330 M M 3 3 25 260
10 92 77 85 3 0 20 0.56 0.0 0 7.3 24 240 M M 1 13 37 240
11 93 75 84 2 0 19 0.60 0.0 0 4.3 22 240 M M 3 13 35 180
12 95 77 86 4 0 21 0.00 0.0 0 5.6 17 190 M M 3 3 23 200
13 96 75 86 4 0 21 0.00 0.0 0 6.2 17 210 M M 1 3 24 230
14 93 75 84 2 0 19 0.54 0.0 0 5.2 24 330 M M 3 13 36 320
15 89 74 82 0 0 17 0.06 0.0 0 4.8 13 140 M M 2 3 18 130
16 87 75 81 -1 0 16 1.24 0.0 0 3.8 18 70 M M 2 13 26 70
17 89 74 82 0 0 17 0.24 0.0 0 4.3 20 200 M M 4 13 28 200
18 93 74 84 2 0 19 0.19 0.0 0 8.2 30 240 M M 1 13 44 240
19 91 77 84 2 0 19 T 0.0 0 7.5 18 240 M M 2 3 23 240
20 89 75 82 0 0 17 0.40 0.0 0 6.0 13 220 M M 3 13 18 280
21 95 74 85 3 0 20 0.00 0.0 0 6.3 24 300 M M 1 3 31 300
22 93 74 84 2 0 19 0.10 0.0 0 3.7 30 140 M M 2 3 38 140
23 90 73 82 0 0 17 0.10 0.0 0 3.3 14 210 M M 2 3 18 210
24 90 74 82 0 0 17 0.06 0.0 0 3.6 15 140 M M 1 3 20 140
25 92 74 83 1 0 18 T 0.0 0 5.4 15 150 M M 0 3 20 100
26 91 75 83 1 0 18 0.14 0.0 0 6.2 17 150 M M 1 3 23 170
27 91 73 82 0 0 17 T 0.0 0 7.2 17 200 M M 1 27 210
28 95 75 85 3 0 20 0.02 0.0 0 6.2 22 270 M M 1 3 30 280
29 97 76 87 5 0 22 0.00 0.0 0 7.2 16 150 M M 2 20 220
30 96 75 86 4 0 21 0.00 0.0 0 5.4 14 150 M M 1 19 140
31 95 77 86 4 0 21 0.00 0.0 0 6.6 14 110 M M 1 18 140
================================================================================
SM 2867 2330 0 590 8.87 0.0 174.1 M 58
================================================================================
AV 92.5 75.2 5.6 FASTST M M 2 MAX(MPH)
MISC ----> # 30 240 # 44 110
================================================================================
NOTES:
# LAST OF SEVERAL OCCURRENCES
COLUMN 17 PEAK WIND IN M.P.H.
PRELIMINARY LOCAL CLIMATOLOGICAL DATA (WS FORM: F-6) , PAGE 2
STATION: CRAIG EXEC ARPT
MONTH: JULY
YEAR: 2022
LATITUDE: 30 19 N
LONGITUDE: 81 31 W
[TEMPERATURE DATA] [PRECIPITATION DATA] SYMBOLS USED IN COLUMN 16
AVERAGE MONTHLY: 83.8 TOTAL FOR MONTH: 8.87 1 = FOG OR MIST
DPTR FM NORMAL: 1.6 DPTR FM NORMAL: 2.73 2 = FOG REDUCING VISIBILITY
HIGHEST: 97 ON 29, 7 GRTST 24HR 1.89 ON 1- 1 TO 1/4 MILE OR LESS
LOWEST: 73 ON 27,23 3 = THUNDER
SNOW, ICE PELLETS, HAIL 4 = ICE PELLETS
TOTAL MONTH: 0.0 INCH 5 = HAIL
GRTST 24HR 0.0 6 = FREEZING RAIN OR DRIZZLE
GRTST DEPTH: 0 7 = DUSTSTORM OR SANDSTORM:
VSBY 1/2 MILE OR LESS
8 = SMOKE OR HAZE
[NO. OF DAYS WITH] [WEATHER - DAYS WITH] 9 = BLOWING SNOW
X = TORNADO
MAX 32 OR BELOW: 0 0.01 INCH OR MORE: 19
MAX 90 OR ABOVE: 27 0.10 INCH OR MORE: 16
MIN 32 OR BELOW: 0 0.50 INCH OR MORE: 7
MIN 0 OR BELOW: 0 1.00 INCH OR MORE: 3
[HDD (BASE 65) ]
TOTAL THIS MO. 0 CLEAR (SCALE 0-3) 27
DPTR FM NORMAL 0 PTCLDY (SCALE 4-7) 4
TOTAL FM JUL 1 0 CLOUDY (SCALE 8-10) 0
DPTR FM NORMAL 0
[CDD (BASE 65) ]
TOTAL THIS MO. 590
DPTR FM NORMAL 57 [PRESSURE DATA]
TOTAL FM JAN 1 1883 HIGHEST SLP 30.23 ON 31
DPTR FM NORMAL 376 LOWEST SLP 29.86 ON 11
[REMARKS]
#FINAL-07-22#