036
CXUS52 KJAX 011132
CF6CRG
PRELIMINARY LOCAL CLIMATOLOGICAL DATA (WS FORM: F-6)
STATION: CRAIG EXEC ARPT
MONTH: MARCH
YEAR: 2021
LATITUDE: 30 19 N
LONGITUDE: 81 31 W
TEMPERATURE IN F: :PCPN: SNOW: WIND :SUNSHINE: SKY :PK WND
================================================================================
1 2 3 4 5 6A 6B 7 8 9 10 11 12 13 14 15 16 17 18
12Z AVG MX 2MIN
DY MAX MIN AVG DEP HDD CDD WTR SNW DPTH SPD SPD DIR MIN PSBL S-S WX SPD DR
================================================================================
1 86 63 75 16 0 10 0.82 0.0 0 8.8 20 230 M M 7 1 29 220
2 63 56 60 1 5 0 0.85 0.0 0 9.4 18 40 M M 10 1 29 50
3 60 50 55 -4 10 0 0.44 0.0 0 8.9 22 330 M M 10 13 28 320
4 73 48 61 1 4 0 0.00 0.0 0 4.3 12 60 M M 0 15 70
5 66 47 57 -3 8 0 0.00 0.0 0 8.0 17 40 M M 0 24 40
6 61 52 57 -3 8 0 0.15 0.0 0 10.2 21 40 M M 8 1 31 50
7 62 46 54 -6 11 0 0.00 0.0 0 9.3 20 20 M M 2 27 10
8 62 47 55 -5 10 0 0.00 0.0 0 8.6 21 50 M M 0 28 50
9 68 43 56 -5 9 0 0.00 0.0 0 5.5 16 80 M M 0 19 80
10 72 48 60 -1 5 0 0.00 0.0 0 5.8 15 50 M M 1 19 50
11 76 50 63 2 2 0 0.00 0.0 0 5.0 17 90 M M 1 21 90
12 77 52 65 4 0 0 0.00 0.0 0 3.3 13 140 M M 1 16 130
13 83 54 69 8 0 4 0.00 0.0 0 4.6 14 150 M M 0 1 17 130
14 84 59 72 10 0 7 0.00 0.0 0 5.6 14 140 M M 0 18 140
15 79 57 68 6 0 3 0.00 0.0 0 5.2 16 150 M M 1 21 140
16 87 64 76 14 0 11 0.00 0.0 0 8.1 17 230 M M 3 22 250
17 84 66 75 13 0 10 0.00 0.0 0 6.9 16 140 M M 2 22 140
18 81 61 71 9 0 6 0.17 0.0 0 12.6 26 240 M M 3 13 41 250
19 69 53 61 -2 4 0 T 0.0 0 11.0 23 250 M M 2 35 240
20 59 52 56 -7 9 0 0.01 0.0 0 17.5 25 20 M M 10 39 10
21 61 51 56 -7 9 0 0.35 0.0 0 18.1 31 20 M M 10 1 44 10
22 68 60 64 1 1 0 T 0.0 0 14.1 23 30 M M 8 38 30
23 72 60 66 3 0 1 0.00 0.0 0 8.2 15 40 M M 1 1 24 50
24 82 57 70 6 0 5 0.00 0.0 0 5.4 16 150 M M 2 12 21 180
25 89 64 77 13 0 12 0.00 0.0 0 8.9 20 210 M M 0 1 26 210
26 91 63 77 13 0 12 0.00 0.0 0 7.0 18 230 M M 1 1 24 220
27 89 66 78 14 0 13 0.00 0.0 0 6.3 15 140 M M 3 12 21 110
28 89 68 79 15 0 14 0.00 0.0 0 10.4 23 220 M M 1 32 230
29 75 64 70 6 0 5 0.00 0.0 0 9.0 16 50 M M 3 23 60
30 80 65 73 9 0 8 0.15 0.0 0 4.3 14 80 M M 5 13 18 90
31 88 66 77 12 0 12 0.09 0.0 0 7.5 26 310 M M 4 13 38 310
================================================================================
SM 2336 1752 95 133 3.03 0.0 257.8 M 99
================================================================================
AV 75.4 56.5 8.3 FASTST M M 3 MAX(MPH)
MISC ----> 31 20 44 10
================================================================================
NOTES:
# LAST OF SEVERAL OCCURRENCES
COLUMN 17 PEAK WIND IN M.P.H.
PRELIMINARY LOCAL CLIMATOLOGICAL DATA (WS FORM: F-6) , PAGE 2
STATION: CRAIG EXEC ARPT
MONTH: MARCH
YEAR: 2021
LATITUDE: 30 19 N
LONGITUDE: 81 31 W
[TEMPERATURE DATA] [PRECIPITATION DATA] SYMBOLS USED IN COLUMN 16
AVERAGE MONTHLY: 65.9 TOTAL FOR MONTH: 3.03 1 = FOG OR MIST
DPTR FM NORMAL: 3.9 DPTR FM NORMAL: -0.90 2 = FOG REDUCING VISIBILITY
HIGHEST: 91 ON 26 GRTST 24HR 0.85 ON 2- 2 TO 1/4 MILE OR LESS
LOWEST: 43 ON 9 3 = THUNDER
SNOW, ICE PELLETS, HAIL 4 = ICE PELLETS
TOTAL MONTH: 0.0 INCH 5 = HAIL
GRTST 24HR 0.0 6 = FREEZING RAIN OR DRIZZLE
GRTST DEPTH: 0 7 = DUSTSTORM OR SANDSTORM:
VSBY 1/2 MILE OR LESS
8 = SMOKE OR HAZE
[NO. OF DAYS WITH] [WEATHER - DAYS WITH] 9 = BLOWING SNOW
X = TORNADO
MAX 32 OR BELOW: 0 0.01 INCH OR MORE: 9
MAX 90 OR ABOVE: 1 0.10 INCH OR MORE: 7
MIN 32 OR BELOW: 0 0.50 INCH OR MORE: 2
MIN 0 OR BELOW: 0 1.00 INCH OR MORE: 0
[HDD (BASE 65) ]
TOTAL THIS MO. 95 CLEAR (SCALE 0-3) 21
DPTR FM NORMAL -45 PTCLDY (SCALE 4-7) 6
TOTAL FM JUL 1 856 CLOUDY (SCALE 8-10) 4
DPTR FM NORMAL -306
[CDD (BASE 65) ]
TOTAL THIS MO. 133
DPTR FM NORMAL 87 [PRESSURE DATA]
TOTAL FM JAN 1 205 HIGHEST SLP 30.58 ON 9
DPTR FM NORMAL 134 LOWEST SLP 29.78 ON 18
[REMARKS]
#FINAL-03-21#