000
CXUS51 KRLX 020419
CF6CRW
PRELIMINARY LOCAL CLIMATOLOGICAL DATA (WS FORM: F-6)
STATION: CHARLESTON WV
MONTH: AUGUST
YEAR: 2022
LATITUDE: 38 22 N
LONGITUDE: 81 36 W
TEMPERATURE IN F: :PCPN: SNOW: WIND :SUNSHINE: SKY :PK WND
================================================================================
1 2 3 4 5 6A 6B 7 8 9 10 11 12 13 14 15 16 17 18
12Z AVG MX 2MIN
DY MAX MIN AVG DEP HDD CDD WTR SNW DPTH SPD SPD DIR MIN PSBL S-S WX SPD DR
================================================================================
1 84 66 75 -1 0 10 0.64 0.0 0 5.4 17 230 M M 8 13 23 250
2 87 68 78 2 0 13 T 0.0 0 4.9 14 300 M M 6 3 22 360
3 90 66 78 3 0 13 0.00 0.0 0 2.6 12 190 M M 2 1 18 220
4 90 70 80 5 0 15 0.00 0.0 0 2.3 10 200 M M 3 13 220
5 88 69 79 4 0 14 2.22 0.0 0 2.1 41 150 M M 7 13 65 160
6 86 68 77 2 0 12 T 0.0 0 3.5 15 230 M M 6 1 20 240
7 89 69 79 4 0 14 T 0.0 0 2.4 16 290 M M 4 1 25 280
8 89 69 79 4 0 14 T 0.0 0 3.7 14 220 M M 4 1 17 240
9 90 71 81 6 0 16 T 0.0 0 4.6 21 230 M M 5 13 26 240
10 85 71 78 3 0 13 0.13 0.0 0 4.5 14 240 M M 7 138 19 240
11 83 70 77 2 0 12 0.28 0.0 0 4.7 13 40 M M 7 1 19 30
12 81 61 71 -4 0 6 0.00 0.0 0 3.6 12 40 M M 5 1 14 360
13 82 57 70 -5 0 5 0.00 0.0 0 1.8 9 60 M M 7 12 13 90
14 78 64 71 -4 0 6 0.90 0.0 0 2.9 13 230 M M 9 13 17 230
15 81 63 72 -3 0 7 3.54 0.0 0 2.6 12 60 M M 8 13 17 340
16 77 62 70 -5 0 5 0.00 0.0 0 1.5 8 340 M M 8 12 11 340
17 82 61 72 -3 0 7 0.00 0.0 0 3.0 9 170 M M 5 1 12 170
18 83 59 71 -4 0 6 0.00 0.0 0 1.5 7 320 M M 4 12 9 320
19 87 59 73 -2 0 8 0.00 0.0 0 1.9 14 140 M M 3 1 20 140
20 86 62 74 -1 0 9 T 0.0 0 2.8 9 200 M M 4 1 14 270
21 82 67 75 1 0 10 0.36 0.0 0 5.0 13 210 M M 7 13 17 220
22 81 65 73 -1 0 8 0.02 0.0 0 4.7 13 310 M M 6 1 19 340
23 84 63 74 0 0 9 0.00 0.0 0 1.2 8 250 M M 5 1 12 260
24 85 63 74 0 0 9 0.00 0.0 0 1.2 8 30 M M 4 12 10 30
25 86 63 75 1 0 10 0.00 0.0 0 1.2 12 190 M M 5 1 15 210
26 87 63 75 1 0 10 0.04 0.0 0 2.1 9 220 M M 5 13 16 360
27 86 66 76 2 0 11 0.00 0.0 0 1.6 7 10 M M 6 1 10 50
28 91 63 77 3 0 12 0.00 0.0 0 2.2 10 190 M M 3 1 13 190
29 91 68 80 7 0 15 0.19 0.0 0 2.9 21 200 M M 4 13 26 200
30 80 67 74 1 0 9 0.95 0.0 0 3.5 17 330 M M 7 13 28 300
31 81 61 71 -2 0 6 0.00 0.0 0 2.2 14 240 M M 4 12 18 240
================================================================================
SM 2632 2014 0 314 9.27 0.0 90.1 M 168
================================================================================
AV 84.9 65.0 2.9 FASTST M M 5 MAX(MPH)
MISC ----> 41 150 65 160
================================================================================
NOTES:
# LAST OF SEVERAL OCCURRENCES
COLUMN 17 PEAK WIND IN M.P.H.
PRELIMINARY LOCAL CLIMATOLOGICAL DATA (WS FORM: F-6) , PAGE 2
STATION: CHARLESTON WV
MONTH: AUGUST
YEAR: 2022
LATITUDE: 38 22 N
LONGITUDE: 81 36 W
[TEMPERATURE DATA] [PRECIPITATION DATA] SYMBOLS USED IN COLUMN 16
AVERAGE MONTHLY: 74.9 TOTAL FOR MONTH: 9.27 1 = FOG OR MIST
DPTR FM NORMAL: 0.3 DPTR FM NORMAL: 5.52 2 = FOG REDUCING VISIBILITY
HIGHEST: 91 ON 29,28 GRTST 24HR 4.44 ON 14-15 TO 1/4 MILE OR LESS
LOWEST: 57 ON 13 3 = THUNDER
SNOW, ICE PELLETS, HAIL 4 = ICE PELLETS
TOTAL MONTH: 0.0 INCH 5 = HAIL
GRTST 24HR 0.0 6 = FREEZING RAIN OR DRIZZLE
GRTST DEPTH: 0 7 = DUSTSTORM OR SANDSTORM:
VSBY 1/2 MILE OR LESS
8 = SMOKE OR HAZE
[NO. OF DAYS WITH] [WEATHER - DAYS WITH] 9 = BLOWING SNOW
X = TORNADO
MAX 32 OR BELOW: 0 0.01 INCH OR MORE: 11
MAX 90 OR ABOVE: 5 0.10 INCH OR MORE: 9
MIN 32 OR BELOW: 0 0.50 INCH OR MORE: 5
MIN 0 OR BELOW: 0 1.00 INCH OR MORE: 2
[HDD (BASE 65) ]
TOTAL THIS MO. 0 CLEAR (SCALE 0-3) 2
DPTR FM NORMAL -1 PTCLDY (SCALE 4-7) 27
TOTAL FM JUL 1 0 CLOUDY (SCALE 8-10) 2
DPTR FM NORMAL 0
[CDD (BASE 65) ]
TOTAL THIS MO. 314
DPTR FM NORMAL 14 [PRESSURE DATA]
TOTAL FM JAN 1 1029 HIGHEST SLP 30.22 ON 6
DPTR FM NORMAL 38 LOWEST SLP 29.87 ON 30
[REMARKS]
#FINAL-08-22#