000
CXUS52 KFFC 030100
CLMCSG
CLIMATE REPORT
NATIONAL WEATHER SERVICE PEACHTREE CITY GA
800 PM EST FRI FEB 02 2024
...................................
...THE COLUMBUS CLIMATE SUMMARY FOR THE MONTH OF JANUARY 2024...
CLIMATE NORMAL PERIOD: 1991 TO 2020
CLIMATE RECORD PERIOD: 1948 TO 2024
WEATHER OBSERVED NORMAL DEPART LAST YEAR`S
VALUE DATE(S) VALUE FROM VALUE DATE(S)
NORMAL
................................................................
TEMPERATURE (F)
RECORD
HIGH 83 01/11/1949
LOW -2 01/21/1985
HIGHEST 76 01/25 82 -6 76 01/02
LOWEST 17 01/17 -2 19 28 01/15
01/24
01/28
AVG. MAXIMUM 58.0 58.7 -0.7 63.5
AVG. MINIMUM 36.4 38.2 -1.8 42.0
MEAN 47.2 48.5 -1.3 52.7
DAYS MAX >= 90 0 0.0 0.0 0
DAYS MAX <= 32 0 0.1 -0.1 0
DAYS MIN <= 32 11 10.9 0.1 5
DAYS MIN <= 0 0 0.0 0.0 0
PRECIPITATION (INCHES)
RECORD
MAXIMUM 11.48 2017
MINIMUM 0.72 1989
TOTALS 6.59 4.24 2.35 7.88
DAILY AVG. 0.21 0.14 0.07 0.25
DAYS >= .01 12 10.2 1.8 12
DAYS >= .10 7 7.1 -0.1 9
DAYS >= .50 3 3.0 0.0 7
DAYS >= 1.00 2 1.2 0.8 4
GREATEST
24 HR. TOTAL 3.21 01/08 TO 01/09 4.25 01/03 TO 01/04
SNOWFALL (INCHES)
RECORDS
TOTAL T 2022
24 HR TOTAL 2.0 01/17/2018 TO 01/17/2018
TOTALS 0.0 0.0 0.0 0.0
SINCE 7/1 0.0 0.3 -0.3 MM
SNOWDEPTH AVG. MM MM
DAYS >= TRACE 0 0.0 0.0 0
DAYS >= 1.0 0 0.0 0.0 0
GREATEST
24 HR TOTAL MM MM
DEGREE DAYS
HEATING TOTAL 550 515 35 377
SINCE 7/1 1259 1285 -26 MM
COOLING TOTAL 6 2 4 4
SINCE 1/1 6 2 4 MM
................................................................
WIND (MPH)
AVERAGE WIND SPEED 6.6
HIGHEST WIND SPEED/DIRECTION 33/270 DATE 01/09
HIGHEST GUST SPEED/DIRECTION 50/280 DATE 01/09
SKY COVER
POSSIBLE SUNSHINE (PERCENT) MM
AVERAGE SKY COVER 0.25
NUMBER OF DAYS FAIR 17
NUMBER OF DAYS PC 3
NUMBER OF DAYS CLOUDY 3
AVERAGE RH (PERCENT) 61
WEATHER CONDITIONS. NUMBER OF DAYS WITH
THUNDERSTORM 1 MIXED PRECIP 0
HEAVY RAIN 2 RAIN 4
LIGHT RAIN 8 FREEZING RAIN 0
LT FREEZING RAIN 0 HAIL 0
HEAVY SNOW 0 SNOW 0
LIGHT SNOW 0 SLEET 0
FOG 10 FOG W/VIS <= 1/4 MILE 0
HAZE 4
- INDICATES NEGATIVE NUMBERS.
R INDICATES RECORD WAS SET OR TIED.
MM INDICATES DATA IS MISSING.
T INDICATES TRACE AMOUNT.
$$