000
CXUS52 KCAE 011400
CF6CUB
PRELIMINARY LOCAL CLIMATOLOGICAL DATA (WS FORM: F-6)
STATION: HAMILTON - OWENS AIRPORT SC
MONTH: JULY
YEAR: 2021
LATITUDE: 33 58 N
LONGITUDE: 80 59 W
TEMPERATURE IN F: :PCPN: SNOW: WIND :SUNSHINE: SKY :PK WND
================================================================================
1 2 3 4 5 6A 6B 7 8 9 10 11 12 13 14 15 16 17 18
12Z AVG MX 2MIN
DY MAX MIN AVG DEP HDD CDD WTR SNW DPTH SPD SPD DIR MIN PSBL S-S WX SPD DR
================================================================================
1 92 74 83 1 0 18 0.40 M M 4.6 15 260 M M 4 138 23 230
2 81 71 76 -7 0 11 0.47 M M 4.1 9 220 M M 6 13 13 230
3 85 66 76 -7 0 11 0.00 M M 2.7 10 280 M M 2 18 17 320
4 89 63 76 -7 0 11 0.00 M M 2.3 10 270 M M 1 18 15 310
5 91 66 79 -4 0 14 0.00 M M 2.6 12 160 M M 1 18 16 160
6 90 68 79 -4 0 14 0.00 M M 2.2 13 180 M M 1 16 170
7 89 72 81 -2 0 16 0.00 M M 4.2 13 180 M M 1 17 150
8 87 73 80 -3 0 15 1.66 M M 7.1 18 270 M M 6 1 28 300
9 94 75 85 2 0 20 0.03 M M 7.5 23 270 M M 2 3 29 270
10 92 71 82 -1 0 17 0.00 M M 3.3 10 170 M M 2 3 13 170
11 91 74 83 0 0 18 0.00 M M 6.3 15 200 M M 2 22 230
12 92 74 83 0 0 18 T M M 5.4 16 230 M M 3 3 28 250
13 91 71 81 -2 0 16 0.24 M M 2.6 16 150 M M 3 138 23 150
14 91 73 82 -1 0 17 0.00 M M 3.2 12 280 M M 4 1 16 170
15 92 75 84 0 0 19 0.03 M M 2.5 10 180 M M 2 14 190
16 92 71 82 -2 0 17 2.05 M M 2.5 33 290 M M 1 1238 43 290
17 89 73 81 -3 0 16 0.15 M M 2.2 15 160 M M 2 13 22 170
18 90 72 81 -3 0 16 0.71 M M 3.1 18 160 M M 2 138 23 160
19 84 71 78 -6 0 13 0.78 M M 2.1 10 230 M M 5 1 15 230
20 82 72 77 -7 0 12 0.69 M M 0.8 8 60 M M 8 1 12 50
21 90 74 82 -2 0 17 0.00 M M 4.2 12 290 M M 6 16 280
22 94 74 84 0 0 19 0.00 M M 1.4 7 70 M M 1 8 11 60
23 92 75 84 0 0 19 0.00 M M 2.0 9 130 M M 2 18 12 120
24 89 72 81 -3 0 16 0.00 M M 2.6 12 170 M M 0 1 17 180
25 90 71 81 -3 0 16 0.00 M M 2.2 10 180 M M 2 13 180
26 94 73 84 1 0 19 0.00 M M 2.2 10 180 M M 1 8 16 290
27 95 75 85 2 0 20 0.23 M M 1.7 16 170 M M 3 138 22 190
28 93 75 84 1 0 19 0.85 M M 2.3 15 240 M M 3 3 22 240
29 95 74 85 2 0 20 0.00 M M 2.3 12 170 M M 1 12 15 160
30 96 79 88 5 0 23 0.00 M M 4.6 14 250 M M 0 19 260
31 95 77 86 3 0 21 0.00 M M 1.5 15 170 M M 2 138 19 180
================================================================================
SM 2807 2244 0 518 8.29 M 98.3 M 79
================================================================================
AV 90.5 72.4 3.2 FASTST M M 3 MAX(MPH)
MISC ----> 33 290 43 290
================================================================================
NOTES:
# LAST OF SEVERAL OCCURRENCES
COLUMN 17 PEAK WIND IN M.P.H.
PRELIMINARY LOCAL CLIMATOLOGICAL DATA (WS FORM: F-6) , PAGE 2
STATION: HAMILTON - OWENS AIRPORT SC
MONTH: JULY
YEAR: 2021
LATITUDE: 33 58 N
LONGITUDE: 80 59 W
[TEMPERATURE DATA] [PRECIPITATION DATA] SYMBOLS USED IN COLUMN 16
AVERAGE MONTHLY: 81.5 TOTAL FOR MONTH: 8.29 1 = FOG OR MIST
DPTR FM NORMAL: -1.7 DPTR FM NORMAL: 3.49 2 = FOG REDUCING VISIBILITY
HIGHEST: 96 ON 30 GRTST 24HR 2.20 ON 16-17 TO 1/4 MILE OR LESS
LOWEST: 63 ON 4 3 = THUNDER
SNOW, ICE PELLETS, HAIL 4 = ICE PELLETS
TOTAL MONTH: M 5 = HAIL
GRTST 24HR M ON M 6 = FREEZING RAIN OR DRIZZLE
GRTST DEPTH: M ON M 7 = DUSTSTORM OR SANDSTORM:
VSBY 1/2 MILE OR LESS
8 = SMOKE OR HAZE
[NO. OF DAYS WITH] [WEATHER - DAYS WITH] 9 = BLOWING SNOW
X = TORNADO
MAX 32 OR BELOW: 0 0.01 INCH OR MORE: 13
MAX 90 OR ABOVE: 22 0.10 INCH OR MORE: 11
MIN 32 OR BELOW: 0 0.50 INCH OR MORE: 6
MIN 0 OR BELOW: 0 1.00 INCH OR MORE: 2
[HDD (BASE 65) ]
TOTAL THIS MO. 0 CLEAR (SCALE 0-3) 23
DPTR FM NORMAL 0 PTCLDY (SCALE 4-7) 8
TOTAL FM JUL 1 0 CLOUDY (SCALE 8-10) 0
DPTR FM NORMAL 0
[CDD (BASE 65) ]
TOTAL THIS MO. 518
DPTR FM NORMAL -48 [PRESSURE DATA]
TOTAL FM JAN 1 1293 HIGHEST SLP 30.30 ON 13
DPTR FM NORMAL -114 LOWEST SLP 29.74 ON 8
[REMARKS]
#FINAL-07-21#