000
CXUS52 KCAE 011541
CLMCUB
CLIMATE REPORT
NATIONAL WEATHER SERVICE COLUMBIA SC
1041 AM EST FRI DEC 01 2023
...................................
...THE HAMILTON - OWENS AIRPORT SC CLIMATE SUMMARY FOR THE MONTH OF NOVEMBER 2023...
CLIMATE NORMAL PERIOD: 1991 TO 2020
CLIMATE RECORD PERIOD: 9999 TO 9999
WEATHER OBSERVED NORMAL DEPART LAST YEAR`S
VALUE DATE(S) VALUE FROM VALUE
NORMAL
..............................................................
TEMPERATURE (F)
HIGHEST 83 11/08 MM MM
11/09
LOWEST 28 11/29 MM MM
AVG. MAXIMUM 66.8 67.0 -0.2
AVG. MINIMUM 43.5 43.9 -0.4
MEAN 55.1 55.4 -0.3
DAYS MAX >= 90 0 0.0 0.0
DAYS MAX <= 32 0 0.0 0.0
DAYS MIN <= 32 4 2.4 1.6
DAYS MIN <= 0 0 0.0 0.0
PRECIPITATION (INCHES)
TOTALS 3.40 2.78 0.62
DAYS >= .01 6 7.4 -1.4
DAYS >= .10 5 4.6 0.4
DAYS >= .50 2 1.9 0.1
DAYS >= 1.00 2 0.8 1.2
GREATEST
24 HR. TOTAL 2.25 11/21 TO 11/22
DAYS >= TRACE MM
DEGREE DAYS
HEATING TOTAL 298 300 -2
SINCE 7/1 372 380 -8
COOLING TOTAL 11 14 -3
SINCE 1/1 2151 2414 -263
..............................................................
WIND (MPH)
AVERAGE WIND SPEED 2.6
RESULTANT WIND SPEED/DIRECTION 1/100
HIGHEST WIND SPEED/DIRECTION 22/270 DATE 11/22
HIGHEST GUST SPEED/DIRECTION 31/280 DATE 11/22
SKY COVER
POSSIBLE SUNSHINE (PERCENT) MM
AVERAGE SKY COVER 0.26
NUMBER OF DAYS FAIR 21
NUMBER OF DAYS PC 7
NUMBER OF DAYS CLOUDY 2
AVERAGE RH (PERCENT) 63
WEATHER CONDITIONS. NUMBER OF DAYS WITH
THUNDERSTORM 0 MIXED PRECIP 0
HEAVY RAIN 2 RAIN 4
LIGHT RAIN 8 FREEZING RAIN 0
LT FREEZING RAIN 0 HAIL 0
HEAVY SNOW 0 SNOW 0
LIGHT SNOW 0 SLEET 0
FOG 15 FOG W/VIS <= 1/4 MILE 0
HAZE 3
- INDICATES NEGATIVE NUMBERS.
R INDICATES RECORD WAS SET OR TIED.
MM INDICATES DATA IS MISSING.
T INDICATES TRACE AMOUNT.
$$