000
CXUS54 KHGX 271410
CF6CXO
PRELIMINARY LOCAL CLIMATOLOGICAL DATA (WS FORM: F-6)
STATION: CONROE
MONTH: MARCH
YEAR: 2024
LATITUDE: 30 21 N
LONGITUDE: 95 25 W
TEMPERATURE IN F: :PCPN: SNOW: WIND :SUNSHINE: SKY :PK WND
================================================================================
1 2 3 4 5 6A 6B 7 8 9 10 11 12 13 14 15 16 17 18
12Z AVG MX 2MIN
DY MAX MIN AVG DEP HDD CDD WTR SNW DPTH SPD SPD DIR MIN PSBL S-S WX SPD DR
================================================================================
1 72 47 60 2 5 0 0.00 0.0 0 2.9 9 360 M M 5 14 10
2 76 45 61 3 4 0 0.00 0.0 0 4.2 15 170 M M 6 12 19 180
3 80 59 70 12 0 5 0.00 0.0 0 7.7 17 180 M M 8 12 24 150
4 82 67 75 17 0 10 T 0.0 0 4.3 14 170 M M 7 12 19 170
5 87 63 75 16 0 10 T 0.0 0 4.8 15 180 M M 7 128 20 10
6 82 62 72 13 0 7 0.00 0.0 0 5.1 14 160 M M 5 12 17 160
7 80 59 70 11 0 5 0.03 0.0 0 7.0 18 140 M M 6 1 26 130
8 80 63 72 13 0 7 0.03 0.0 0 6.0 23 320 M M 7 18 31 330
9 63 44 54 -6 11 0 0.00 0.0 0 11.4 20 330 M M 5 31 340
10 70 36 53 -7 12 0 0.00 0.0 0 2.7 10 320 M M 0 1 20 330
11 72 45 59 -1 6 0 0.00 0.0 0 3.5 13 140 M M 4 20 170
12 77 46 62 2 3 0 0.00 0.0 0 6.7 17 160 M M 6 1 23 180
13 83 61 72 12 0 7 T 0.0 0 9.3 20 160 M M 8 1 26 170
14 83 71 77 16 0 12 T 0.0 M 13.0 24 160 M M 8 1 35 170
15 83 64 74 13 0 9 0.01 0.0 M 5.6 15 20 M M 8 138 27 40
16 68 61 65 4 0 0 T 0.0 M 5.1 15 110 M M 8 1 25 120
17 79 59 69 8 0 4 0.07 0.0 M 6.2 15 20 M M 7 1 24 20
18 69 44 57 -5 8 0 0.00 0.0 M 7.7 20 30 M M 3 31 20
19 67 35 51 -11 14 0 0.00 0.0 M 4.2 12 200 M M 1 16 250
20 68 46 57 -5 8 0 0.00 0.0 M 3.5 12 190 M M 10 17 180
21 63 56 60 -2 5 0 1.46 0.0 0 6.0 30 320 M M 10 13 41 320
22 74 52 63 1 2 0 0.16 0.0 0 8.2 22 340 M M 5 123 33 330
23 77 49 63 0 2 0 0.00 0.0 0 3.7 10 90 M M 0 1 17 90
24 71 57 64 1 1 0 0.00 0.0 0 11.6 28 160 M M 5 1 40 150
25 72 50 61 -2 4 0 0.05 0.0 0 8.4 22 160 M M 7 1 29 320
26 69 48 59 -4 6 0 0.00 0.0 0 6.2 15 350 M M 0 23 350
================================================================================
SM 1947 1389 91 76 1.81 0.0 165.0 M 146
================================================================================
AV 74.9 53.4 6.3 FASTST M M 6 MAX(MPH)
MISC ----> 30 320 41 320
================================================================================
NOTES:
# LAST OF SEVERAL OCCURRENCES
COLUMN 17 PEAK WIND IN M.P.H.
PRELIMINARY LOCAL CLIMATOLOGICAL DATA (WS FORM: F-6) , PAGE 2
STATION: CONROE
MONTH: MARCH
YEAR: 2024
LATITUDE: 30 21 N
LONGITUDE: 95 25 W
[TEMPERATURE DATA] [PRECIPITATION DATA] SYMBOLS USED IN COLUMN 16
AVERAGE MONTHLY: 64.2 TOTAL FOR MONTH: 1.81 1 = FOG OR MIST
DPTR FM NORMAL: 3.6 DPTR FM NORMAL: -0.78 2 = FOG REDUCING VISIBILITY
HIGHEST: 87 ON 5 GRTST 24HR 1.62 ON 21-22 TO 1/4 MILE OR LESS
LOWEST: 35 ON 19 3 = THUNDER
SNOW, ICE PELLETS, HAIL 4 = ICE PELLETS
TOTAL MONTH: 0.0 INCH 5 = HAIL
GRTST 24HR 0.0 6 = FREEZING RAIN OR DRIZZLE
GRTST DEPTH: 0 7 = DUSTSTORM OR SANDSTORM:
VSBY 1/2 MILE OR LESS
8 = SMOKE OR HAZE
[NO. OF DAYS WITH] [WEATHER - DAYS WITH] 9 = BLOWING SNOW
X = TORNADO
MAX 32 OR BELOW: 0 0.01 INCH OR MORE: 7
MAX 90 OR ABOVE: 0 0.10 INCH OR MORE: 2
MIN 32 OR BELOW: 0 0.50 INCH OR MORE: 1
MIN 0 OR BELOW: 0 1.00 INCH OR MORE: 1
[HDD (BASE 65) ]
TOTAL THIS MO. 91 CLEAR (SCALE 0-3) 5
DPTR FM NORMAL -68 PTCLDY (SCALE 4-7) 19
TOTAL FM JUL 1 1503 CLOUDY (SCALE 8-10) 2
DPTR FM NORMAL -115
[CDD (BASE 65) ]
TOTAL THIS MO. 76
DPTR FM NORMAL 29 [PRESSURE DATA]
TOTAL FM JAN 1 109 HIGHEST SLP M ON M
DPTR FM NORMAL 30 LOWEST SLP 29.51 ON 25
[REMARKS]