000
CXUS54 KHGX 021411
CF6CXO
PRELIMINARY LOCAL CLIMATOLOGICAL DATA (WS FORM: F-6)
STATION: CONROE
MONTH: MARCH
YEAR: 2022
LATITUDE: 30 21 N
LONGITUDE: 95 25 W
TEMPERATURE IN F: :PCPN: SNOW: WIND :SUNSHINE: SKY :PK WND
================================================================================
1 2 3 4 5 6A 6B 7 8 9 10 11 12 13 14 15 16 17 18
12Z AVG MX 2MIN
DY MAX MIN AVG DEP HDD CDD WTR SNW DPTH SPD SPD DIR MIN PSBL S-S WX SPD DR
================================================================================
1 71 29 50 -8 15 0 0.00 0.0 0 1.2 9 180 M M 0 13 200
2 74 33 54 -4 11 0 0.00 0.0 0 2.8 10 180 M M 0 16 130
3 75 43 59 1 6 0 0.00 0.0 0 2.3 9 150 M M 0 18 14 140
4 73 46 60 2 5 0 T 0.0 0 6.8 18 150 M M 6 12 24 140
5 83 63 73 14 0 8 T 0.0 0 13.5 26 180 M M 9 37 170
6 81 68 75 16 0 10 T 0.0 0 12.8 24 160 M M 10 1 34 160
7 72 47 60 1 5 0 0.03 0.0 0 9.9 21 350 M M 10 1 32 330
8 48 41 45 -14 20 0 0.90 0.0 0 6.9 14 280 M M 6 1 22 10
9 57 37 47 -13 18 0 0.00 0.0 0 4.7 14 360 M M 3 20 350
10 73 34 54 -6 11 0 0.00 0.0 0 3.5 14 160 M M 1 1 19 160
11 64 35 50 -10 15 0 0.01 0.0 0 9.5 25 340 M M 9 47 360
12 56 30 43 -17 22 0 0.00 0.0 0 6.5 20 10 M M 0 35 350
13 64 27 46 -14 19 0 0.00 0.0 0 7.7 21 150 M M 3 27 150
14 77 51 64 3 1 0 0.75 0.0 0 10.6 36 310 M M 8 13 51 320
15 71 47 59 -2 6 0 0.00 0.0 0 8.6 20 330 M M 0 1 28 320
16 78 40 59 -2 6 0 0.00 0.0 0 3.7 13 170 M M 0 19 180
17 76 44 60 -1 5 0 0.07 0.0 0 9.8 23 150 M M 6 18 32 130
18 70 41 56 -6 9 0 T 0.0 0 9.6 23 290 M M 2 1 41 300
19 74 35 55 -7 10 0 0.00 0.0 0 2.6 13 350 M M 0 21 340
20 77 36 57 -5 8 0 0.00 0.0 0 7.0 22 150 M M 0 30 130
21 74 58 66 4 0 1 0.28 0.0 0 15.3 30 160 M M 10 1 42 170
22 71 44 58 -4 7 0 1.30 0.0 0 11.0 23 320 M M 7 13 35 320
23 68 41 55 -8 10 0 0.00 0.0 0 7.9 21 290 M M 0 30 280
24 67 36 52 -11 13 0 0.00 0.0 0 5.2 20 340 M M 0 28 320
25 82 35 59 -4 6 0 0.00 0.0 0 2.3 12 10 M M 0 21 350
26 85 41 63 0 2 0 0.00 0.0 0 5.3 15 180 M M 0 21 200
27 85 48 67 4 0 2 0.00 0.0 0 8.0 18 210 M M 0 1 25 200
28 83 54 69 5 0 4 0.00 0.0 0 10.4 20 160 M M 2 1 29 200
29 82 68 75 11 0 10 0.00 0.0 0 16.2 28 160 M M 9 41 160
30 80 56 68 4 0 3 0.37 0.0 0 12.7 35 330 M M 5 13 52 330
31 74 42 58 -6 7 0 0.00 0.0 0 2.9 14 320 M M 0 21 320
================================================================================
SM 2265 1350 237 38 3.71 0.0 237.2 M 106
================================================================================
AV 73.1 43.5 7.7 FASTST M M 3 MAX(MPH)
MISC ----> 36 310 52 330
================================================================================
NOTES:
# LAST OF SEVERAL OCCURRENCES
COLUMN 17 PEAK WIND IN M.P.H.
PRELIMINARY LOCAL CLIMATOLOGICAL DATA (WS FORM: F-6) , PAGE 2
STATION: CONROE
MONTH: MARCH
YEAR: 2022
LATITUDE: 30 21 N
LONGITUDE: 95 25 W
[TEMPERATURE DATA] [PRECIPITATION DATA] SYMBOLS USED IN COLUMN 16
AVERAGE MONTHLY: 58.3 TOTAL FOR MONTH: 3.71 1 = FOG OR MIST
DPTR FM NORMAL: -2.7 DPTR FM NORMAL: 0.72 2 = FOG REDUCING VISIBILITY
HIGHEST: 85 ON 27,26 GRTST 24HR 1.57 ON 21-22 TO 1/4 MILE OR LESS
LOWEST: 27 ON 13 3 = THUNDER
SNOW, ICE PELLETS, HAIL 4 = ICE PELLETS
TOTAL MONTH: 0.0 INCH 5 = HAIL
GRTST 24HR 0.0 6 = FREEZING RAIN OR DRIZZLE
GRTST DEPTH: 0 7 = DUSTSTORM OR SANDSTORM:
VSBY 1/2 MILE OR LESS
8 = SMOKE OR HAZE
[NO. OF DAYS WITH] [WEATHER - DAYS WITH] 9 = BLOWING SNOW
X = TORNADO
MAX 32 OR BELOW: 0 0.01 INCH OR MORE: 8
MAX 90 OR ABOVE: 0 0.10 INCH OR MORE: 5
MIN 32 OR BELOW: 3 0.50 INCH OR MORE: 3
MIN 0 OR BELOW: 0 1.00 INCH OR MORE: 1
[HDD (BASE 65) ]
TOTAL THIS MO. 237 CLEAR (SCALE 0-3) 19
DPTR FM NORMAL 58 PTCLDY (SCALE 4-7) 5
TOTAL FM JUL 1 1629 CLOUDY (SCALE 8-10) 7
DPTR FM NORMAL -9
[CDD (BASE 65) ]
TOTAL THIS MO. 38
DPTR FM NORMAL -17 [PRESSURE DATA]
TOTAL FM JAN 1 55 HIGHEST SLP 30.52 ON 12
DPTR FM NORMAL -32 LOWEST SLP 29.52 ON 30
[REMARKS]
#FINAL-03-22#