000
CXUS54 KHGX 251637
CF6CXO
PRELIMINARY LOCAL CLIMATOLOGICAL DATA (WS FORM: F-6)
STATION: CONROE
MONTH: SEPTEMBER
YEAR: 2020
LATITUDE: 30 21 N
LONGITUDE: 95 25 W
TEMPERATURE IN F: :PCPN: SNOW: WIND :SUNSHINE: SKY :PK WND
================================================================================
1 2 3 4 5 6A 6B 7 8 9 10 11 12 13 14 15 16 17 18
12Z AVG MX 2MIN
DY MAX MIN AVG DEP HDD CDD WTR SNW DPTH SPD SPD DIR MIN PSBL S-S WX SPD DR
================================================================================
1 100 82 91 10 0 26 0.00 0.0 0 12.3 23 160 M M 6 29 190
2 95 82 89 8 0 24 T 0.0 0 8.6 17 170 M M 5 24 210
3 93 77 85 4 0 20 0.09 0.0 0 4.6 21 320 M M 2 1 26 320
4 94 72 83 3 0 18 0.26 0.0 0 3.5 17 330 M M 4 13 22 330
5 93 72 83 3 0 18 0.02 0.0 0 3.5 16 50 M M 2 13 22 60
6 96 72 84 4 0 19 T 0.0 0 3.7 17 190 M M 1 3 24 200
7 94 70 82 2 0 17 0.10 0.0 0 2.1 30 170 M M 2 13 36 170
8 90 71 81 1 0 16 T 0.0 0 3.9 15 160 M M 1 13 19 160
9 93 75 84 4 0 19 0.05 0.0 0 5.7 18 160 M M 2 13 22 160
10 90 71 81 2 0 16 0.12 0.0 0 7.0 15 320 M M 4 138 20 330
11 93 70 82 3 0 17 0.10 0.0 0 6.6 13 340 M M 6 38 20 350
12 95 72 84 5 0 19 0.00 0.0 0 5.5 15 330 M M 1 20 350
13 92 72 82 3 0 17 0.05 0.0 0 4.3 16 100 M M 2 13 24 100
14 91 74 83 5 0 18 0.00 0.0 0 7.2 13 350 M M 4 18 30
15 96 74 85 7 0 20 0.00 0.0 0 5.9 17 350 M M 2 26 340
16 95 73 84 6 0 19 0.00 0.0 0 4.9 15 70 M M 1 3 22 80
17 92 73 83 5 0 18 0.46 0.0 0 5.0 21 340 M M 3 13 27 350
18 91 67 79 1 0 14 0.00 0.0 0 6.5 16 60 M M 0 23 80
19 86 66 76 -1 0 11 0.00 0.0 0 6.6 16 20 M M 2 1 24 30
20 80 63 72 -5 0 7 0.24 0.0 0 7.2 15 10 M M 5 1 22 50
21 76 69 73 -4 0 8 0.38 0.0 0 8.1 16 70 M M 9 1 22 70
22 76 72 74 -3 0 9 1.59 0.0 0 8.7 14 60 M M 10 1 21 80
23 80 69 75 -1 0 10 0.08 0.0 0 9.9 18 330 M M 9 1 24 330
24 74 67 71 -5 0 6 0.01 0.0 0 3.6 10 340 M M 10 18 14 320
25 84 66 75 -1 0 10 T 0.0 0 1.0 8 50 M M 6 1 13 10
26 88 64 76 0 0 11 0.00 0.0 0 2.4 12 200 M M 4 128 14 190
27 92 68 80 5 0 15 0.00 0.0 0 7.3 16 190 M M 3 1 22 190
28 79 61 70 -5 0 5 0.12 0.0 0 9.7 21 350 M M 7 13 29 20
29 82 49 66 -9 0 1 0.00 0.0 0 3.9 16 340 M M 0 21 330
30 86 48 67 -7 0 2 0.00 0.0 0 2.9 13 210 M M 0 17 240
================================================================================
SM 2666 2081 0 430 3.67 0.0 172.1 M 113
================================================================================
AV 88.9 69.4 5.7 FASTST M M 4 MAX(MPH)
MISC ----> 30 170 36 170
================================================================================
NOTES:
# LAST OF SEVERAL OCCURRENCES
COLUMN 17 PEAK WIND IN M.P.H.
PRELIMINARY LOCAL CLIMATOLOGICAL DATA (WS FORM: F-6) , PAGE 2
STATION: CONROE
MONTH: SEPTEMBER
YEAR: 2020
LATITUDE: 30 21 N
LONGITUDE: 95 25 W
[TEMPERATURE DATA] [PRECIPITATION DATA] SYMBOLS USED IN COLUMN 16
AVERAGE MONTHLY: 79.1 TOTAL FOR MONTH: 3.67 1 = FOG OR MIST
DPTR FM NORMAL: 1.1 DPTR FM NORMAL: 0.07 2 = FOG REDUCING VISIBILITY
HIGHEST: 100 ON 1 GRTST 24HR 1.59 ON 22-22 TO 1/4 MILE OR LESS
LOWEST: 48 ON 30 3 = THUNDER
SNOW, ICE PELLETS, HAIL 4 = ICE PELLETS
TOTAL MONTH: 0.0 INCH 5 = HAIL
GRTST 24HR 0.0 6 = FREEZING RAIN OR DRIZZLE
GRTST DEPTH: 0 7 = DUSTSTORM OR SANDSTORM:
VSBY 1/2 MILE OR LESS
8 = SMOKE OR HAZE
[NO. OF DAYS WITH] [WEATHER - DAYS WITH] 9 = BLOWING SNOW
X = TORNADO
MAX 32 OR BELOW: 0 0.01 INCH OR MORE: 15
MAX 90 OR ABOVE: 19 0.10 INCH OR MORE: 9
MIN 32 OR BELOW: 0 0.50 INCH OR MORE: 1
MIN 0 OR BELOW: 0 1.00 INCH OR MORE: 1
[HDD (BASE 65) ]
TOTAL THIS MO. 0 CLEAR (SCALE 0-3) 14
DPTR FM NORMAL -1 PTCLDY (SCALE 4-7) 12
TOTAL FM JUL 1 0 CLOUDY (SCALE 8-10) 4
DPTR FM NORMAL 0
[CDD (BASE 65) ]
TOTAL THIS MO. 430
DPTR FM NORMAL 39 [PRESSURE DATA]
TOTAL FM JAN 1 2844 HIGHEST SLP M ON M
DPTR FM NORMAL 354 LOWEST SLP 29.75 ON 28
[REMARKS]
#FINAL-09-20#