000
CXUS54 KHGX 251619
CF6CXO
PRELIMINARY LOCAL CLIMATOLOGICAL DATA (WS FORM: F-6)
STATION: CONROE
MONTH: JUNE
YEAR: 2020
LATITUDE: 30 21 N
LONGITUDE: 95 25 W
TEMPERATURE IN F: :PCPN: SNOW: WIND :SUNSHINE: SKY :PK WND
================================================================================
1 2 3 4 5 6A 6B 7 8 9 10 11 12 13 14 15 16 17 18
12Z AVG MX 2MIN
DY MAX MIN AVG DEP HDD CDD WTR SNW DPTH SPD SPD DIR MIN PSBL S-S WX SPD DR
================================================================================
1 84 71 78 -1 0 13 0.03 0.0 0 2.2 9 130 M M 7 1 12 140
2 91 69 80 1 0 15 T 0.0 0 3.4 12 100 M M 1 1 15 90
3 92 69 81 2 0 16 0.34 0.0 0 2.9 29 180 M M 3 13 39 180
4 93 70 82 3 0 17 0.00 0.0 0 2.7 16 160 M M 4 12 19 160
5 93 70 82 2 0 17 0.00 0.0 0 2.8 9 160 M M 2 1 13 140
6 96 70 83 3 0 18 T 0.0 0 3.6 13 140 M M 1 1 18 20
7 95 71 83 3 0 18 0.00 0.0 0 5.2 14 360 M M 2 21 350
8 96 74 85 5 0 20 0.00 0.0 0 5.7 14 180 M M 3 23 150
9 97 80 89 9 0 24 0.00 0.0 0 8.9 16 180 M M 4 23 180
10 92 62 77 -3 0 12 T 0.0 0 6.5 16 350 M M 2 23 340
11 92 57 75 -5 0 10 0.00 0.0 0 3.7 13 350 M M 0 18 350
12 91 59 75 -5 0 10 0.00 0.0 0 4.1 13 10 M M 0 18 10
13 92 62 77 -4 0 12 0.00 0.0 0 5.1 15 20 M M 0 21 20
14 93 61 77 -4 0 12 0.00 0.0 0 4.2 13 140 M M 1 19 120
15 95 68 82 1 0 17 0.00 0.0 0 4.3 17 160 M M 1 1 21 160
16 95 67 81 0 0 16 0.00 0.0 0 3.2 15 140 M M 1 1 18 170
17 94 64 79 -2 0 14 0.00 0.0 0 4.1 13 180 M M 0 1 16 150
18 96 64 80 -1 0 15 0.00 0.0 0 5.8 17 150 M M 1 1 23 170
19 94 65 80 -1 0 15 0.77 0.0 0 5.6 24 170 M M 1 13 28 170
20 93 71 82 1 0 17 0.02 0.0 0 5.9 18 180 M M 4 13 24 180
21 93 71 82 1 0 17 0.17 0.0 0 6.0 32 150 M M 2 13 40 150
22 81 68 75 -6 0 10 1.72 0.0 0 5.6 21 160 M M 5 123 26 290
23 91 68 80 -1 0 15 0.11 0.0 0 6.0 17 160 M M 5 13 21 160
24 81 72 77 -4 0 12 2.18 0.0 0 4.1 14 250 M M 9 138 20 250
25 86 73 80 -1 0 15 1.89 0.0 0 5.0 17 150 M M 6 13 21 150
26 86 75 81 -1 0 16 T 0.0 0 6.4 16 160 M M 9 18 21 170
27 93 78 86 4 0 21 0.00 0.0 0 9.1 17 160 M M 6 1 26 160
28 93 78 86 4 0 21 T 0.0 0 10.8 22 180 M M 5 18 29 180
29 93 79 86 4 0 21 0.00 0.0 0 10.6 20 170 M M 5 26 160
30 95 81 88 6 0 23 0.00 0.0 0 10.9 20 190 M M 6 25 210
================================================================================
SM 2756 2087 0 479 7.23 0.0 164.4 M 96
================================================================================
AV 91.9 69.6 5.5 FASTST M M 3 MAX(MPH)
MISC ----> 32 150 40 150
================================================================================
NOTES:
# LAST OF SEVERAL OCCURRENCES
COLUMN 17 PEAK WIND IN M.P.H.
PRELIMINARY LOCAL CLIMATOLOGICAL DATA (WS FORM: F-6) , PAGE 2
STATION: CONROE
MONTH: JUNE
YEAR: 2020
LATITUDE: 30 21 N
LONGITUDE: 95 25 W
[TEMPERATURE DATA] [PRECIPITATION DATA] SYMBOLS USED IN COLUMN 16
AVERAGE MONTHLY: 80.7 TOTAL FOR MONTH: 7.23 1 = FOG OR MIST
DPTR FM NORMAL: 0.1 DPTR FM NORMAL: 2.81 2 = FOG REDUCING VISIBILITY
HIGHEST: 97 ON 9 GRTST 24HR 2.18 ON 24-24 TO 1/4 MILE OR LESS
LOWEST: 57 ON 11 3 = THUNDER
SNOW, ICE PELLETS, HAIL 4 = ICE PELLETS
TOTAL MONTH: 0.0 INCH 5 = HAIL
GRTST 24HR 0.0 6 = FREEZING RAIN OR DRIZZLE
GRTST DEPTH: 0 7 = DUSTSTORM OR SANDSTORM:
VSBY 1/2 MILE OR LESS
8 = SMOKE OR HAZE
[NO. OF DAYS WITH] [WEATHER - DAYS WITH] 9 = BLOWING SNOW
X = TORNADO
MAX 32 OR BELOW: 0 0.01 INCH OR MORE: 9
MAX 90 OR ABOVE: 25 0.10 INCH OR MORE: 7
MIN 32 OR BELOW: 0 0.50 INCH OR MORE: 4
MIN 0 OR BELOW: 0 1.00 INCH OR MORE: 3
[HDD (BASE 65) ]
TOTAL THIS MO. 0 CLEAR (SCALE 0-3) 16
DPTR FM NORMAL 0 PTCLDY (SCALE 4-7) 12
TOTAL FM JUL 1 1492 CLOUDY (SCALE 8-10) 2
DPTR FM NORMAL -213
[CDD (BASE 65) ]
TOTAL THIS MO. 479
DPTR FM NORMAL 11 [PRESSURE DATA]
TOTAL FM JAN 1 1151 HIGHEST SLP M ON M
DPTR FM NORMAL 165 LOWEST SLP 29.61 ON 8
[REMARKS]
#FINAL-06-20#