000
CXUS55 KCYS 011602
CLMCYS
CLIMATE REPORT
NATIONAL WEATHER SERVICE CHEYENNE WY
1002 AM MDT SAT JUL 01 2023
...................................
...THE CHEYENNE WYOMING AIRPORT CLIMATE SUMMARY FOR THE MONTH OF JUNE 2023...
CLIMATE NORMAL PERIOD 1991 TO 2020
CLIMATE RECORD PERIOD 1871 TO 2023
WEATHER OBSERVED NORMAL DEPART LAST YEAR`S
VALUE DATE(S) VALUE FROM VALUE DATE(S)
NORMAL
................................................................
TEMPERATURE (F)
RECORD
HIGH 100 06/23/1954
LOW 25 06/02/1951
HIGHEST 90 06/27 74 16 95
LOWEST 45 06/25 48 -3 37
AVG. MAXIMUM 72.3 76.7 -4.4 82.2
AVG. MINIMUM 50.7 49.4 1.3 51.2
MEAN 61.5 63.1 -1.6 66.7
DAYS MAX >= 90 1 2.1 -1.1 7
DAYS MAX <= 32 0 0.0 0.0 0
DAYS MIN <= 32 0 0.1 -0.1 0
DAYS MIN <= 0 0 0.0 0.0 0
PRECIPITATION (INCHES)
RECORD
MAXIMUM 5.32 1955
TOTALS 3.55 2.16 1.39
DAYS >= .01 18 10.7 7.3 6
DAYS >= .10 10 4.9 5.1 1
DAYS >= .50 3 1.3 1.7 0
DAYS >= 1.00 0 0.4 -0.4 0
GREATEST
24 HR. TOTAL 0.90 06/29 TO 06/30 0.20 06/03 TO 06/03
SNOWFALL (INCHES)
RECORDS
TOTAL 8.7 MM
24 HR TOTAL 8.0 MM
TOTALS 0.0 0.0 0.0 0.0
SINCE 7/1 62.8 62.9 -0.1 MM
DAYS >= 1.0 0 0.0 0.0 0
GREATEST
SNOW DEPTH 0 0
24 HR TOTAL MM 0.0
DEGREE DAYS
HEATING TOTAL 121 115 6
SINCE 7/1 7086 6959 127
COOLING TOTAL 23 56 -33
SINCE 1/1 23 60 -37
................................................................
WIND (MPH)
AVERAGE WIND SPEED 9.5
HIGHEST WIND SPEED/DIRECTION 36/260 DATE 06/24
HIGHEST GUST SPEED/DIRECTION 49/290 DATE 06/24
SKY COVER
POSSIBLE SUNSHINE (PERCENT) MM
AVERAGE SKY COVER 0.42
NUMBER OF DAYS FAIR 15
NUMBER OF DAYS PC 9
NUMBER OF DAYS CLOUDY 6
AVERAGE RH (PERCENT) 66
WEATHER CONDITIONS. NUMBER OF DAYS WITH
THUNDERSTORM 20 MIXED PRECIP 0
HEAVY RAIN 6 RAIN 6
LIGHT RAIN 22 FREEZING RAIN 0
LT FREEZING RAIN 0 HAIL 1
HEAVY SNOW 0 SNOW 0
LIGHT SNOW 0 SLEET 0
FOG 16 FOG W/VIS <= 1/4 MILE 3
HAZE 8
- INDICATES NEGATIVE NUMBERS.
R INDICATES RECORD WAS SET OR TIED.
MM INDICATES DATA IS MISSING.
T INDICATES TRACE AMOUNT.
$$