000
CXUS53 KUNR 010930
CF6D07
PRELIMINARY LOCAL CLIMATOLOGICAL DATA (WS FORM: F-6)
STATION: FAITH SD
MONTH: MAY
YEAR: 2021
LATITUDE: 45 1 N
LONGITUDE: 102 1 W
TEMPERATURE IN F: :PCPN: SNOW: WIND :SUNSHINE: SKY :PK WND
================================================================================
1 2 3 4 5 6A 6B 7 8 9 10 11 12 13 14 15 16 17 18
12Z AVG MX 2MIN
DY MAX MIN AVG DEP HDD CDD WTR SNW DPTH SPD SPD DIR MIN PSBL S-S WX SPD DR
================================================================================
1 83 54 69 19 0 4 0.00 M M 10.8 21 340 M M M 27 330
2 65 41 53 3 12 0 0.10 M M 13.9 28 350 M M M 36 350
3 60 36 48 -2 17 0 0.00 M M 12.1 23 360 M M M 33 360
4 63 30 47 -4 18 0 0.00 M M 13.0 26 180 M M M 34 170
5 55 34 45 -6 20 0 0.00 M M 12.1 24 20 M M M 34 10
6 67 36 52 0 13 0 0.00 M M 8.4 16 350 M M M 23 320
7 64 36 50 -2 15 0 0.00 M M 18.1 25 130 M M M 40 140
8 46 33 40 -12 25 0 0.56 M M 18.1 43 130 M M M 62 130
9 44 32 38 -15 27 0 0.18 M M 5.4 13 100 M M M 16 60
10 57 28 43 -10 22 0 0.00 M M 7.0 15 70 M M M 20 70
11 61 31 46 -7 19 0 0.00 M M 9.1 15 150 M M M 21 160
12 67 34 51 -3 14 0 0.05 M M 12.7 25 160 M M M 34 160
13 69 39 54 0 11 0 0.00 M M 4.7 14 300 M M M 19 290
14 72 45 59 5 6 0 0.00 M M 6.1 32 310 M M M 44 310
15 73 45 59 4 6 0 0.00 M M 6.6 21 200 M M M 26 190
16 72 48 60 5 5 0 0.00 M M 8.3 16 150 M M M 23 120
17 71 46 59 4 6 0 0.00 M M 14.3 24 150 M M M 33 130
18 81 52 67 11 0 2 0.00 M M 20.3 30 170 M M M 42 150
19 82 54 68 12 0 3 0.00 M M 13.1 22 10 M M M 30 10
20 84 55 70 14 0 5 0.61 M M 16.6 30 160 M M M 39 280
21 58 45 52 -5 13 0 0.14 M M 15.4 25 320 M M M 32 320
22 54 43 49 -8 16 0 0.01 M M 14.2 24 340 M M M 31 340
23 79 46 63 6 2 0 0.94 M M 16.4 52 270 M M M 66 260
24 76 43 60 2 5 0 0.00 M M 19.4 35 230 M M M 54 200
25 70 43 57 -1 8 0 0.00 M M 19.0 36 290 M M M 47 290
26 51 41 46 -12 19 0 0.37 M M 14.9 31 80 M M M 39 80
27 44 35 40 -19 25 0 0.08 M M 11.9 22 50 M M M 28 60
28 61 37 49 -10 16 0 0.00 M M 18.0 30 150 M M M 40 160
29 67 44 56 -3 9 0 0.01 M M 9.3 23 130 M M M 31 130
30 73 44 59 -1 6 0 0.00 M M 6.4 16 330 M M M 21 330
31 75 44 60 0 5 0 0.00 M M 10.5 16 140 M M M 28 150
================================================================================
SM 2044 1274 360 14 3.05 M 386.1 M M
================================================================================
AV 65.9 41.1 12.5 FASTST M M M MAX(MPH)
MISC ----> 52 270 66 260
================================================================================
NOTES:
# LAST OF SEVERAL OCCURRENCES
COLUMN 17 PEAK WIND IN M.P.H.
PRELIMINARY LOCAL CLIMATOLOGICAL DATA (WS FORM: F-6) , PAGE 2
STATION: FAITH SD
MONTH: MAY
YEAR: 2021
LATITUDE: 45 1 N
LONGITUDE: 102 1 W
[TEMPERATURE DATA] [PRECIPITATION DATA] SYMBOLS USED IN COLUMN 16
AVERAGE MONTHLY: 53.5 TOTAL FOR MONTH: 3.05 1 = FOG OR MIST
DPTR FM NORMAL: -1.5 DPTR FM NORMAL: -0.15 2 = FOG REDUCING VISIBILITY
HIGHEST: 84 ON 20 GRTST 24HR 0.95 ON 22-23 TO 1/4 MILE OR LESS
LOWEST: 28 ON 10 3 = THUNDER
SNOW, ICE PELLETS, HAIL 4 = ICE PELLETS
TOTAL MONTH: M 5 = HAIL
GRTST 24HR M ON M 6 = FREEZING RAIN OR DRIZZLE
GRTST DEPTH: M ON M 7 = DUSTSTORM OR SANDSTORM:
VSBY 1/2 MILE OR LESS
8 = SMOKE OR HAZE
[NO. OF DAYS WITH] [WEATHER - DAYS WITH] 9 = BLOWING SNOW
X = TORNADO
MAX 32 OR BELOW: 0 0.01 INCH OR MORE: 11
MAX 90 OR ABOVE: 0 0.10 INCH OR MORE: 7
MIN 32 OR BELOW: 4 0.50 INCH OR MORE: 3
MIN 0 OR BELOW: 0 1.00 INCH OR MORE: 0
[HDD (BASE 65) ]
TOTAL THIS MO. 360 CLEAR (SCALE 0-3) 0
DPTR FM NORMAL 37 PTCLDY (SCALE 4-7) 0
TOTAL FM JUL 1 7168 CLOUDY (SCALE 8-10) 31
DPTR FM NORMAL -380
[CDD (BASE 65) ]
TOTAL THIS MO. 14
DPTR FM NORMAL 1 [PRESSURE DATA]
TOTAL FM JAN 1 14 HIGHEST SLP M ON M
DPTR FM NORMAL 0 LOWEST SLP 29.49 ON 2
[REMARKS]
#FINAL-05-21#