000
CXUS55 KDVN 011100
CF6DBQ
PRELIMINARY LOCAL CLIMATOLOGICAL DATA (WS FORM: F-6)
STATION: DUBUQUE IA
MONTH: NOVEMBER
YEAR: 2021
LATITUDE: 42 24 N
LONGITUDE: 90 42 W
TEMPERATURE IN F: :PCPN: SNOW: WIND :SUNSHINE: SKY :PK WND
================================================================================
1 2 3 4 5 6A 6B 7 8 9 10 11 12 13 14 15 16 17 18
12Z AVG MX 2MIN
DY MAX MIN AVG DEP HDD CDD WTR SNW DPTH SPD SPD DIR MIN PSBL S-S WX SPD DR
================================================================================
1 47 29 38 -5 27 0 0.00 0.0 0 10.4 23 290 M M 2 33 300
2 46 25 36 -7 29 0 0.00 0.0 0 9.0 21 270 M M 3 29 290
3 43 23 33 -9 32 0 0.00 0.0 0 2.4 8 180 M M 4 12 160
4 51 32 42 0 23 0 0.00 0.0 0 7.4 15 230 M M 7 20 200
5 52 29 41 0 24 0 0.00 0.0 0 13.8 25 190 M M 0 33 180
6 60 36 48 7 17 0 0.00 0.0 0 12.5 18 200 M M 1 24 200
7 66 41 54 14 11 0 0.00 0.0 0 11.7 24 200 M M 0 30 190
8 67 39 53 13 12 0 0.00 0.0 0 5.3 15 30 M M 2 20 30
9 60 40 50 11 15 0 0.00 0.0 0 9.5 17 40 M M 2 23 30
10 55 39 47 8 18 0 0.17 0.0 0 14.0 26 130 M M 5 13 43 170
11 54 34 44 6 21 0 0.52 0.0 0 17.7 33 280 M M 9 18 45 260
12 37 31 34 -4 31 0 0.05 T 0 17.8 26 260 M M 9 1 40 260
13 35 31 33 -5 32 0 0.02 0.1 T 12.8 18 180 M M 10 1 27 190
14 37 29 33 -4 32 0 T T 0 15.7 29 290 M M 10 1 43 290
15 36 27 32 -5 33 0 T T 0 5.6 10 150 M M 7 15 120
16 49 27 38 2 27 0 0.00 0.0 0 12.7 28 150 M M 0 1 39 150
17 50 29 40 4 25 0 0.00 0.0 0 12.2 23 290 M M 1 1 31 300
18 32 21 27 -8 38 0 T T 0 16.1 30 290 M M 6 43 290
19 39 15 27 -8 38 0 0.00 0.0 0 11.3 20 160 M M 2 27 160
20 51 33 42 8 23 0 0.00 0.0 0 7.7 16 220 M M 4 22 150
21 52 23 38 4 27 0 0.00 0.0 0 13.8 33 300 M M 4 44 310
22 33 16 25 -9 40 0 0.00 0.0 0 7.7 20 330 M M 2 27 340
23 47 19 33 0 32 0 0.00 0.0 0 13.2 22 190 M M 0 31 190
24 52 37 45 12 20 0 0.00 0.0 0 14.2 25 180 M M 1 8 38 180
25 40 15 28 -4 37 0 0.00 0.0 0 15.3 24 320 M M 5 8 30 330
26 30 12 21 -11 44 0 0.00 0.0 0 8.8 17 160 M M 7 8 24 160
27 52 26 39 8 26 0 0.02 0.0 0 10.8 20 340 M M 2 27 340
28 40 22 31 0 34 0 0.00 0.0 0 10.9 25 340 M M 0 36 350
29 50 26 38 8 27 0 0.00 0.0 0 11.9 28 190 M M 5 35 190
30 52 29 41 11 24 0 0.00 0.0 0 9.5 21 330 M M 1 27 330
================================================================================
SM 1415 835 819 0 0.78 0.1 341.7 M 111
================================================================================
AV 47.2 27.8 11.4 FASTST M M 4 MAX(MPH)
MISC ----> # 33 280 45 260
================================================================================
NOTES:
# LAST OF SEVERAL OCCURRENCES
COLUMN 17 PEAK WIND IN M.P.H.
PRELIMINARY LOCAL CLIMATOLOGICAL DATA (WS FORM: F-6) , PAGE 2
STATION: DUBUQUE IA
MONTH: NOVEMBER
YEAR: 2021
LATITUDE: 42 24 N
LONGITUDE: 90 42 W
[TEMPERATURE DATA] [PRECIPITATION DATA] SYMBOLS USED IN COLUMN 16
AVERAGE MONTHLY: 37.5 TOTAL FOR MONTH: 0.78 1 = FOG OR MIST
DPTR FM NORMAL: 1.1 DPTR FM NORMAL: -1.43 2 = FOG REDUCING VISIBILITY
HIGHEST: 67 ON 8 GRTST 24HR 0.68 ON 10-11 TO 1/4 MILE OR LESS
LOWEST: 12 ON 26 3 = THUNDER
SNOW, ICE PELLETS, HAIL 4 = ICE PELLETS
TOTAL MONTH: 0.1 INCH 5 = HAIL
GRTST 24HR 0.1 ON 13-13 6 = FREEZING RAIN OR DRIZZLE
GRTST DEPTH: T 7 = DUSTSTORM OR SANDSTORM:
VSBY 1/2 MILE OR LESS
8 = SMOKE OR HAZE
[NO. OF DAYS WITH] [WEATHER - DAYS WITH] 9 = BLOWING SNOW
X = TORNADO
MAX 32 OR BELOW: 2 0.01 INCH OR MORE: 5
MAX 90 OR ABOVE: 0 0.10 INCH OR MORE: 2
MIN 32 OR BELOW: 22 0.50 INCH OR MORE: 1
MIN 0 OR BELOW: 0 1.00 INCH OR MORE: 0
[HDD (BASE 65) ]
TOTAL THIS MO. 819 CLEAR (SCALE 0-3) 15
DPTR FM NORMAL -38 PTCLDY (SCALE 4-7) 11
TOTAL FM JUL 1 1173 CLOUDY (SCALE 8-10) 4
DPTR FM NORMAL -326
[CDD (BASE 65) ]
TOTAL THIS MO. 0
DPTR FM NORMAL 0 [PRESSURE DATA]
TOTAL FM JAN 1 870 HIGHEST SLP 30.51 ON 19
DPTR FM NORMAL 233 LOWEST SLP 29.44 ON 11
[REMARKS]
#FINAL-11-21#