000
CXUS51 KALY 011542
CLMDDH
CLIMATE REPORT
NATIONAL WEATHER SERVICE ALBANY NY
1142 AM EDT MON MAY 01 2023
...................................
...THE BENNINGTON VT CLIMATE SUMMARY FOR THE MONTH OF APRIL 2023...
CLIMATE NORMAL PERIOD: 1991 TO 2020
CLIMATE RECORD PERIOD: 9999 TO 9999
WEATHER OBSERVED NORMAL DEPART LAST YEAR`S
VALUE DATE(S) VALUE FROM VALUE DATE(S)
NORMAL
................................................................
TEMPERATURE (F)
HIGHEST 87 04/14 78 04/14
LOWEST 22 04/03 25 04/18
04/09
AVG. MAXIMUM 61.2 56.9 4.3 56.6
AVG. MINIMUM 38.9 34.1 4.8 33.8
MEAN 50.0 45.5 4.5 45.2
DAYS MAX >= 90 0 0.0 0.0 0
DAYS MAX <= 32 0 0.2 -0.2 0
DAYS MIN <= 32 9 13.8 -4.8 13
DAYS MIN <= 0 0 0.0 0.0 0
PRECIPITATION (INCHES)
TOTALS MM 2.49 MM 5.01
DAILY AVG. MM 0.17
DAYS >= .01 MM 15
DAYS >= .10 MM 10
DAYS >= .50 MM 3
DAYS >= 1.00 MM 1
GREATEST
24 HR. TOTAL MM
DEGREE DAYS
HEATING TOTAL 461 587 -126 583
SINCE 7/1 5774 6646 -872 6204
COOLING TOTAL 16 2 14 0
SINCE 1/1 16 2 14 0
................................................................
WIND (MPH)
AVERAGE WIND SPEED 6.4
HIGHEST WIND SPEED/DIRECTION 32/140 DATE 04/22
HIGHEST GUST SPEED/DIRECTION 40/140 DATE 04/22
40/100 04/30
SKY COVER
AVERAGE SKY COVER 0.46
AVERAGE RH (PERCENT) 57
WEATHER CONDITIONS. NUMBER OF DAYS WITH
THUNDERSTORM 1 MIXED PRECIP 0
HEAVY RAIN 1 RAIN 5
LIGHT RAIN 16 FREEZING RAIN 0
LT FREEZING RAIN 0 HAIL 0
HEAVY SNOW 0 SNOW 0
LIGHT SNOW 0 SLEET 0
FOG 8 FOG W/VIS <= 1/4 MILE 2
HAZE 4
- INDICATES NEGATIVE NUMBERS.
R INDICATES RECORD WAS SET OR TIED.
MM INDICATES DATA IS MISSING.
T INDICATES TRACE AMOUNT.
$$