000
CXUS51 KALY 012048
CLSDDH
CLIMATE REPORT
NATIONAL WEATHER SERVICE ALBANY NY
448 PM EDT WED JUN 01 2022
...................................
...THE BENNINGTON VT CLIMATE SUMMARY FOR THE SEASON, FROM
3/1/2022 TO 5/31/2022...
CLIMATE NORMAL PERIOD: 1991 TO 2020
CLIMATE RECORD PERIOD: 9999 TO 9999
WEATHER OBSERVED NORMAL DEPART LAST YEAR`S
VALUE DATE(S) VALUE FROM VALUE DATE(S)
NORMAL
................................................................
TEMPERATURE (F)
HIGHEST 91 05/21 88 05/26
LOWEST -1 03/04 6 03/02
AVG. MAXIMUM 59.1 56.4 2.7 58.4
AVG. MINIMUM 35.5 33.8 1.7 34.1
MEAN 47.3 45.1 2.2 46.3
DAYS MAX >= 90 1 0.1 0.9 0
DAYS MAX <= 32 4 5.0 -1.0 5
DAYS MIN <= 32 36 41.8 -5.8 33
DAYS MIN <= 0 1 0.8 0.2 0
PRECIPITATION (INCHES)
TOTALS 11.12 8.61 2.51 6.86
DAILY AVG. 0.12 0.08
DAYS >= .01 41 30
DAYS >= .10 26 18
DAYS >= .50 6 6
DAYS >= 1.00 2 1
GREATEST
24 HR. TOTAL 1.42 04/07 TO 04/08
DEGREE DAYS
HEATING TOTAL 1673 1854 -181 1716
SINCE 7/1 6394 6933 -539 6486
COOLING TOTAL 57 19 38 26
SINCE 1/1 57 19 38 26
................................................................
WIND (MPH)
AVERAGE WIND SPEED 5.9
HIGHEST WIND SPEED/DIRECTION 41/270 DATE 03/07
HIGHEST GUST SPEED/DIRECTION 63/270 DATE 03/07
WEATHER CONDITIONS. NUMBER OF DAYS WITH
THUNDERSTORM 2 MIXED PRECIP 0
HEAVY RAIN 7 RAIN 16
LIGHT RAIN 36 FREEZING RAIN 0
LT FREEZING RAIN 0 HAIL 0
HEAVY SNOW 2 SNOW 4
LIGHT SNOW 10 SLEET 0
FOG 44 FOG W/VIS <= 1/4 MILE 12
HAZE 7
- INDICATES NEGATIVE NUMBERS.
R INDICATES RECORD WAS SET OR TIED.
MM INDICATES DATA IS MISSING.
T INDICATES TRACE AMOUNT.
$$