700
CXUS51 KALY 021343
CLSDDH
ALBCLSDDH 000
TTAA00 ALY 010947
CLIMATE REPORT
NATIONAL WEATHER SERVICE ALBANY NY
547 AM EDT MON JUN 01 2020
...................................
...THE BENNINGTON VT CLIMATE SUMMARY FOR THE SEASON, FROM
3/1/2020 TO 5/31/2020...
CLIMATE NORMAL PERIOD: 1981 TO 2010
CLIMATE RECORD PERIOD: 9999 TO 9999
WEATHER OBSERVED NORMAL DEPART LAST YEAR`S
VALUE DATE(S) VALUE FROM VALUE DATE(S)
NORMAL
................................................................
TEMPERATURE (F)
HIGHEST 88 05/27 83 05/19
LOWEST 8R 03/01 1 03/05
AVG. MAXIMUM 56.4 55.8 0.6 55.3
AVG. MINIMUM 35.4 33.4 2.0 34.2
MEAN 45.9 44.6 1.3 44.8
DAYS MAX >= 90 0 0.3 -0.3 0
DAYS MAX <= 32 1 4.2 -3.2 4
DAYS MIN <= 32 36 42.5 -6.5 37
DAYS MIN <= 0 0 0.6 -0.6 0
PRECIPITATION (INCHES)
TOTALS 7.67 10.08 -2.41 8.48
DAILY AVG. 0.08 0.09
DAYS >= .01 25 MM MM 48
DAYS >= .10 14 MM MM 26
DAYS >= .50 3 MM MM 2
DAYS >= 1.00 0 MM MM 0
GREATEST
24 HR. TOTAL 0.86
DEGREE DAYS
HEATING TOTAL 1771 1888 -117 1844
SINCE 7/1 6659 7139 -480 6635
COOLING TOTAL 40 13 27 6
SINCE 1/1 40 14 26 6
................................................................
WIND (MPH)
AVERAGE WIND SPEED 6.7
HIGHEST WIND SPEED/DIRECTION 35/140 DATE 03/13
HIGHEST GUST SPEED/DIRECTION 51/290 DATE 05/15
WEATHER CONDITIONS. NUMBER OF DAYS WITH
THUNDERSTORM 3 MIXED PRECIP 0
HEAVY RAIN 3 RAIN 10
LIGHT RAIN 33 FREEZING RAIN 0
LT FREEZING RAIN 0 HAIL 0
HEAVY SNOW 2 SNOW 3
LIGHT SNOW 13 SLEET 0
FOG 25 FOG W/VIS <= 1/4 MILE 2
HAZE 6
- INDICATES NEGATIVE NUMBERS.
R INDICATES RECORD WAS SET OR TIED.
MM INDICATES DATA IS MISSING.
T INDICATES TRACE AMOUNT.
$$