000
CXUS53 KILX 010900
CF6DEC
PRELIMINARY LOCAL CLIMATOLOGICAL DATA (WS FORM: F-6)
STATION: DECATUR IL AIRPORT
MONTH: AUGUST
YEAR: 2022
LATITUDE: 39 49 N
LONGITUDE: 88 51 W
TEMPERATURE IN F: :PCPN: SNOW: WIND :SUNSHINE: SKY :PK WND
================================================================================
1 2 3 4 5 6A 6B 7 8 9 10 11 12 13 14 15 16 17 18
12Z AVG MX 2MIN
DY MAX MIN AVG DEP HDD CDD WTR SNW DPTH SPD SPD DIR MIN PSBL S-S WX SPD DR
================================================================================
1 91 68 80 5 0 15 0.10 M M 10.5 48 330 M M 4 13 66 340
2 83 67 75 0 0 10 2.42 M M 9.0 29 320 M M 4 13 43 280
3 91 M M M M M 3.76 M M 12.2 39 300 M M 4 13 61 240
4 85 72 79 4 0 14 0.04 M M 6.5 13 180 M M 6 3 22 190
5 87 72 80 5 0 15 0.00 M M 5.0 9 120 M M 5 1 13 130
6 90 70 80 5 0 15 0.00 M M 7.5 16 190 M M 4 12 21 190
7 91 76 84 9 0 19 0.00 M M 9.0 15 210 M M 1 3 20 230
8 85 72 79 4 0 14 0.06 M M 9.8 16 350 M M 4 1 23 340
9 77 64 71 -4 0 6 0.14 M M 7.1 16 30 M M 9 13 21 40
10 81 56 69 -5 0 4 0.00 M M 4.7 16 20 M M 0 21 20
11 86 58 72 -2 0 7 0.50 M M 4.4 26 360 M M 3 13 35 350
12 79 55 67 -7 0 2 0.00 M M 5.4 14 80 M M 0 19 100
13 81 57 69 -5 0 4 0.02 M M 8.2 18 190 M M 1 3 24 190
14 82 68 75 1 0 10 T M M 9.7 17 330 M M 7 13 22 310
15 79 65 72 -2 0 7 0.00 M M 8.4 15 30 M M 7 20 20
16 82 60 71 -3 0 6 T M M 6.5 8 30 M M 2 18 M M
17 82 58 70 -4 0 5 0.00 M M 3.4 12 30 M M 1 18 20
18 83 59 71 -3 0 6 0.01 M M 2.5 9 320 M M 3 1 12 320
19 84 62 73 -1 0 8 T M M 8.0 16 210 M M 1 22 190
20 84 66 75 2 0 10 1.40 M M 9.1 22 340 M M 6 13 32 330
21 80 65 73 0 0 8 T M M 6.4 12 350 M M 5 1 17 320
22 81 62 72 -1 0 7 0.00 M M 3.6 12 360 M M 1 1 17 30
23 82 58 70 -3 0 5 0.00 M M 2.6 10 320 M M 3 1 16 10
24 83 56 70 -3 0 5 0.00 M M 1.4 7 110 M M 0 1 10 40
25 85 60 73 0 0 8 0.01 M M 6.1 18 240 M M 5 3 24 240
26 84 64 74 2 0 9 0.00 M M 5.4 14 40 M M 3 8 17 40
27 85 59 72 0 0 7 0.00 M M 5.8 10 120 M M 1 13 90
28 90 69 80 8 0 15 1.31 M M 9.5 23 240 M M 2 13 31 250
29 89 70 80 8 0 15 1.51 M M 10.8 21 210 M M 4 13 27 210
30 81 62 72 0 0 7 0.04 M M 8.8 20 330 M M 2 1 28 330
31 82 58 70 -2 0 5 0.00 M M 3.5 12 320 M M 0 17 290
================================================================================
SM 2605 1908 0 268 11.32 M 210.8 M 98
================================================================================
AV 84.0 63.6 6.8 FASTST M M 3 MAX(MPH)
MISC ----> 48 330 66 340
================================================================================
NOTES:
# LAST OF SEVERAL OCCURRENCES
COLUMN 17 PEAK WIND IN M.P.H.
PRELIMINARY LOCAL CLIMATOLOGICAL DATA (WS FORM: F-6) , PAGE 2
STATION: DECATUR IL AIRPORT
MONTH: AUGUST
YEAR: 2022
LATITUDE: 39 49 N
LONGITUDE: 88 51 W
[TEMPERATURE DATA] [PRECIPITATION DATA] SYMBOLS USED IN COLUMN 16
AVERAGE MONTHLY: 73.8 TOTAL FOR MONTH: 11.32 1 = FOG OR MIST
DPTR FM NORMAL: 0.1 DPTR FM NORMAL: 8.29 2 = FOG REDUCING VISIBILITY
HIGHEST: 91 ON 7, 3 GRTST 24HR 3.80 ON 3- 4 TO 1/4 MILE OR LESS
LOWEST: 55 ON 12 3 = THUNDER
SNOW, ICE PELLETS, HAIL 4 = ICE PELLETS
TOTAL MONTH: M 5 = HAIL
GRTST 24HR M ON M 6 = FREEZING RAIN OR DRIZZLE
GRTST DEPTH: M ON M 7 = DUSTSTORM OR SANDSTORM:
VSBY 1/2 MILE OR LESS
8 = SMOKE OR HAZE
[NO. OF DAYS WITH] [WEATHER - DAYS WITH] 9 = BLOWING SNOW
X = TORNADO
MAX 32 OR BELOW: 0 0.01 INCH OR MORE: 14
MAX 90 OR ABOVE: 5 0.10 INCH OR MORE: 8
MIN 32 OR BELOW: 0 0.50 INCH OR MORE: 6
MIN 0 OR BELOW: 0 1.00 INCH OR MORE: 5
[HDD (BASE 65) ]
TOTAL THIS MO. 0 CLEAR (SCALE 0-3) 17
DPTR FM NORMAL -4 PTCLDY (SCALE 4-7) 13
TOTAL FM JUL 1 0 CLOUDY (SCALE 8-10) 1
DPTR FM NORMAL -1
[CDD (BASE 65) ]
TOTAL THIS MO. 268
DPTR FM NORMAL -5 [PRESSURE DATA]
TOTAL FM JAN 1 1082 HIGHEST SLP 30.24 ON 12
DPTR FM NORMAL 124 LOWEST SLP 29.80 ON 28
[REMARKS]
#FINAL-08-22#