059
CXUS56 KOTX 010900
CF6DEW
PRELIMINARY LOCAL CLIMATOLOGICAL DATA (WS FORM: F-6)
STATION: DEER_PARK WA AIRPORT
MONTH: JUNE
YEAR: 2020
LATITUDE: 47 58 N
LONGITUDE: 117 25 W
TEMPERATURE IN F: :PCPN: SNOW: WIND :SUNSHINE: SKY :PK WND
================================================================================
1 2 3 4 5 6A 6B 7 8 9 10 11 12 13 14 15 16 17 18
12Z AVG MX 2MIN
DY MAX MIN AVG DEP HDD CDD WTR SNW DPTH SPD SPD DIR MIN PSBL S-S WX SPD DR
================================================================================
1 70 41 56 0 9 0 0.00 M M 6.5 18 210 M M 1 1 22 220
2 72 36 54 -2 11 0 0.00 M M 6.6 18 210 M M 1 22 210
3 72 37 55 -1 10 0 0.00 M M 4.8 14 230 M M 0 20 240
4 72 44 58 1 7 0 0.00 M M 7.4 21 210 M M 4 28 220
5 65 44 55 -2 10 0 0.07 M M 8.9 17 40 M M 6 23 30
6 65 47 56 -1 9 0 0.08 M M 7.7 16 190 M M 6 1 22 180
7 58 42 50 -7 15 0 0.24 M M 8.1 25 320 M M 7 1 35 310
8 66 35 51 -6 14 0 T M M 9.1 26 220 M M 6 12 36 230
9 54 35 45 -13 20 0 0.14 M M 5.2 15 220 M M 7 1 19 190
10 72 51 62 4 3 0 0.06 M M 3.3 9 210 M M 7 1 12 200
11 81 52 67 9 0 2 0.02 M M 6.5 18 150 M M 1 3 23 150
12 71 54 63 5 2 0 0.00 M M 4.5 14 270 M M 1 20 260
13 61 47 54 -4 11 0 0.39 M M 9.4 20 200 M M 9 13 24 210
14 60 40 50 -8 15 0 0.01 M M 8.9 24 260 M M 8 32 250
15 57 37 47 -12 18 0 0.10 M M 3.0 12 160 M M 7 1 21 250
16 60 41 51 -8 14 0 0.58 M M 4.3 10 210 M M 7 1 14 190
17 73 37 55 -4 10 0 0.01 M M 4.7 18 40 M M 5 123 24 240
18 76 43 60 1 5 0 0.00 M M 3.8 13 250 M M 1 1 18 230
19 82 46 64 4 1 0 0.00 M M 4.8 16 250 M M 0 19 260
20 75 53 64 4 1 0 0.02 M M 5.4 13 160 M M 8 17 120
21 76 51 64 4 1 0 0.00 M M 6.5 17 210 M M 5 22 190
22 80 45 63 3 2 0 0.00 M M 4.8 12 220 M M 0 20 230
23 87 48 68 8 0 3 0.00 M M 4.4 13 250 M M 0 18 190
24 88 55 72 11 0 7 0.05 M M 6.2 20 230 M M 2 38 24 230
25 84 51 68 7 0 3 0.00 M M 3.7 10 230 M M 0 14 230
26 87 51 69 8 0 4 0.00 M M 7.8 21 230 M M 1 27 230
27 77 54 66 5 0 1 0.00 M M 9.7 21 210 M M 2 25 210
28 70 45 58 -4 7 0 0.48 M M 6.2 28 40 M M 3 3 38 50
29 77 42 60 -2 5 0 0.17 M M 5.1 21 190 M M 4 1 23 190
30 70 53 62 0 3 0 0.26 M M 6.6 20 210 M M 9 13 26 200
================================================================================
SM 2158 1357 203 20 2.68 M 183.9 M 118
================================================================================
AV 71.9 45.2 6.1 FASTST M M 4 MAX(MPH)
MISC ----> # 28 40 # 38 50
================================================================================
NOTES:
# LAST OF SEVERAL OCCURRENCES
COLUMN 17 PEAK WIND IN M.P.H.
PRELIMINARY LOCAL CLIMATOLOGICAL DATA (WS FORM: F-6) , PAGE 2
STATION: DEER_PARK WA AIRPORT
MONTH: JUNE
YEAR: 2020
LATITUDE: 47 58 N
LONGITUDE: 117 25 W
[TEMPERATURE DATA] [PRECIPITATION DATA] SYMBOLS USED IN COLUMN 16
AVERAGE MONTHLY: 58.6 TOTAL FOR MONTH: 2.68 1 = FOG OR MIST
DPTR FM NORMAL: -0.3 DPTR FM NORMAL: 0.72 2 = FOG REDUCING VISIBILITY
HIGHEST: 88 ON 24 GRTST 24HR 0.75 ON 31- 1 TO 1/4 MILE OR LESS
LOWEST: 35 ON 9, 8 3 = THUNDER
SNOW, ICE PELLETS, HAIL 4 = ICE PELLETS
TOTAL MONTH: M 5 = HAIL
GRTST 24HR M ON M 6 = FREEZING RAIN OR DRIZZLE
GRTST DEPTH: M ON M 7 = DUSTSTORM OR SANDSTORM:
VSBY 1/2 MILE OR LESS
8 = SMOKE OR HAZE
[NO. OF DAYS WITH] [WEATHER - DAYS WITH] 9 = BLOWING SNOW
X = TORNADO
MAX 32 OR BELOW: 0 0.01 INCH OR MORE: 16
MAX 90 OR ABOVE: 0 0.10 INCH OR MORE: 8
MIN 32 OR BELOW: 0 0.50 INCH OR MORE: 1
MIN 0 OR BELOW: 0 1.00 INCH OR MORE: 0
[HDD (BASE 65) ]
TOTAL THIS MO. 203 CLEAR (SCALE 0-3) 14
DPTR FM NORMAL 3 PTCLDY (SCALE 4-7) 12
TOTAL FM JUL 1 7135 CLOUDY (SCALE 8-10) 4
DPTR FM NORMAL -279
[CDD (BASE 65) ]
TOTAL THIS MO. 20
DPTR FM NORMAL 3 [PRESSURE DATA]
TOTAL FM JAN 1 30 HIGHEST SLP M ON M
DPTR FM NORMAL 10 LOWEST SLP 29.54 ON 5
[REMARKS]
#FINAL-06-20#