000
CXUS56 KOTX 011343
CLMDEW
CLIMATE REPORT
NATIONAL WEATHER SERVICE SPOKANE WA
643 AM PDT MON APR 01 2024
...................................
...THE DEER_PARK WA AIRPORT CLIMATE SUMMARY FOR THE MONTH OF MARCH 2024...
CLIMATE NORMAL PERIOD 1991 TO 2020
CLIMATE RECORD PERIOD 9999 TO 9999
WEATHER OBSERVED NORMAL DEPART LAST YEAR`S
VALUE DATE(S) VALUE FROM VALUE DATE(S)
NORMAL
................................................................
TEMPERATURE (F)
RECORD
HIGH 71 03/16/2024
LOW -12 03/11/2009
HIGHEST 71R 03/16 MM MM 60 03/22
03/17
LOWEST 8 03/05 MM MM 1 03/01
AVG. MAXIMUM 51.6 48.5 3.1 46.2
AVG. MINIMUM 25.7 26.6 -0.9 26.1
MEAN 38.7 37.6 1.1 36.1
DAYS MAX >= 90 0 0.0 0.0 0
DAYS MAX <= 32 0 0.7 -0.7 0
DAYS MIN <= 32 25 24.6 0.4 24
DAYS MIN <= 0 0 0.2 -0.2 0
PRECIPITATION (INCHES)
RECORD
MAXIMUM 5.18 2017
MINIMUM 0.48 2021
TOTALS 1.33 2.27 -0.94 1.07
DAILY AVG. 0.04 0.07 -0.03 0.03
DAYS >= .01 11 13.6 -2.6 8
DAYS >= .10 5 7.2 -2.2 4
DAYS >= .50 0 1.3 -1.3 0
DAYS >= 1.00 0 0.0 0.0 0
GREATEST
24 HR. TOTAL 0.45 03/27 TO 03/27 0.40
DEGREE DAYS
HEATING TOTAL 807 851 -44 837
SINCE 7/1 5530 6098 -568 MM
COOLING TOTAL 0 0 0 0
SINCE 1/1 0 0 0 MM
................................................................
WIND (MPH)
AVERAGE WIND SPEED 5.0
HIGHEST WIND SPEED/DIRECTION 31/180 DATE 03/10
HIGHEST GUST SPEED/DIRECTION 49/200 DATE 03/10
SKY COVER
POSSIBLE SUNSHINE (PERCENT) MM
AVERAGE SKY COVER 0.41
NUMBER OF DAYS FAIR 13
NUMBER OF DAYS PC 12
NUMBER OF DAYS CLOUDY 6
AVERAGE RH (PERCENT) 68
WEATHER CONDITIONS. NUMBER OF DAYS WITH
THUNDERSTORM 0 MIXED PRECIP 0
HEAVY RAIN 1 RAIN 3
LIGHT RAIN 9 FREEZING RAIN 0
LT FREEZING RAIN 0 HAIL 0
HEAVY SNOW 0 SNOW 2
LIGHT SNOW 8 SLEET 0
FOG 16 FOG W/VIS <= 1/4 MILE 3
HAZE 3
- INDICATES NEGATIVE NUMBERS.
R INDICATES RECORD WAS SET OR TIED.
MM INDICATES DATA IS MISSING.
T INDICATES TRACE AMOUNT.
$$