000
CXUS53 KBIS 010830
CF6DIK
PRELIMINARY LOCAL CLIMATOLOGICAL DATA (WS FORM: F-6)
STATION: DICKINSON ND
MONTH: OCTOBER
YEAR: 2022
LATITUDE: 46 47 N
LONGITUDE: 102 48 W
TEMPERATURE IN F: :PCPN: SNOW: WIND :SUNSHINE: SKY :PK WND
================================================================================
1 2 3 4 5 6A 6B 7 8 9 10 11 12 13 14 15 16 17 18
12Z AVG MX 2MIN
DY MAX MIN AVG DEP HDD CDD WTR SNW DPTH SPD SPD DIR MIN PSBL S-S WX SPD DR
================================================================================
1 62 50 56 4 9 0 T M M 12.8 22 60 M M 4 1 29 50
2 73 48 61 10 4 0 0.09 M M 7.4 23 230 M M 6 123 29 230
3 66 46 56 6 9 0 T M M 6.9 15 300 M M 8 1 18 300
4 70 46 58 8 7 0 0.00 M M 5.2 12 300 M M 5 12 18 330
5 76 42 59 9 6 0 0.00 M M 11.9 23 40 M M 1 30 30
6 46 24 35 -14 30 0 0.00 M M 9.4 18 30 M M 5 23 40
7 57 22 40 -8 25 0 0.00 M M 7.3 15 220 M M 0 24 250
8 70 34 52 4 13 0 0.00 M M 10.9 22 300 M M 0 28 280
9 72 41 57 10 8 0 0.00 M M 7.2 12 150 M M 0 15 150
10 72 39 56 9 9 0 0.00 M M 7.5 16 250 M M 0 22 260
11 58 41 50 4 15 0 0.00 M M 17.6 38 300 M M 3 8 48 300
12 56 38 47 1 18 0 T M M 27.3 47 300 M M 4 8 68 290
13 55 34 45 0 20 0 0.00 M M 23.3 43 310 M M 0 8 57 310
14 56 38 47 2 18 0 T M M 13.0 23 320 M M 4 29 330
15 54 29 42 -2 23 0 T M M 15.9 29 310 M M 8 39 310
16 44 21 33 -11 32 0 0.00 M M 7.6 16 340 M M 3 22 340
17 52 28 40 -3 25 0 0.00 M M 9.0 15 140 M M 7 23 130
18 61 25 43 0 22 0 0.00 M M 11.5 16 160 M M 0 21 170
19 72 35 54 12 11 0 0.00 M M 10.8 21 330 M M 0 28 330
20 76 40 58 16 7 0 0.00 M M 13.6 26 280 M M 0 34 290
21 63 35 49 8 16 0 T M M 7.8 18 180 M M 8 25 340
22 48 41 45 4 20 0 T M M 11.3 17 60 M M 7 1 24 50
23 49 34 42 2 23 0 0.03 M M 16.4 31 310 M M 10 18 40 310
24 34 25 30 -10 35 0 0.08 M M 22.0 36 290 M M 8 12 49 290
25 47 29 38 -1 27 0 0.00 M M 13.0 23 280 M M 1 29 290
26 56 29 43 4 22 0 0.00 M M 6.5 12 210 M M 0 15 210
27 55 26 41 3 24 0 0.00 M M 11.2 24 240 M M 0 31 240
28 63 33 48 10 17 0 0.00 M M 10.4 22 250 M M 0 27 240
29 63 32 48 11 17 0 0.00 M M 10.4 22 300 M M 0 28 300
30 64 29 47 10 18 0 0.00 M M 9.8 28 260 M M 0 36 250
31 66 35 51 15 14 0 0.00 M M 9.4 21 250 M M 0 26 230
================================================================================
SM 1856 1069 544 0 0.20 M 364.3 M 92
================================================================================
AV 59.9 34.5 11.8 FASTST M M 3 MAX(MPH)
MISC ----> 47 300 68 290
================================================================================
NOTES:
# LAST OF SEVERAL OCCURRENCES
COLUMN 17 PEAK WIND IN M.P.H.
PRELIMINARY LOCAL CLIMATOLOGICAL DATA (WS FORM: F-6) , PAGE 2
STATION: DICKINSON ND
MONTH: OCTOBER
YEAR: 2022
LATITUDE: 46 47 N
LONGITUDE: 102 48 W
[TEMPERATURE DATA] [PRECIPITATION DATA] SYMBOLS USED IN COLUMN 16
AVERAGE MONTHLY: 47.2 TOTAL FOR MONTH: 0.20 1 = FOG OR MIST
DPTR FM NORMAL: 3.4 DPTR FM NORMAL: -0.97 2 = FOG REDUCING VISIBILITY
HIGHEST: 76 ON 20, 5 GRTST 24HR 0.11 ON 23-24 TO 1/4 MILE OR LESS
LOWEST: 21 ON 16 3 = THUNDER
SNOW, ICE PELLETS, HAIL 4 = ICE PELLETS
TOTAL MONTH: M 5 = HAIL
GRTST 24HR M ON M 6 = FREEZING RAIN OR DRIZZLE
GRTST DEPTH: M ON M 7 = DUSTSTORM OR SANDSTORM:
VSBY 1/2 MILE OR LESS
8 = SMOKE OR HAZE
[NO. OF DAYS WITH] [WEATHER - DAYS WITH] 9 = BLOWING SNOW
X = TORNADO
MAX 32 OR BELOW: 0 0.01 INCH OR MORE: 3
MAX 90 OR ABOVE: 0 0.10 INCH OR MORE: 0
MIN 32 OR BELOW: 12 0.50 INCH OR MORE: 0
MIN 0 OR BELOW: 0 1.00 INCH OR MORE: 0
[HDD (BASE 65) ]
TOTAL THIS MO. 544 CLEAR (SCALE 0-3) 17
DPTR FM NORMAL -115 PTCLDY (SCALE 4-7) 13
TOTAL FM JUL 1 704 CLOUDY (SCALE 8-10) 1
DPTR FM NORMAL -265
[CDD (BASE 65) ]
TOTAL THIS MO. 0
DPTR FM NORMAL -2 [PRESSURE DATA]
TOTAL FM JAN 1 557 HIGHEST SLP M ON M
DPTR FM NORMAL 139 LOWEST SLP 29.33 ON 23
[REMARKS]
#FINAL-10-22#