000
CXUS54 KEPZ 011030
CF6DMN
PRELIMINARY LOCAL CLIMATOLOGICAL DATA (WS FORM: F-6)
STATION: DEMING
MONTH: MARCH
YEAR: 2024
LATITUDE: 32 15 N
LONGITUDE: 107 42 W
TEMPERATURE IN F: :PCPN: SNOW: WIND :SUNSHINE: SKY :PK WND
================================================================================
1 2 3 4 5 6A 6B 7 8 9 10 11 12 13 14 15 16 17 18
12Z AVG MX 2MIN
DY MAX MIN AVG DEP HDD CDD WTR SNW DPTH SPD SPD DIR MIN PSBL S-S WX SPD DR
================================================================================
1 68 38 53 4 12 0 0.00 M M 10.0 22 250 M M 0 37 240
2 71 38 55 5 10 0 0.00 M M 10.7 24 270 M M 0 33 270
3 69 40 55 5 10 0 0.00 M M 12.7 28 270 M M 0 36 260
4 67 42 55 5 10 0 0.00 M M 12.3 29 270 M M 0 41 270
5 68 39 54 4 11 0 0.00 M M 10.7 21 270 M M 0 30 280
6 68 40 54 3 11 0 0.00 M M 8.4 26 250 M M 2 38 250
7 66 38 52 1 13 0 0.00 M M 12.7 32 280 M M 2 8 46 290
8 59 36 48 -3 17 0 T M M 9.6 22 270 M M 2 30 360
9 58 36 47 -4 18 0 0.00 M M 8.4 16 100 M M 3 24 80
10 64 32 48 -4 17 0 0.00 M M 5.7 14 90 M M 0 22 70
11 72 33 53 1 12 0 0.00 M M 5.7 15 230 M M 0 22 230
12 73 39 56 4 9 0 0.00 M M 10.3 24 260 M M 0 35 270
13 71 39 55 3 10 0 0.00 M M 13.5 31 270 M M 0 46 260
14 69 39 54 1 11 0 0.00 M M 7.1 18 100 M M 3 25 120
15 68 45 57 4 8 0 0.00 M M 18.9 31 100 M M 4 8 44 100
16 66 41 54 1 11 0 0.00 M M 10.1 17 200 M M 5 29 140
17 66 34 50 -4 15 0 0.00 M M 8.5 33 40 M M 3 8 44 40
18 60 46 53 -1 12 0 0.01 M M 17.6 28 90 M M 8 35 30
19 68 45 57 3 8 0 0.00 M M 7.2 14 100 M M 5 20 90
20 68 38 53 -1 12 0 0.00 M M 8.0 22 270 M M 2 29 260
21 73 40 57 3 8 0 0.00 M M 11.9 24 300 M M 1 37 240
22 75 43 59 4 6 0 0.00 M M 5.3 13 190 M M 0 20 260
23 76 48 62 7 3 0 0.00 M M 9.1 25 240 M M 0 35 250
24 60 40 50 -5 15 0 T M M 19.4 38 270 M M 4 8 52 260
25 56 36 46 -10 19 0 T M M 17.3 33 270 M M 3 46 270
26 56 32 44 -12 21 0 0.00 M M 13.8 32 280 M M 2 43 280
27 65 34 50 -6 15 0 0.00 M M 10.8 24 290 M M 0 31 290
28 75 31 53 -3 12 0 0.00 M M 4.7 15 220 M M 0 22 180
29 79 43 61 5 4 0 0.00 M M 13.3 31 260 M M 0 40 250
30 75 44 60 3 5 0 0.00 M M 8.8 22 220 M M 0 34 190
31 72 46 59 2 6 0 0.00 M M 12.5 35 250 M M 0 8 45 260
================================================================================
SM 2101 1215 351 0 0.01 M 335.0 M 49
================================================================================
AV 67.8 39.2 10.8 FASTST M M 2 MAX(MPH)
MISC ----> 38 270 52 260
================================================================================
NOTES:
# LAST OF SEVERAL OCCURRENCES
COLUMN 17 PEAK WIND IN M.P.H.
PRELIMINARY LOCAL CLIMATOLOGICAL DATA (WS FORM: F-6) , PAGE 2
STATION: DEMING
MONTH: MARCH
YEAR: 2024
LATITUDE: 32 15 N
LONGITUDE: 107 42 W
[TEMPERATURE DATA] [PRECIPITATION DATA] SYMBOLS USED IN COLUMN 16
AVERAGE MONTHLY: 53.5 TOTAL FOR MONTH: 0.01 1 = FOG OR MIST
DPTR FM NORMAL: 0.3 DPTR FM NORMAL: -0.29 2 = FOG REDUCING VISIBILITY
HIGHEST: 79 ON 29 GRTST 24HR 0.01 ON 18-18 TO 1/4 MILE OR LESS
LOWEST: 31 ON 28 3 = THUNDER
SNOW, ICE PELLETS, HAIL 4 = ICE PELLETS
TOTAL MONTH: M 5 = HAIL
GRTST 24HR M ON M 6 = FREEZING RAIN OR DRIZZLE
GRTST DEPTH: M ON M 7 = DUSTSTORM OR SANDSTORM:
VSBY 1/2 MILE OR LESS
8 = SMOKE OR HAZE
[NO. OF DAYS WITH] [WEATHER - DAYS WITH] 9 = BLOWING SNOW
X = TORNADO
MAX 32 OR BELOW: 0 0.01 INCH OR MORE: 1
MAX 90 OR ABOVE: 0 0.10 INCH OR MORE: 0
MIN 32 OR BELOW: 3 0.50 INCH OR MORE: 0
MIN 0 OR BELOW: 0 1.00 INCH OR MORE: 0
[HDD (BASE 65) ]
TOTAL THIS MO. 351 CLEAR (SCALE 0-3) 26
DPTR FM NORMAL -16 PTCLDY (SCALE 4-7) 5
TOTAL FM JUL 1 2521 CLOUDY (SCALE 8-10) 0
DPTR FM NORMAL -332
[CDD (BASE 65) ]
TOTAL THIS MO. 0
DPTR FM NORMAL -1 [PRESSURE DATA]
TOTAL FM JAN 1 0 HIGHEST SLP 30.19 ON 9
DPTR FM NORMAL -1 LOWEST SLP 29.42 ON 24
[REMARKS]
#FINAL-03-24#