000
CXUS54 KEPZ 011333
CF6DMN
PRELIMINARY LOCAL CLIMATOLOGICAL DATA (WS FORM: F-6)
STATION: DEMING
MONTH: FEBRUARY
YEAR: 2022
LATITUDE: 32 15 N
LONGITUDE: 107 42 W
TEMPERATURE IN F: :PCPN: SNOW: WIND :SUNSHINE: SKY :PK WND
================================================================================
1 2 3 4 5 6A 6B 7 8 9 10 11 12 13 14 15 16 17 18
12Z AVG MX 2MIN
DY MAX MIN AVG DEP HDD CDD WTR SNW DPTH SPD SPD DIR MIN PSBL S-S WX SPD DR
================================================================================
1 62 31 47 3 18 0 0.00 M M 9.1 21 250 M M 1 29 280
2 57 30 44 0 21 0 0.01 M M 10.7 26 300 M M 8 18 34 250
3 38 19 29 -15 36 0 0.00 M M 13.8 24 60 M M 2 31 40
4 43 9 26 -19 39 0 0.00 M M 7.7 18 90 M M 0 26 50
5 47 13 30 -15 35 0 0.00 M M 4.7 12 80 M M 0 15 90
6 56 13 35 -10 30 0 0.00 M M 11.2 25 30 M M 1 34 30
7 53 27 40 -5 25 0 0.00 M M 7.7 22 30 M M 0 28 30
8 60 15 38 -7 27 0 0.00 M M 2.6 9 340 M M 0 8 11 130
9 64 27 46 1 19 0 0.00 M M 6.6 16 60 M M 0 20 60
10 65 24 45 -1 20 0 0.00 M M 7.2 24 50 M M 0 33 50
11 70 30 50 4 15 0 0.00 M M 5.7 13 250 M M 0 17 220
12 57 33 45 -1 20 0 0.00 M M 9.4 21 80 M M 0 32 80
13 64 24 44 -2 21 0 0.00 M M 3.9 10 180 M M 0 14 190
14 69 24 47 1 18 0 0.00 M M 4.6 14 210 M M 0 19 200
15 74 23 49 3 16 0 0.00 M M 10.6 32 230 M M 0 8 49 240
16 65 32 49 2 16 0 T M M 13.8 39 270 M M 2 8 54 270
17 54 30 42 -5 23 0 0.00 M M 10.6 21 290 M M 1 32 290
18 59 21 40 -7 25 0 0.00 M M 3.7 9 130 M M 0 15 70
19 64 24 44 -3 21 0 0.00 M M 5.7 15 80 M M 0 20 110
20 72 26 49 2 16 0 0.00 M M 7.8 24 260 M M 0 34 230
21 64 36 50 2 15 0 0.00 M M 13.8 36 250 M M 1 8 52 240
22 68 33 51 3 14 0 0.00 M M 13.4 30 240 M M 0 8 46 240
23 70 26 48 0 17 0 0.00 M M 15.2 41 220 M M 2 8 62 240
24 52 24 38 -10 27 0 0.00 M M 11.0 29 290 M M 4 8 38 300
25 63 23 43 -5 22 0 0.00 M M 4.8 15 60 M M 0 20 70
26 66 24 45 -4 20 0 0.00 M M 7.8 22 290 M M 0 29 260
27 63 24 44 -5 21 0 0.00 M M 9.8 24 70 M M 0 8 31 60
28 65 35 50 1 15 0 0.00 M M 8.4 18 50 M M 0 24 70
================================================================================
SM 1704 700 612 0 0.01 M 241.3 M 22
================================================================================
AV 60.9 25.0 8.6 FASTST M M 1 MAX(MPH)
MISC ----> 41 220 62 240
================================================================================
NOTES:
# LAST OF SEVERAL OCCURRENCES
COLUMN 17 PEAK WIND IN M.P.H.
PRELIMINARY LOCAL CLIMATOLOGICAL DATA (WS FORM: F-6) , PAGE 2
STATION: DEMING
MONTH: FEBRUARY
YEAR: 2022
LATITUDE: 32 15 N
LONGITUDE: 107 42 W
[TEMPERATURE DATA] [PRECIPITATION DATA] SYMBOLS USED IN COLUMN 16
AVERAGE MONTHLY: 42.9 TOTAL FOR MONTH: 0.01 1 = FOG OR MIST
DPTR FM NORMAL: -3.5 DPTR FM NORMAL: -0.61 2 = FOG REDUCING VISIBILITY
HIGHEST: 74 ON 15 GRTST 24HR 0.01 ON 2- 2 TO 1/4 MILE OR LESS
LOWEST: 9 ON 4 3 = THUNDER
SNOW, ICE PELLETS, HAIL 4 = ICE PELLETS
TOTAL MONTH: M 5 = HAIL
GRTST 24HR M ON M 6 = FREEZING RAIN OR DRIZZLE
GRTST DEPTH: M ON M 7 = DUSTSTORM OR SANDSTORM:
VSBY 1/2 MILE OR LESS
8 = SMOKE OR HAZE
[NO. OF DAYS WITH] [WEATHER - DAYS WITH] 9 = BLOWING SNOW
X = TORNADO
MAX 32 OR BELOW: 0 0.01 INCH OR MORE: 1
MAX 90 OR ABOVE: 0 0.10 INCH OR MORE: 0
MIN 32 OR BELOW: 24 0.50 INCH OR MORE: 0
MIN 0 OR BELOW: 0 1.00 INCH OR MORE: 0
[HDD (BASE 65) ]
TOTAL THIS MO. 612 CLEAR (SCALE 0-3) 26
DPTR FM NORMAL 93 PTCLDY (SCALE 4-7) 2
TOTAL FM JUL 1 2290 CLOUDY (SCALE 8-10) 0
DPTR FM NORMAL -196
[CDD (BASE 65) ]
TOTAL THIS MO. 0
DPTR FM NORMAL 0 [PRESSURE DATA]
TOTAL FM JAN 1 0 HIGHEST SLP 30.60 ON 4
DPTR FM NORMAL 0 LOWEST SLP 29.59 ON 16
[REMARKS]
#FINAL-02-22#